{"id":5547,"date":"2024-05-22T14:03:26","date_gmt":"2024-05-22T14:03:26","guid":{"rendered":"https:\/\/23b13e8ab3.nxcli.io\/poland\/?post_type=product&#038;p=5547"},"modified":"2024-08-22T05:17:25","modified_gmt":"2024-08-22T05:17:25","slug":"energizer-pro-series-inspection-light","status":"publish","type":"product","link":"https:\/\/energizer.com\/eu\/poland\/product\/energizer-pro-series-inspection-light\/","title":{"rendered":"Energizer Pro Series Inspection Light"},"content":{"rendered":"<ul>\n<li>Lampa inspekcyjna Energizer Pro Series z etui do przechowywania<\/li>\n<li>Technologia LED: Ta latarka r\u0119czna LED o mocy 350 lumen\u00f3w ma wysoki wsp\u00f3\u0142czynnik CRI, co zapewnia jasno\u015b\u0107 kolor\u00f3w w wysokiej rozdzielczo\u015bci \u2013 idealna do ka\u017cdego projektu<\/li>\n<li>Moc hybrydowa: Lekka i \u0142atwa w obs\u0142udze latarka inspekcyjna dzia\u0142a zar\u00f3wno na akumulatorach, jak i na 2 bateriach AAA<\/li>\n<li>3 tryby \u015bwiat\u0142a: Wybierz spo\u015br\u00f3d jasnego, \u015bredniego i niskiego \u015bwiat\u0142a<\/li>\n<li>Godziny dzia\u0142ania: \u202fTa niezawodna latarka Energizer mo\u017ce \u015bwieci\u0107 do 12 godzin w trybie niskim* *Z akumulatorkiem litowo-jonowym<\/li>\n<li>Wszechstronny klips: Czy to szlufka na pasku, czy klemka, z \u0142atwo\u015bci\u0105 przymocuj latark\u0119 do r\u00f3\u017cnych powierzchni<\/li>\n<li>Inteligentny projekt: Do latarka do\u0142\u0105czony jest pokrowiec do przechowywania latarki, baterii i kabla \u0142aduj\u0105cego<\/li>\n<\/ul>\n","protected":false},"excerpt":{"rendered":"<p>O\u015bwietl swoje otoczenie bez wysi\u0142ku dzi\u0119ki wydajnej, jasnej latarce. Lampa inspekcyjna Energizer Pro Series zapewnia \u015bwiat\u0142o do 12 godzin w trybie niskim* \u2013 idealne rozwi\u0105zanie niezale\u017cnie od tego, czy jest to projekt profesjonalny, czy majsterkowanie, wyruszasz na przygod\u0119 lub przygotowujesz si\u0119 na awarie w domu. Twoja latarka r\u0119czna Energizer mo\u017ce rozja\u015bni\u0107 najciemniejsze przestrzenie, wykorzystuj\u0105c wydajn\u0105 technologi\u0119 LED i wysoki wsp\u00f3\u0142czynnik CRI, zapewniaj\u0105cy wyrazisto\u015b\u0107 kolor\u00f3w w wysokiej rozdzielczo\u015bci. Wybierz idealny tryb o\u015bwietlenia dla swojej aktywno\u015bci \u2013 mo\u017cesz wybra\u0107 spo\u015br\u00f3d trybu wysokiego, \u015bredniego i niskiego. Ta latarka zasilana dwoma bateriami AAA lub akumulatorem ma antypo\u015blizgowy korpus, dzi\u0119ki czemu jest bardzo \u0142atwa w trzymaniu i u\u017cytkowaniu.<\/p>\n","protected":false},"featured_media":0,"template":"","meta":{"_acf_changed":false},"product_brand":[],"product_cat":[97],"product_tag":[],"class_list":{"0":"post-5547","1":"product","2":"type-product","3":"status-publish","5":"product_cat-handheld","7":"first","8":"instock","9":"shipping-taxable","10":"product-type-simple"},"acf":[],"_links":{"self":[{"href":"https:\/\/energizer.com\/eu\/poland\/wp-json\/wp\/v2\/product\/5547","targetHints":{"allow":["GET"]}}],"collection":[{"href":"https:\/\/energizer.com\/eu\/poland\/wp-json\/wp\/v2\/product"}],"about":[{"href":"https:\/\/energizer.com\/eu\/poland\/wp-json\/wp\/v2\/types\/product"}],"version-history":[{"count":5,"href":"https:\/\/energizer.com\/eu\/poland\/wp-json\/wp\/v2\/product\/5547\/revisions"}],"predecessor-version":[{"id":9867,"href":"https:\/\/energizer.com\/eu\/poland\/wp-json\/wp\/v2\/product\/5547\/revisions\/9867"}],"wp:attachment":[{"href":"https:\/\/energizer.com\/eu\/poland\/wp-json\/wp\/v2\/media?parent=5547"}],"wp:term":[{"taxonomy":"product_brand","embeddable":true,"href":"https:\/\/energizer.com\/eu\/poland\/wp-json\/wp\/v2\/product_brand?post=5547"},{"taxonomy":"product_cat","embeddable":true,"href":"https:\/\/energizer.com\/eu\/poland\/wp-json\/wp\/v2\/product_cat?post=5547"},{"taxonomy":"product_tag","embeddable":true,"href":"https:\/\/energizer.com\/eu\/poland\/wp-json\/wp\/v2\/product_tag?post=5547"}],"curies":[{"name":"wp","href":"https:\/\/api.w.org\/{rel}","templated":true}]}}