{"id":5560,"date":"2024-05-22T14:21:20","date_gmt":"2024-05-22T14:21:20","guid":{"rendered":"https:\/\/23b13e8ab3.nxcli.io\/poland\/?post_type=product&#038;p=5560"},"modified":"2024-08-22T05:17:02","modified_gmt":"2024-08-22T05:17:02","slug":"energizer-power-indicator-light","status":"publish","type":"product","link":"https:\/\/energizer.com\/eu\/poland\/product\/energizer-power-indicator-light\/","title":{"rendered":"Energizer Power Indicator Light"},"content":{"rendered":"<ul>\n<li>Lampka kontrolna zasilania Energizer z cyfrowym wy\u015bwietlaczem wska\u017anika mocy<\/li>\n<li>Pot\u0119\u017cne \u015bwiat\u0142o: To \u015bwiat\u0142o LED o mocy 1000 lumen\u00f3w jest do 12 razy ja\u015bniejsze ni\u017c standardowa technologia o\u015bwietlenia LED<\/li>\n<li>Cyfrowy wska\u017anik zasilania: Sprawd\u017a, ile czasu pracy pozosta\u0142o, dzi\u0119ki \u0142atwemu w obs\u0142udze cyfrowemu wy\u015bwietlaczowi wska\u017anika mocy i dostosuj jasno\u015b\u0107, aby zmaksymalizowa\u0107 czas pracy<\/li>\n<li>4 tryby: Wybierz wysoki stroboskop, \u015bredni stroboskop, niski stroboskop i stroboskop awaryjny<\/li>\n<li>Trwa\u0142a konstrukcja: Wodoodporna konstrukcja z aluminium klasy lotniczej IPX4 z niet\u0142uk\u0105c\u0105 soczewk\u0105<\/li>\n<li>D\u0142ugotrwa\u0142a moc: Ta mocna latarka jest zasilana bateri\u0105 litowo-jonow\u0105 i oferuje imponuj\u0105cy czas pracy do 30 godzin w trybie niskim<\/li>\n<li>Inteligentny projekt: Latarka akumulatorowa z zdejmowanym klipsem dzia\u0142a w obu po\u0142o\u017ceniach, zapewniaj\u0105c wszechstronno\u015b\u0107 i przydatno\u015b\u0107 na kempingu,<\/li>\n<li>Zr\u00f3b to sam lub na wypadek przerw w dostawie pr\u0105du w domu<\/li>\n<\/ul>\n","protected":false},"excerpt":{"rendered":"<p>O\u015bwietl swoje otoczenie bez wysi\u0142ku dzi\u0119ki tej wydajnej latarce ze wska\u017anikiem zasilania Energizer. \u0141atwy w obs\u0142udze cyfrowy wy\u015bwietlacz wska\u017anika zasilania zapewnia wygod\u0119, pewno\u015b\u0107 i elastyczno\u015b\u0107, poniewa\u017c wiesz, ile jeszcze czasu pracy pozosta\u0142o, i mo\u017cesz dostosowa\u0107 jasno\u015b\u0107, aby zmaksymalizowa\u0107 czas pracy. Mocna latarka zapewnia \u015bwiat\u0142o do 30 godzin w trybie niskim \u2013 niezale\u017cnie od tego, czy wybierasz si\u0119 na przygod\u0119, czy przygotowujesz si\u0119 na awarie w domu. Idealna na kempingu, podczas majsterkowania lub w przypadku przerw w dostawie pr\u0105du w domu, latarka akumulatorowa Energizer pomo\u017ce ci odnale\u017a\u0107 drog\u0119 w ciemno\u015bci.<\/p>\n","protected":false},"featured_media":0,"template":"","meta":{"_acf_changed":false},"product_brand":[],"product_cat":[97],"product_tag":[],"class_list":{"0":"post-5560","1":"product","2":"type-product","3":"status-publish","5":"product_cat-handheld","7":"first","8":"instock","9":"shipping-taxable","10":"product-type-simple"},"acf":[],"_links":{"self":[{"href":"https:\/\/energizer.com\/eu\/poland\/wp-json\/wp\/v2\/product\/5560","targetHints":{"allow":["GET"]}}],"collection":[{"href":"https:\/\/energizer.com\/eu\/poland\/wp-json\/wp\/v2\/product"}],"about":[{"href":"https:\/\/energizer.com\/eu\/poland\/wp-json\/wp\/v2\/types\/product"}],"version-history":[{"count":5,"href":"https:\/\/energizer.com\/eu\/poland\/wp-json\/wp\/v2\/product\/5560\/revisions"}],"predecessor-version":[{"id":9872,"href":"https:\/\/energizer.com\/eu\/poland\/wp-json\/wp\/v2\/product\/5560\/revisions\/9872"}],"wp:attachment":[{"href":"https:\/\/energizer.com\/eu\/poland\/wp-json\/wp\/v2\/media?parent=5560"}],"wp:term":[{"taxonomy":"product_brand","embeddable":true,"href":"https:\/\/energizer.com\/eu\/poland\/wp-json\/wp\/v2\/product_brand?post=5560"},{"taxonomy":"product_cat","embeddable":true,"href":"https:\/\/energizer.com\/eu\/poland\/wp-json\/wp\/v2\/product_cat?post=5560"},{"taxonomy":"product_tag","embeddable":true,"href":"https:\/\/energizer.com\/eu\/poland\/wp-json\/wp\/v2\/product_tag?post=5560"}],"curies":[{"name":"wp","href":"https:\/\/api.w.org\/{rel}","templated":true}]}}