{"id":5572,"date":"2024-05-22T14:36:41","date_gmt":"2024-05-22T14:36:41","guid":{"rendered":"https:\/\/23b13e8ab3.nxcli.io\/poland\/?post_type=product&#038;p=5572"},"modified":"2024-08-22T05:16:28","modified_gmt":"2024-08-22T05:16:28","slug":"energizer-hard-case-professional-rechargeable-spotlight","status":"publish","type":"product","link":"https:\/\/energizer.com\/eu\/poland\/product\/energizer-hard-case-professional-rechargeable-spotlight\/","title":{"rendered":"Energizer Hard Case Professional Rechargeable Spotlight"},"content":{"rendered":"<ul>\n<li>Profesjonalny, akumulatorowy reflektor Energizer w twardym etui<\/li>\n<li>Reflektor LED wykonany z wytrzyma\u0142ej stali i gumy zosta\u0142 zaprojektowany tak, aby sprosta\u0107 najbardziej wymagaj\u0105cym zadaniom i wytrzyma\u0107 nawet po wielokrotnym upadku podczas u\u017cytku<\/li>\n<li>U\u017cyj tej latarki \u0142adowanej przez USB jako lampy roboczej LED, \u015bwiat\u0142a awaryjnego i reflektora do u\u017cytku na zewn\u0105trz<\/li>\n<li>Jasna i mocna latarka akumulatorowa LED o mocy 1000 lumen\u00f3w mo\u017ce o\u015bwietla\u0107 odleg\u0142o\u015b\u0107 czterech boisk stadionowych<\/li>\n<li>Zapewnia do 6 godzin pracy w trybie niskim z dwoma dost\u0119pnymi trybami \u2013 wysokim i niskim<\/li>\n<li>Wodoodporna czarna latarka IPX4 ma soczewk\u0119 odporn\u0105 na st\u0142uczenia i jest odporna na uderzenia do 7 metr\u00f3w<\/li>\n<\/ul>\n","protected":false},"excerpt":{"rendered":"<p>Profesjonalny, akumulatorowy reflektor punktowy Energizer Hard Case zapewnia mocne o\u015bwietlenie w przypadku powa\u017cnych projekt\u00f3w. Ten reflektor LED, wykonany z wytrzyma\u0142ej stali i gumy, zosta\u0142 zaprojektowany tak, aby sprosta\u0107 najbardziej wymagaj\u0105cym zadaniom i wytrzyma\u0107 upadek po upadku podczas u\u017cytkowania. Ta trwa\u0142a latarka z mo\u017cliwo\u015bci\u0105 \u0142adowania stanowi idealne \u015bwiat\u0142o robocze LED, \u015bwiat\u0142o awaryjne i reflektor zewn\u0119trzny. Dzi\u0119ki mocy 1000 lumen\u00f3w ten mocny, r\u0119czny reflektor mo\u017ce o\u015bwietla\u0107 obszar czterech boisk stadionowych. Tryby wysoki i niski pozwalaj\u0105 zoptymalizowa\u0107 jasno\u015b\u0107 i kontrol\u0119 czasu dzia\u0142ania. Chwy\u0107 uchwyt, aby skierowa\u0107 \u015bwiat\u0142o dok\u0142adnie tam, gdzie chcesz, lub przymocuj smycz do wbudowanego otworu na smycz, aby zawiesi\u0107 reflektor w dogodnym miejscu.<\/p>\n","protected":false},"featured_media":0,"template":"","meta":{"_acf_changed":false},"product_brand":[],"product_cat":[97],"product_tag":[],"class_list":{"0":"post-5572","1":"product","2":"type-product","3":"status-publish","5":"product_cat-handheld","7":"first","8":"instock","9":"shipping-taxable","10":"product-type-simple"},"acf":[],"_links":{"self":[{"href":"https:\/\/energizer.com\/eu\/poland\/wp-json\/wp\/v2\/product\/5572","targetHints":{"allow":["GET"]}}],"collection":[{"href":"https:\/\/energizer.com\/eu\/poland\/wp-json\/wp\/v2\/product"}],"about":[{"href":"https:\/\/energizer.com\/eu\/poland\/wp-json\/wp\/v2\/types\/product"}],"version-history":[{"count":6,"href":"https:\/\/energizer.com\/eu\/poland\/wp-json\/wp\/v2\/product\/5572\/revisions"}],"predecessor-version":[{"id":9877,"href":"https:\/\/energizer.com\/eu\/poland\/wp-json\/wp\/v2\/product\/5572\/revisions\/9877"}],"wp:attachment":[{"href":"https:\/\/energizer.com\/eu\/poland\/wp-json\/wp\/v2\/media?parent=5572"}],"wp:term":[{"taxonomy":"product_brand","embeddable":true,"href":"https:\/\/energizer.com\/eu\/poland\/wp-json\/wp\/v2\/product_brand?post=5572"},{"taxonomy":"product_cat","embeddable":true,"href":"https:\/\/energizer.com\/eu\/poland\/wp-json\/wp\/v2\/product_cat?post=5572"},{"taxonomy":"product_tag","embeddable":true,"href":"https:\/\/energizer.com\/eu\/poland\/wp-json\/wp\/v2\/product_tag?post=5572"}],"curies":[{"name":"wp","href":"https:\/\/api.w.org\/{rel}","templated":true}]}}