{"id":3333,"date":"2024-05-13T07:32:46","date_gmt":"2024-05-13T07:32:46","guid":{"rendered":"http:\/\/64.91.246.76\/~energizer\/?post_type=product&#038;p=3333"},"modified":"2024-08-22T08:07:48","modified_gmt":"2024-08-22T08:07:48","slug":"energizer-max-plus-c","status":"publish","type":"product","link":"https:\/\/energizer.com\/eu\/spain\/product\/energizer-max-plus-c\/","title":{"rendered":"ENERGIZER\u00ae MAX PLUS \u2122 &#8211; C"},"content":{"rendered":"<ul>\n<li>Pilas Alcalinas Energizer Max Plus C<\/li>\n<li>Larga Duraci\u00f3n: Energ\u00eda fiable para que tus dispositivos sigan funcionando<\/li>\n<li>Energ\u00eda Confiable: Pilas alcalinas Energizer para sus art\u00edculos esenciales m\u00e1s demandados, como juguetes, radios port\u00e1tiles, linternas y mucho m\u00e1s<\/li>\n<li>Confiable: Cada pila tiene una vida \u00fatil de hasta 10 a\u00f1os, por lo que siempre estar\u00e1n listas cuando las necesite<\/li>\n<li>Innovaci\u00f3n Energizer: De los creadores de la pila AA m\u00e1s duradera del mundo, Energizer Ultimate Lithium<\/li>\n<li>Embalajes 100% Reciclables: Los Embalajes Energizer son 100% reciclables, apoyan la silvicultura responsable y no contienen pl\u00e1stico, excepto los precintos de algunos embalajes<\/li>\n<\/ul>\n","protected":false},"excerpt":{"rendered":"<p>Saque el m\u00e1ximo partido a sus dispositivos esenciales con la energ\u00eda confiable que espera de Energizer. Abast\u00e9zcase de pilas para c\u00e1maras y juguetes, as\u00ed como de pilas para linternas, radios port\u00e1tiles y mucho m\u00e1s. Este pack tambi\u00e9n es una gran elecci\u00f3n si necesita pilas de larga duraci\u00f3n para controles remotos. Las pilas Energizer C mantienen la energ\u00eda hasta 10 a\u00f1os mientras est\u00e1n guardadas. La gama Energizer Max Plus tambi\u00e9n incluye pilas AA, AAA, D y 9V, por lo que es f\u00e1cil encontrar energ\u00eda confiable en el tama\u00f1o que necesita.<\/p>\n","protected":false},"featured_media":0,"comment_status":"open","ping_status":"closed","template":"","meta":{"_acf_changed":false},"product_brand":[],"product_cat":[87],"product_tag":[],"class_list":{"0":"post-3333","1":"product","2":"type-product","3":"status-publish","5":"product_cat-energizer-max-plus","7":"first","8":"instock","9":"shipping-taxable","10":"product-type-simple"},"acf":[],"_links":{"self":[{"href":"https:\/\/energizer.com\/eu\/spain\/wp-json\/wp\/v2\/product\/3333","targetHints":{"allow":["GET"]}}],"collection":[{"href":"https:\/\/energizer.com\/eu\/spain\/wp-json\/wp\/v2\/product"}],"about":[{"href":"https:\/\/energizer.com\/eu\/spain\/wp-json\/wp\/v2\/types\/product"}],"replies":[{"embeddable":true,"href":"https:\/\/energizer.com\/eu\/spain\/wp-json\/wp\/v2\/comments?post=3333"}],"version-history":[{"count":12,"href":"https:\/\/energizer.com\/eu\/spain\/wp-json\/wp\/v2\/product\/3333\/revisions"}],"predecessor-version":[{"id":9997,"href":"https:\/\/energizer.com\/eu\/spain\/wp-json\/wp\/v2\/product\/3333\/revisions\/9997"}],"wp:attachment":[{"href":"https:\/\/energizer.com\/eu\/spain\/wp-json\/wp\/v2\/media?parent=3333"}],"wp:term":[{"taxonomy":"product_brand","embeddable":true,"href":"https:\/\/energizer.com\/eu\/spain\/wp-json\/wp\/v2\/product_brand?post=3333"},{"taxonomy":"product_cat","embeddable":true,"href":"https:\/\/energizer.com\/eu\/spain\/wp-json\/wp\/v2\/product_cat?post=3333"},{"taxonomy":"product_tag","embeddable":true,"href":"https:\/\/energizer.com\/eu\/spain\/wp-json\/wp\/v2\/product_tag?post=3333"}],"curies":[{"name":"wp","href":"https:\/\/api.w.org\/{rel}","templated":true}]}}