{"id":4601,"date":"2024-05-17T06:46:06","date_gmt":"2024-05-17T06:46:06","guid":{"rendered":"https:\/\/23b13e8ab3.nxcli.io\/spain\/?post_type=product&#038;p=4601"},"modified":"2024-11-26T11:41:17","modified_gmt":"2024-11-26T11:41:17","slug":"energizer-watch-batteries-390-389","status":"publish","type":"product","link":"https:\/\/energizer.com\/eu\/spain\/product\/energizer-watch-batteries-390-389\/","title":{"rendered":"ENERGIZER\u00ae PILAS DE RELOJ \u2013 390\/389"},"content":{"rendered":"<ul>\n<li>\n<div class=\"jsx-3636891234 relative px-2.5 pb-2\">\n<div class=\"jsx-3636891234 comment-privacy-wrapper\">Pila de bot\u00f3n de \u00f3xido de plata Energizer 390\/389 de 1.5 voltios<\/div>\n<\/div>\n<\/li>\n<li>Proporciona energ\u00eda confiable y duradera a sus dispositivos que funcionan con pilas de bot\u00f3n, como dispositivos m\u00e9dicos, calculadoras, juguetes y relojes<\/li>\n<li>Mantiene la energ\u00eda almacenada hasta por 5 a\u00f1os, lo que garantiza que tenga pilas de bot\u00f3n listas cuando las necesite<\/li>\n<li>Tama\u00f1o de pila: 390\/389; Tipo: \u00d3xido de Plata; Voltaje: 1.5<\/li>\n<li>Reemplazo para: S09, 10L122, SR54, SR1130W, G10, SP389, WL-10, RW49, SB-BU, SG10, 603, AG10, L1131, SR1130, 189, S24, 280-24, D389\/390, SR54, SR1130SW, WS-10, RW39, SB-AU, SB-BU, TR1130SW y SR1130<\/li>\n<li>Nuestras pilas de bot\u00f3n de \u00f3xido de plata est\u00e1n dise\u00f1adas de forma responsable sin mercurio<\/li>\n<\/ul>\n","protected":false},"excerpt":{"rendered":"<p>Hay pilas de especialidad normales y luego est\u00e1n las pilas de especialidad Energizer. Obtenga energ\u00eda duradera y confiable que contin\u00fae con esta pila de de bot\u00f3n de \u00f3xido de plata Energizer 390\/389. Proporciona energ\u00eda duradera a sus dispositivos que funcionan con pilas de bot\u00f3n, desde aparatos electr\u00f3nicos dom\u00e9sticos como sistemas de entrada sin llave, hasta libros electr\u00f3nicos, juguetes, calculadoras y relojes, hasta monitores de frecuencia card\u00edaca y glucosa. Y estas pilas de bot\u00f3n sin mercurio pueden conservar energ\u00eda hasta por 5 a\u00f1os almacenadas. Elija Pilas Especializadas Energizer para obtener energ\u00eda duradera con la que puede contar cuando la necesite.<\/p>\n","protected":false},"featured_media":0,"comment_status":"open","ping_status":"closed","template":"","meta":{"_acf_changed":false},"product_brand":[],"product_cat":[58],"product_tag":[],"class_list":{"0":"post-4601","1":"product","2":"type-product","3":"status-publish","5":"product_cat-specialty","7":"first","8":"instock","9":"shipping-taxable","10":"product-type-simple"},"acf":[],"_links":{"self":[{"href":"https:\/\/energizer.com\/eu\/spain\/wp-json\/wp\/v2\/product\/4601","targetHints":{"allow":["GET"]}}],"collection":[{"href":"https:\/\/energizer.com\/eu\/spain\/wp-json\/wp\/v2\/product"}],"about":[{"href":"https:\/\/energizer.com\/eu\/spain\/wp-json\/wp\/v2\/types\/product"}],"replies":[{"embeddable":true,"href":"https:\/\/energizer.com\/eu\/spain\/wp-json\/wp\/v2\/comments?post=4601"}],"version-history":[{"count":12,"href":"https:\/\/energizer.com\/eu\/spain\/wp-json\/wp\/v2\/product\/4601\/revisions"}],"predecessor-version":[{"id":10747,"href":"https:\/\/energizer.com\/eu\/spain\/wp-json\/wp\/v2\/product\/4601\/revisions\/10747"}],"wp:attachment":[{"href":"https:\/\/energizer.com\/eu\/spain\/wp-json\/wp\/v2\/media?parent=4601"}],"wp:term":[{"taxonomy":"product_brand","embeddable":true,"href":"https:\/\/energizer.com\/eu\/spain\/wp-json\/wp\/v2\/product_brand?post=4601"},{"taxonomy":"product_cat","embeddable":true,"href":"https:\/\/energizer.com\/eu\/spain\/wp-json\/wp\/v2\/product_cat?post=4601"},{"taxonomy":"product_tag","embeddable":true,"href":"https:\/\/energizer.com\/eu\/spain\/wp-json\/wp\/v2\/product_tag?post=4601"}],"curies":[{"name":"wp","href":"https:\/\/api.w.org\/{rel}","templated":true}]}}