{"id":4625,"date":"2024-05-17T06:53:42","date_gmt":"2024-05-17T06:53:42","guid":{"rendered":"https:\/\/23b13e8ab3.nxcli.io\/spain\/?post_type=product&#038;p=4625"},"modified":"2024-11-26T10:38:47","modified_gmt":"2024-11-26T10:38:47","slug":"energizer-watch-batteries-346","status":"publish","type":"product","link":"https:\/\/energizer.com\/eu\/spain\/product\/energizer-watch-batteries-346\/","title":{"rendered":"ENERGIZER\u00ae PILAS DE RELOJ \u2013 346"},"content":{"rendered":"<ul>\n<li>Son de alto rendimiento, equivalentes a nuestra gama de pilas que contienen mercurio<\/li>\n<li>Tienen una larga vida \u00fatil, por lo que siempre est\u00e1n listos cuando los necesitas<\/li>\n<li>Han sido probados exhaustivamente, por lo que nunca te sentir\u00e1s decepcionado<\/li>\n<\/ul>\n","protected":false},"excerpt":{"rendered":"<p>En 1957, Energizer\u00ae fabric\u00f3 la primera pila para reloj y la gente dej\u00f3 de darles cuerda a sus relojes. Hoy en d\u00eda, existen m\u00e1s de 46 tipos diferentes de pilas para relojes en el mercado, lo que hace que algo que empez\u00f3 como simple sea mucho m\u00e1s complejo.<br \/>\nTenemos una gama completa de pilas para relojes para todo tipo de relojes que funcionan con pilas. incluido un avance nuevo e incomparable en el dise\u00f1o de pilas para relojes que aporta simplicidad a un mundo complejo: Energizer\u00ae Multi Drain.<\/p>\n<p>Utilizando una innovadora qu\u00edmica de celdas, las pilas de drenaje m\u00faltiple muestran las mejores caracter\u00edsticas de las pilas de alto y bajo consumo. Ahora, solo necesitas una pila independientemente de los requisitos de energ\u00eda. La tecnolog\u00eda de drenaje m\u00faltiple Energizer\u00ae le brindar\u00e1 el mismo excelente rendimiento en todos los dispositivos de bajo y alto consumo, desde un simple reloj anal\u00f3gico hasta los relojes electr\u00f3nicos digitales m\u00e1s complejos.<\/p>\n","protected":false},"featured_media":0,"comment_status":"open","ping_status":"closed","template":"","meta":{"_acf_changed":false},"product_brand":[],"product_cat":[58],"product_tag":[],"class_list":{"0":"post-4625","1":"product","2":"type-product","3":"status-publish","5":"product_cat-specialty","7":"first","8":"instock","9":"shipping-taxable","10":"product-type-simple"},"acf":[],"_links":{"self":[{"href":"https:\/\/energizer.com\/eu\/spain\/wp-json\/wp\/v2\/product\/4625","targetHints":{"allow":["GET"]}}],"collection":[{"href":"https:\/\/energizer.com\/eu\/spain\/wp-json\/wp\/v2\/product"}],"about":[{"href":"https:\/\/energizer.com\/eu\/spain\/wp-json\/wp\/v2\/types\/product"}],"replies":[{"embeddable":true,"href":"https:\/\/energizer.com\/eu\/spain\/wp-json\/wp\/v2\/comments?post=4625"}],"version-history":[{"count":8,"href":"https:\/\/energizer.com\/eu\/spain\/wp-json\/wp\/v2\/product\/4625\/revisions"}],"predecessor-version":[{"id":10723,"href":"https:\/\/energizer.com\/eu\/spain\/wp-json\/wp\/v2\/product\/4625\/revisions\/10723"}],"wp:attachment":[{"href":"https:\/\/energizer.com\/eu\/spain\/wp-json\/wp\/v2\/media?parent=4625"}],"wp:term":[{"taxonomy":"product_brand","embeddable":true,"href":"https:\/\/energizer.com\/eu\/spain\/wp-json\/wp\/v2\/product_brand?post=4625"},{"taxonomy":"product_cat","embeddable":true,"href":"https:\/\/energizer.com\/eu\/spain\/wp-json\/wp\/v2\/product_cat?post=4625"},{"taxonomy":"product_tag","embeddable":true,"href":"https:\/\/energizer.com\/eu\/spain\/wp-json\/wp\/v2\/product_tag?post=4625"}],"curies":[{"name":"wp","href":"https:\/\/api.w.org\/{rel}","templated":true}]}}