{"id":4631,"date":"2024-05-17T06:58:42","date_gmt":"2024-05-17T06:58:42","guid":{"rendered":"https:\/\/23b13e8ab3.nxcli.io\/spain\/?post_type=product&#038;p=4631"},"modified":"2024-11-26T11:24:32","modified_gmt":"2024-11-26T11:24:32","slug":"energizer-watch-batteries-371-370","status":"publish","type":"product","link":"https:\/\/energizer.com\/eu\/spain\/product\/energizer-watch-batteries-371-370\/","title":{"rendered":"ENERGIZER\u00ae PILAS DE RELOJ \u2013 371\/370"},"content":{"rendered":"<ul>\n<li>Energizer 371\/370 pila de bot\u00f3n de \u00f3xido de plata de 1.5 voltios<\/li>\n<li>Proporciona energ\u00eda duradera y confiable a sus dispositivos que funcionan con pilas de bot\u00f3n, como dispositivos m\u00e9dicos, calculadoras, juguetes y relojes<\/li>\n<li>Mantiene la energ\u00eda hasta 5 a\u00f1os en almacenamiento, lo que garantiza que tenga pilas de bot\u00f3n listas cuando las necesite<\/li>\n<li>Tama\u00f1o de la pila: 371\/370; Tipo: \u00f3xido de plata; Voltio: 1.5<\/li>\n<li>Reemplazo para: S21, 280-51, D370\/371, SR69, SR920W, SP370, RW415, SB-BN, SG6, G6, SR921, S18, 280-31, SR920SW, SP371, RW315, SB-AN, TR920SW, SG6, SR920, V371 y V370<\/li>\n<li>Nuestras pilas de bot\u00f3n de \u00f3xido de plata est\u00e1n dise\u00f1adas de forma responsable sin mercurio<\/li>\n<\/ul>\n","protected":false},"excerpt":{"rendered":"<p>Hay pilas especiales comunes, y luego est\u00e1n las pilas especiales Energizer. As\u00ed que obt\u00e9n la energ\u00eda duradera y confiable que se mantiene con esta pila de bot\u00f3n de \u00f3xido de plata Energizer 371\/370. Proporciona energ\u00eda duradera a sus dispositivos alimentados por pilas de bot\u00f3n, desde dispositivos electr\u00f3nicos dom\u00e9sticos como sistemas de entrada sin llave, hasta libros electr\u00f3nicos, juguetes, calculadoras y relojes, hasta monitores de frecuencia card\u00edaca y glucosa. Y estas pilas de bot\u00f3n sin mercurio pueden mantener la energ\u00eda hasta 5 a\u00f1os en almacenamiento. Elija las pilas Especializadas de Energizer para obtener una energ\u00eda duradera con la que puede contar cuando la necesite.<\/p>\n","protected":false},"featured_media":0,"comment_status":"open","ping_status":"closed","template":"","meta":{"_acf_changed":false},"product_brand":[],"product_cat":[58],"product_tag":[],"class_list":{"0":"post-4631","1":"product","2":"type-product","3":"status-publish","5":"product_cat-specialty","7":"first","8":"instock","9":"shipping-taxable","10":"product-type-simple"},"acf":[],"_links":{"self":[{"href":"https:\/\/energizer.com\/eu\/spain\/wp-json\/wp\/v2\/product\/4631","targetHints":{"allow":["GET"]}}],"collection":[{"href":"https:\/\/energizer.com\/eu\/spain\/wp-json\/wp\/v2\/product"}],"about":[{"href":"https:\/\/energizer.com\/eu\/spain\/wp-json\/wp\/v2\/types\/product"}],"replies":[{"embeddable":true,"href":"https:\/\/energizer.com\/eu\/spain\/wp-json\/wp\/v2\/comments?post=4631"}],"version-history":[{"count":14,"href":"https:\/\/energizer.com\/eu\/spain\/wp-json\/wp\/v2\/product\/4631\/revisions"}],"predecessor-version":[{"id":10735,"href":"https:\/\/energizer.com\/eu\/spain\/wp-json\/wp\/v2\/product\/4631\/revisions\/10735"}],"wp:attachment":[{"href":"https:\/\/energizer.com\/eu\/spain\/wp-json\/wp\/v2\/media?parent=4631"}],"wp:term":[{"taxonomy":"product_brand","embeddable":true,"href":"https:\/\/energizer.com\/eu\/spain\/wp-json\/wp\/v2\/product_brand?post=4631"},{"taxonomy":"product_cat","embeddable":true,"href":"https:\/\/energizer.com\/eu\/spain\/wp-json\/wp\/v2\/product_cat?post=4631"},{"taxonomy":"product_tag","embeddable":true,"href":"https:\/\/energizer.com\/eu\/spain\/wp-json\/wp\/v2\/product_tag?post=4631"}],"curies":[{"name":"wp","href":"https:\/\/api.w.org\/{rel}","templated":true}]}}