{"id":5227,"date":"2024-05-21T18:58:25","date_gmt":"2024-05-21T18:58:25","guid":{"rendered":"https:\/\/23b13e8ab3.nxcli.io\/spain\/?post_type=product&#038;p=5227"},"modified":"2024-12-09T04:59:46","modified_gmt":"2024-12-09T04:59:46","slug":"energizer-metal-torch-3aaa","status":"publish","type":"product","link":"https:\/\/energizer.com\/eu\/spain\/product\/energizer-metal-torch-3aaa\/","title":{"rendered":"Energizer Metal Torch 3AAA"},"content":{"rendered":"<ul>\n<li>3 LED blancos<\/li>\n<li>Extremadamente liviano, puedes llevarlo a cualquier parte<\/li>\n<li>Resistente a impactos<\/li>\n<li>Cord\u00f3n incluido: f\u00e1cil de llevar consigo<\/li>\n<li>Funciona con 3 pilas AAA<\/li>\n<\/ul>\n","protected":false},"excerpt":{"rendered":"<p>La linterna de mano de metal Energizer ofrece un equilibrio de luz brillante y un tiempo de ejecuci\u00f3n impresionante, en un tama\u00f1o compacto. La linterna presenta una construcci\u00f3n met\u00e1lica duradera para mayor confiabilidad. El agarre texturizado permite que la linterna se ajuste de forma segura a su mano, mientras que el cord\u00f3n facilita su transporte.<\/p>\n","protected":false},"featured_media":0,"comment_status":"open","ping_status":"closed","template":"","meta":{"_acf_changed":false},"product_brand":[],"product_cat":[97],"product_tag":[],"class_list":{"0":"post-5227","1":"product","2":"type-product","3":"status-publish","5":"product_cat-handheld","7":"first","8":"instock","9":"shipping-taxable","10":"product-type-simple"},"acf":[],"_links":{"self":[{"href":"https:\/\/energizer.com\/eu\/spain\/wp-json\/wp\/v2\/product\/5227","targetHints":{"allow":["GET"]}}],"collection":[{"href":"https:\/\/energizer.com\/eu\/spain\/wp-json\/wp\/v2\/product"}],"about":[{"href":"https:\/\/energizer.com\/eu\/spain\/wp-json\/wp\/v2\/types\/product"}],"replies":[{"embeddable":true,"href":"https:\/\/energizer.com\/eu\/spain\/wp-json\/wp\/v2\/comments?post=5227"}],"version-history":[{"count":7,"href":"https:\/\/energizer.com\/eu\/spain\/wp-json\/wp\/v2\/product\/5227\/revisions"}],"predecessor-version":[{"id":10791,"href":"https:\/\/energizer.com\/eu\/spain\/wp-json\/wp\/v2\/product\/5227\/revisions\/10791"}],"wp:attachment":[{"href":"https:\/\/energizer.com\/eu\/spain\/wp-json\/wp\/v2\/media?parent=5227"}],"wp:term":[{"taxonomy":"product_brand","embeddable":true,"href":"https:\/\/energizer.com\/eu\/spain\/wp-json\/wp\/v2\/product_brand?post=5227"},{"taxonomy":"product_cat","embeddable":true,"href":"https:\/\/energizer.com\/eu\/spain\/wp-json\/wp\/v2\/product_cat?post=5227"},{"taxonomy":"product_tag","embeddable":true,"href":"https:\/\/energizer.com\/eu\/spain\/wp-json\/wp\/v2\/product_tag?post=5227"}],"curies":[{"name":"wp","href":"https:\/\/api.w.org\/{rel}","templated":true}]}}