{"id":5260,"date":"2024-05-22T04:46:52","date_gmt":"2024-05-22T04:46:52","guid":{"rendered":"https:\/\/23b13e8ab3.nxcli.io\/spain\/?post_type=product&#038;p=5260"},"modified":"2024-08-23T09:18:21","modified_gmt":"2024-08-23T09:18:21","slug":"energizer-plastic-penlight","status":"publish","type":"product","link":"https:\/\/energizer.com\/eu\/spain\/product\/energizer-plastic-penlight\/","title":{"rendered":"Energizer Plastic Penlight"},"content":{"rendered":"<ul>\n<li>Tapa trasera de goma y bot\u00f3n de clic suave<\/li>\n<li>Construcci\u00f3n de metal duradero<\/li>\n<li>Clip met\u00e1lico<\/li>\n<\/ul>\n","protected":false},"excerpt":{"rendered":"<p>El Energizer Penlight es compacto y liviano para un uso diario f\u00e1cil y conveniente, cuando se necesita algo de luz adicional. El dise\u00f1o elegante y ergon\u00f3mico hace que sea f\u00e1cil de agarrar y c\u00f3modo de usar. El clip incorporado es una excelente caracter\u00edstica adicional que le permitir\u00e1 llevarlo f\u00e1cilmente sin usar las manos. Esta linterna es perfecta para guardarla en un bolsillo y tenerla a mano para proporcionar luz adicional cuando sea necesario.<\/p>\n","protected":false},"featured_media":0,"comment_status":"open","ping_status":"closed","template":"","meta":{"_acf_changed":false},"product_brand":[],"product_cat":[97],"product_tag":[],"class_list":{"0":"post-5260","1":"product","2":"type-product","3":"status-publish","5":"product_cat-handheld","7":"first","8":"instock","9":"shipping-taxable","10":"product-type-simple"},"acf":[],"_links":{"self":[{"href":"https:\/\/energizer.com\/eu\/spain\/wp-json\/wp\/v2\/product\/5260","targetHints":{"allow":["GET"]}}],"collection":[{"href":"https:\/\/energizer.com\/eu\/spain\/wp-json\/wp\/v2\/product"}],"about":[{"href":"https:\/\/energizer.com\/eu\/spain\/wp-json\/wp\/v2\/types\/product"}],"replies":[{"embeddable":true,"href":"https:\/\/energizer.com\/eu\/spain\/wp-json\/wp\/v2\/comments?post=5260"}],"version-history":[{"count":6,"href":"https:\/\/energizer.com\/eu\/spain\/wp-json\/wp\/v2\/product\/5260\/revisions"}],"predecessor-version":[{"id":9707,"href":"https:\/\/energizer.com\/eu\/spain\/wp-json\/wp\/v2\/product\/5260\/revisions\/9707"}],"wp:attachment":[{"href":"https:\/\/energizer.com\/eu\/spain\/wp-json\/wp\/v2\/media?parent=5260"}],"wp:term":[{"taxonomy":"product_brand","embeddable":true,"href":"https:\/\/energizer.com\/eu\/spain\/wp-json\/wp\/v2\/product_brand?post=5260"},{"taxonomy":"product_cat","embeddable":true,"href":"https:\/\/energizer.com\/eu\/spain\/wp-json\/wp\/v2\/product_cat?post=5260"},{"taxonomy":"product_tag","embeddable":true,"href":"https:\/\/energizer.com\/eu\/spain\/wp-json\/wp\/v2\/product_tag?post=5260"}],"curies":[{"name":"wp","href":"https:\/\/api.w.org\/{rel}","templated":true}]}}