{"id":5361,"date":"2024-05-22T07:37:05","date_gmt":"2024-05-22T07:37:05","guid":{"rendered":"https:\/\/23b13e8ab3.nxcli.io\/spain\/?post_type=product&#038;p=5361"},"modified":"2024-12-09T08:23:09","modified_gmt":"2024-12-09T08:23:09","slug":"energizer-waterproof-handheld-led-torch","status":"publish","type":"product","link":"https:\/\/energizer.com\/eu\/spain\/product\/energizer-waterproof-handheld-led-torch\/","title":{"rendered":"Energizer Waterproof Handheld LED Torch"},"content":{"rendered":"<ul>\n<li>Linterna LED duradera e impermeable que funciona con 2 pilas Energizer MAX AA (incluidas)<\/li>\n<li>Con tecnolog\u00eda resistente al agua, la linterna no solo flota, sino que tambi\u00e9n funciona incluso cuando est\u00e1 completamente sumergida (hasta 1 metro de profundidad, durante hasta 30 minutos)<\/li>\n<li>Esta linterna ofrece 35 horas de luz y 55 l\u00famenes, 4 veces m\u00e1s brillante que la tecnolog\u00eda LED est\u00e1ndar<\/li>\n<li>Con resistencia a impactos contra ca\u00eddas de hasta 1 metro, una carcasa naranja de alta visibilidad y paneles reflectantes, esta luz es una linterna de emergencia ideal<\/li>\n<li>Dise\u00f1ado para brindar confiabilidad en innumerables situaciones, desde proyectos de bricolaje en casa hasta actividades al aire libre como caminatas y campamentos, hasta situaciones de emergencia<\/li>\n<\/ul>\n","protected":false},"excerpt":{"rendered":"<p>Lleva esta linterna a la piscina. En el bosque. E incluso durante un hurac\u00e1n. La linterna de mano impermeable Energizer est\u00e1 dise\u00f1ada para condiciones h\u00famedas. Sum\u00e9rgela hasta 1 metro e incluso despu\u00e9s de 30 minutos esta linterna LED seguir\u00e1 emitiendo 55 l\u00famenes de linterna brillante con una duraci\u00f3n de 35 horas. \u00bfQu\u00e9 pasa si est\u00e1s en el agua y la sueltas? No te preocupes: flota. Y si eso no es lo suficientemente impresionante, esta linterna es igual de capaz en tierra firme. Es resistente a ca\u00eddas desde 1 metro sobre hormig\u00f3n. Si te gusta estar preparado para situaciones de emergencia (como reparaciones de autom\u00f3viles en la carretera o cortes de energ\u00eda), viene en tu color favorito: Naranja de alta visibilidad.<\/p>\n","protected":false},"featured_media":0,"comment_status":"open","ping_status":"closed","template":"","meta":{"_acf_changed":false},"product_brand":[],"product_cat":[97],"product_tag":[],"class_list":{"0":"post-5361","1":"product","2":"type-product","3":"status-publish","5":"product_cat-handheld","7":"first","8":"instock","9":"shipping-taxable","10":"product-type-simple"},"acf":[],"_links":{"self":[{"href":"https:\/\/energizer.com\/eu\/spain\/wp-json\/wp\/v2\/product\/5361","targetHints":{"allow":["GET"]}}],"collection":[{"href":"https:\/\/energizer.com\/eu\/spain\/wp-json\/wp\/v2\/product"}],"about":[{"href":"https:\/\/energizer.com\/eu\/spain\/wp-json\/wp\/v2\/types\/product"}],"replies":[{"embeddable":true,"href":"https:\/\/energizer.com\/eu\/spain\/wp-json\/wp\/v2\/comments?post=5361"}],"version-history":[{"count":7,"href":"https:\/\/energizer.com\/eu\/spain\/wp-json\/wp\/v2\/product\/5361\/revisions"}],"predecessor-version":[{"id":10817,"href":"https:\/\/energizer.com\/eu\/spain\/wp-json\/wp\/v2\/product\/5361\/revisions\/10817"}],"wp:attachment":[{"href":"https:\/\/energizer.com\/eu\/spain\/wp-json\/wp\/v2\/media?parent=5361"}],"wp:term":[{"taxonomy":"product_brand","embeddable":true,"href":"https:\/\/energizer.com\/eu\/spain\/wp-json\/wp\/v2\/product_brand?post=5361"},{"taxonomy":"product_cat","embeddable":true,"href":"https:\/\/energizer.com\/eu\/spain\/wp-json\/wp\/v2\/product_cat?post=5361"},{"taxonomy":"product_tag","embeddable":true,"href":"https:\/\/energizer.com\/eu\/spain\/wp-json\/wp\/v2\/product_tag?post=5361"}],"curies":[{"name":"wp","href":"https:\/\/api.w.org\/{rel}","templated":true}]}}