{"id":5363,"date":"2024-05-22T07:38:50","date_gmt":"2024-05-22T07:38:50","guid":{"rendered":"https:\/\/23b13e8ab3.nxcli.io\/spain\/?post_type=product&#038;p=5363"},"modified":"2024-12-10T11:24:29","modified_gmt":"2024-12-10T11:24:29","slug":"energizer-led-torch-2","status":"publish","type":"product","link":"https:\/\/energizer.com\/eu\/spain\/product\/energizer-led-torch-2\/","title":{"rendered":"Energizer LED Torch 1500"},"content":{"rendered":"<ul>\n<li>Potente linterna LED Energizer Vision HD Ultra Digital Focus, con 6 pilas Energizer AA incluidas<\/li>\n<li>Linterna superbrillante: Esta linterna LED de 1500 l\u00famenes ofrece un brillo excepcional y un alto rendimiento, lo que le permite ver hasta 230 metros<\/li>\n<li>Enfoque digital: Excelente control del haz con facilidad de una sola mano<\/li>\n<li>Construcci\u00f3n de aleaci\u00f3n duradera: El cuerpo met\u00e1lico de aluminio de calidad aeron\u00e1utica y la construcci\u00f3n IPX4 brindan protecci\u00f3n contra da\u00f1os y salpicaduras<\/li>\n<li>Horas de duraci\u00f3n: La linterna LED Energizer puede brillar hasta 15 horas en modo de ahorro de energ\u00eda<\/li>\n<li>Ligero: Guarda esta linterna liviana, vers\u00e1til y potente en tu caj\u00f3n, autom\u00f3vil, kit de emergencia en casa o ll\u00e9vala en tu bolso<\/li>\n<li>Tecnolog\u00eda MAX-VIZ de confianza: La poderosa tecnolog\u00eda de Energizer replica la luz del d\u00eda para una visi\u00f3n de alta definici\u00f3n en la que puede confiar<\/li>\n<\/ul>\n","protected":false},"excerpt":{"rendered":"<p>Ilumine su entorno sin esfuerzo con esta linterna superbrillante de alto rendimiento. La linterna de mano LED Energizer Vision HD Ultra Digital Focus proporciona un brillo excepcional durante hasta 15 horas en modo de ahorro de energ\u00eda, ideal si va a una aventura o se prepara para emergencias en el hogar. Ya sea que est\u00e9 acampando, haciendo senderismo o haya un corte de energ\u00eda, tenga a mano su linterna Energizer para encontrar su camino en la oscuridad. Esta linterna LED de 1500 l\u00famenes puede iluminar los espacios m\u00e1s oscuros, iluminando hasta 230 metros en modo alto. Y la funci\u00f3n de enfoque digital le brinda un excelente control del haz con facilidad con una sola mano, pasando suavemente de un brillo n\u00edtido a un enfoque m\u00e1s amplio.<\/p>\n","protected":false},"featured_media":0,"comment_status":"open","ping_status":"closed","template":"","meta":{"_acf_changed":false},"product_brand":[],"product_cat":[97],"product_tag":[],"class_list":{"0":"post-5363","1":"product","2":"type-product","3":"status-publish","5":"product_cat-handheld","7":"first","8":"instock","9":"shipping-taxable","10":"product-type-simple"},"acf":[],"_links":{"self":[{"href":"https:\/\/energizer.com\/eu\/spain\/wp-json\/wp\/v2\/product\/5363","targetHints":{"allow":["GET"]}}],"collection":[{"href":"https:\/\/energizer.com\/eu\/spain\/wp-json\/wp\/v2\/product"}],"about":[{"href":"https:\/\/energizer.com\/eu\/spain\/wp-json\/wp\/v2\/types\/product"}],"replies":[{"embeddable":true,"href":"https:\/\/energizer.com\/eu\/spain\/wp-json\/wp\/v2\/comments?post=5363"}],"version-history":[{"count":6,"href":"https:\/\/energizer.com\/eu\/spain\/wp-json\/wp\/v2\/product\/5363\/revisions"}],"predecessor-version":[{"id":10934,"href":"https:\/\/energizer.com\/eu\/spain\/wp-json\/wp\/v2\/product\/5363\/revisions\/10934"}],"wp:attachment":[{"href":"https:\/\/energizer.com\/eu\/spain\/wp-json\/wp\/v2\/media?parent=5363"}],"wp:term":[{"taxonomy":"product_brand","embeddable":true,"href":"https:\/\/energizer.com\/eu\/spain\/wp-json\/wp\/v2\/product_brand?post=5363"},{"taxonomy":"product_cat","embeddable":true,"href":"https:\/\/energizer.com\/eu\/spain\/wp-json\/wp\/v2\/product_cat?post=5363"},{"taxonomy":"product_tag","embeddable":true,"href":"https:\/\/energizer.com\/eu\/spain\/wp-json\/wp\/v2\/product_tag?post=5363"}],"curies":[{"name":"wp","href":"https:\/\/api.w.org\/{rel}","templated":true}]}}