{"id":5392,"date":"2024-05-22T08:14:59","date_gmt":"2024-05-22T08:14:59","guid":{"rendered":"https:\/\/23b13e8ab3.nxcli.io\/spain\/?post_type=product&#038;p=5392"},"modified":"2024-08-23T09:21:06","modified_gmt":"2024-08-23T09:21:06","slug":"energizer-value-rech-200-headlight","status":"publish","type":"product","link":"https:\/\/energizer.com\/eu\/spain\/product\/energizer-value-rech-200-headlight\/","title":{"rendered":"Energizer VALUE RECH 200 Headlight"},"content":{"rendered":"<ul>\n<li>200 l\u00famenes<\/li>\n<li>3 modos: Alto, bajo, amplio<\/li>\n<li>Autonom\u00eda de 2 horas<\/li>\n<li>Haz de 50 m de distancia<\/li>\n<li>1 m de impacto<\/li>\n<li>IPX4 resistente al agua<\/li>\n<li>Recargable<\/li>\n<li>Banda extra\u00edble<\/li>\n<\/ul>\n","protected":false},"excerpt":{"rendered":"<p>Linterna frontal recargable HDLLP Value Compacta, c\u00f3moda, confiable y f\u00e1cil de usar, esta linterna frontal recargable es una soluci\u00f3n inteligente de manos libres para cualquier actividad en interiores o exteriores. Su elegante dise\u00f1o la convierte en una excelente luz para actividades al aire libre y su salida de luz brillante es perfecta para cualquier proyecto de interior o de bricolaje. Esta luz tiene 3 opciones de modo (alto, bajo, rojo) y viene con una bater\u00eda recargable y un cable de carga Micro-USB, se puede recargar directamente con un banco de energ\u00eda, un cargador de autom\u00f3vil u otra fuente de energ\u00eda USB una vez que se agota, no es necesario comprar bater\u00edas adicionales. Su construcci\u00f3n duradera y una correa para la cabeza ajustable lo convierten en una opci\u00f3n vers\u00e1til y confiable. \u200b<\/p>\n","protected":false},"featured_media":0,"comment_status":"open","ping_status":"closed","template":"","meta":{"_acf_changed":false},"product_brand":[],"product_cat":[43],"product_tag":[],"class_list":{"0":"post-5392","1":"product","2":"type-product","3":"status-publish","5":"product_cat-hands-free","7":"first","8":"instock","9":"shipping-taxable","10":"product-type-simple"},"acf":[],"_links":{"self":[{"href":"https:\/\/energizer.com\/eu\/spain\/wp-json\/wp\/v2\/product\/5392","targetHints":{"allow":["GET"]}}],"collection":[{"href":"https:\/\/energizer.com\/eu\/spain\/wp-json\/wp\/v2\/product"}],"about":[{"href":"https:\/\/energizer.com\/eu\/spain\/wp-json\/wp\/v2\/types\/product"}],"replies":[{"embeddable":true,"href":"https:\/\/energizer.com\/eu\/spain\/wp-json\/wp\/v2\/comments?post=5392"}],"version-history":[{"count":6,"href":"https:\/\/energizer.com\/eu\/spain\/wp-json\/wp\/v2\/product\/5392\/revisions"}],"predecessor-version":[{"id":9374,"href":"https:\/\/energizer.com\/eu\/spain\/wp-json\/wp\/v2\/product\/5392\/revisions\/9374"}],"wp:attachment":[{"href":"https:\/\/energizer.com\/eu\/spain\/wp-json\/wp\/v2\/media?parent=5392"}],"wp:term":[{"taxonomy":"product_brand","embeddable":true,"href":"https:\/\/energizer.com\/eu\/spain\/wp-json\/wp\/v2\/product_brand?post=5392"},{"taxonomy":"product_cat","embeddable":true,"href":"https:\/\/energizer.com\/eu\/spain\/wp-json\/wp\/v2\/product_cat?post=5392"},{"taxonomy":"product_tag","embeddable":true,"href":"https:\/\/energizer.com\/eu\/spain\/wp-json\/wp\/v2\/product_tag?post=5392"}],"curies":[{"name":"wp","href":"https:\/\/api.w.org\/{rel}","templated":true}]}}