{"id":5394,"date":"2024-05-22T08:17:07","date_gmt":"2024-05-22T08:17:07","guid":{"rendered":"https:\/\/23b13e8ab3.nxcli.io\/spain\/?post_type=product&#038;p=5394"},"modified":"2024-12-09T10:49:10","modified_gmt":"2024-12-09T10:49:10","slug":"energizer-hdl60-head-torch","status":"publish","type":"product","link":"https:\/\/energizer.com\/eu\/spain\/product\/energizer-hdl60-head-torch\/","title":{"rendered":"Energizer HDL60 Head Torch"},"content":{"rendered":"<ul>\n<li>Linterna frontal Energizer HDL60, linterna mixta con bater\u00eda de iones de litio o pilas Energizer 3AAA incluidas<\/li>\n<li>Tecnolog\u00eda LED: Esta potente linterna frontal manos libres de 575 l\u00famenes* cuenta con tecnolog\u00eda LED duradera y eficiente en energ\u00eda. *Con pilas AAA<\/li>\n<li>Tecnolog\u00eda de atenuaci\u00f3n avanzada: Ajuste la intensidad del 10% al 100% en todos los modos<\/li>\n<li>Modo nocturno de luz roja: El modo de luz roja mejora tu visi\u00f3n nocturna para actividades como acampar, pescar y hacer caminatas nocturnas<\/li>\n<li>Construcci\u00f3n duradera: Ideal para un uso prolongado, esta linterna h\u00edbrida compacta y liviana es impermeable con pilas principales y cuenta con una lente irrompible<\/li>\n<li>Luz manos libres vers\u00e1til: Esta linterna de cabeza resistente al agua, compacta y f\u00e1cil de usar cuenta con una correa para la cabeza ajustable y un dise\u00f1o antirreflejo, que lo mantiene cubierto en caso de cortes de energ\u00eda, bricolaje y m\u00e1s<\/li>\n<li>Horas de tiempo de funcionamiento:\u202f\u202fEsta linterna de cabeza eficaz y duradera puede brillar hasta 21 horas en modo bajo<\/li>\n<\/ul>\n","protected":false},"excerpt":{"rendered":"<p>Mantenga sus manos libres y disfrute al m\u00e1ximo de cada aventura con esta linterna de senderismo ligera y vers\u00e1til. La linterna frontal Energizer HDL60 es compacta y permite tener las manos libres, ideal para bricolaje y otros proyectos que requieren las dos manos. Iluminar\u00e1 tu camino en cualquier actividad nocturna, ya sea que est\u00e9s acampando, haciendo senderismo o saliendo a correr. Esta linterna frontal LED para correr de 575 l\u00famenes con una correa para la cabeza ajustable iluminar\u00e1 incluso los espacios m\u00e1s oscuros, brind\u00e1ndole abundante luz justo donde la necesita. Le permite ajustar la intensidad de la luz del 100% al 10% en todas las configuraciones de luz con la funci\u00f3n de atenuaci\u00f3n avanzada.<\/p>\n","protected":false},"featured_media":0,"comment_status":"open","ping_status":"closed","template":"","meta":{"_acf_changed":false},"product_brand":[],"product_cat":[43],"product_tag":[],"class_list":{"0":"post-5394","1":"product","2":"type-product","3":"status-publish","5":"product_cat-hands-free","7":"first","8":"instock","9":"shipping-taxable","10":"product-type-simple"},"acf":[],"_links":{"self":[{"href":"https:\/\/energizer.com\/eu\/spain\/wp-json\/wp\/v2\/product\/5394","targetHints":{"allow":["GET"]}}],"collection":[{"href":"https:\/\/energizer.com\/eu\/spain\/wp-json\/wp\/v2\/product"}],"about":[{"href":"https:\/\/energizer.com\/eu\/spain\/wp-json\/wp\/v2\/types\/product"}],"replies":[{"embeddable":true,"href":"https:\/\/energizer.com\/eu\/spain\/wp-json\/wp\/v2\/comments?post=5394"}],"version-history":[{"count":5,"href":"https:\/\/energizer.com\/eu\/spain\/wp-json\/wp\/v2\/product\/5394\/revisions"}],"predecessor-version":[{"id":10833,"href":"https:\/\/energizer.com\/eu\/spain\/wp-json\/wp\/v2\/product\/5394\/revisions\/10833"}],"wp:attachment":[{"href":"https:\/\/energizer.com\/eu\/spain\/wp-json\/wp\/v2\/media?parent=5394"}],"wp:term":[{"taxonomy":"product_brand","embeddable":true,"href":"https:\/\/energizer.com\/eu\/spain\/wp-json\/wp\/v2\/product_brand?post=5394"},{"taxonomy":"product_cat","embeddable":true,"href":"https:\/\/energizer.com\/eu\/spain\/wp-json\/wp\/v2\/product_cat?post=5394"},{"taxonomy":"product_tag","embeddable":true,"href":"https:\/\/energizer.com\/eu\/spain\/wp-json\/wp\/v2\/product_tag?post=5394"}],"curies":[{"name":"wp","href":"https:\/\/api.w.org\/{rel}","templated":true}]}}