{"id":5437,"date":"2024-05-22T11:02:06","date_gmt":"2024-05-22T11:02:06","guid":{"rendered":"https:\/\/23b13e8ab3.nxcli.io\/spain\/?post_type=product&#038;p=5437"},"modified":"2024-12-09T12:58:45","modified_gmt":"2024-12-09T12:58:45","slug":"energizer-hybrid-solar-lantern","status":"publish","type":"product","link":"https:\/\/energizer.com\/eu\/spain\/product\/energizer-hybrid-solar-lantern\/","title":{"rendered":"Energizer Hybrid Solar Lantern"},"content":{"rendered":"<ul>\n<li>Linterna solar h\u00edbrida de Energizer con gancho para colgar para almacenamiento o uso manos libres<\/li>\n<li>Tecnolog\u00eda LED: Esta luz LED de alto rendimiento de 500 l\u00famenes* ofrece una iluminaci\u00f3n de \u00e1rea de 360 \u200b\u200bgrados potente y brillante<br \/>\n*con bater\u00eda de iones de litio<\/li>\n<li>Alimentaci\u00f3n h\u00edbrida: Utilice el USB o la energ\u00eda solar para cargar la bater\u00eda recargable de iones de litio o alimente su luz con pilas primarias 3xAA de respaldo<\/li>\n<li>3 modos de luz de \u00e1rea y memoria del \u00faltimo modo utilizado: Elija un modo que se adapte a sus diferentes necesidades de iluminaci\u00f3n, eligiendo entre luz alta, baja o nocturna y acceda r\u00e1pidamente al \u00faltimo modo utilizado con la memoria del \u00faltimo modo utilizado<\/li>\n<li>Horas de duraci\u00f3n: Esta linterna Energizer de larga duraci\u00f3n y confiable puede brillar hasta 8 horas en modo de baja intensidad*<br \/>\n*con bater\u00eda de iones de litio<\/li>\n<li>Dise\u00f1o inteligente: Esta linterna recargable cuenta con un asa para facilitar su transporte, un gancho de suspensi\u00f3n para almacenamiento o uso con manos libres y una cubierta USB que brilla en la oscuridad<\/li>\n<li>Construcci\u00f3n duradera: El dise\u00f1o resistente al agua IPX4 con lente a prueba de roturas resiste ca\u00eddas de hasta un metro<\/li>\n<\/ul>\n","protected":false},"excerpt":{"rendered":"<p>Ilumine su entorno sin esfuerzo con esta linterna LED de alto rendimiento. La linterna solar h\u00edbrida Energizer proporciona luz hasta por 8 horas* en modo bajo, ideal para hazlo t\u00fa mismo, actividades al aire libre, emergencias y m\u00e1s. Esta linterna LED de 500 l\u00famenes ofrece una iluminaci\u00f3n de \u00e1rea potente y brillante de 360 \u200b\u200bgrados, iluminando incluso los espacios m\u00e1s oscuros. Elija el modo de luz perfecto para su actividad, alta, baja o nocturna, y acceda r\u00e1pidamente al \u00faltimo modo utilizado con el recordatorio del \u00faltimo modo. Utilice el USB o el panel solar para cargar la bater\u00eda recargable de iones de litio o alimente su luz con 3xAA pilas primarias de respaldo.<\/p>\n","protected":false},"featured_media":0,"comment_status":"open","ping_status":"closed","template":"","meta":{"_acf_changed":false},"product_brand":[],"product_cat":[44],"product_tag":[],"class_list":{"0":"post-5437","1":"product","2":"type-product","3":"status-publish","5":"product_cat-area","7":"first","8":"instock","9":"shipping-taxable","10":"product-type-simple"},"acf":[],"_links":{"self":[{"href":"https:\/\/energizer.com\/eu\/spain\/wp-json\/wp\/v2\/product\/5437","targetHints":{"allow":["GET"]}}],"collection":[{"href":"https:\/\/energizer.com\/eu\/spain\/wp-json\/wp\/v2\/product"}],"about":[{"href":"https:\/\/energizer.com\/eu\/spain\/wp-json\/wp\/v2\/types\/product"}],"replies":[{"embeddable":true,"href":"https:\/\/energizer.com\/eu\/spain\/wp-json\/wp\/v2\/comments?post=5437"}],"version-history":[{"count":7,"href":"https:\/\/energizer.com\/eu\/spain\/wp-json\/wp\/v2\/product\/5437\/revisions"}],"predecessor-version":[{"id":10895,"href":"https:\/\/energizer.com\/eu\/spain\/wp-json\/wp\/v2\/product\/5437\/revisions\/10895"}],"wp:attachment":[{"href":"https:\/\/energizer.com\/eu\/spain\/wp-json\/wp\/v2\/media?parent=5437"}],"wp:term":[{"taxonomy":"product_brand","embeddable":true,"href":"https:\/\/energizer.com\/eu\/spain\/wp-json\/wp\/v2\/product_brand?post=5437"},{"taxonomy":"product_cat","embeddable":true,"href":"https:\/\/energizer.com\/eu\/spain\/wp-json\/wp\/v2\/product_cat?post=5437"},{"taxonomy":"product_tag","embeddable":true,"href":"https:\/\/energizer.com\/eu\/spain\/wp-json\/wp\/v2\/product_tag?post=5437"}],"curies":[{"name":"wp","href":"https:\/\/api.w.org\/{rel}","templated":true}]}}