{"id":5480,"date":"2024-05-22T11:42:31","date_gmt":"2024-05-22T11:42:31","guid":{"rendered":"https:\/\/23b13e8ab3.nxcli.io\/spain\/?post_type=product&#038;p=5480"},"modified":"2024-12-09T13:13:16","modified_gmt":"2024-12-09T13:13:16","slug":"energizer-led-panel-light","status":"publish","type":"product","link":"https:\/\/energizer.com\/eu\/spain\/product\/energizer-led-panel-light\/","title":{"rendered":"Energizer LED Panel Light"},"content":{"rendered":"<ul>\n<li>Panel de luz Energizer con dos paneles LED de 180\u00b0 y cable de carga<\/li>\n<li>Luz potente: Este panel de trabajo LED de 1100 l\u00famenes ofrece un brillo excepcional y un alto rendimiento, alimentada por una bater\u00eda de iones de litio<\/li>\n<li>Energ\u00eda recargable: Utilice el puerto de salida USB para cargar su tel\u00e9fono o cualquier otro dispositivo inteligente<\/li>\n<li>Construcci\u00f3n duradera: Ideal para un uso prolongado, esta linterna duradera es resistente al agua IPX4<\/li>\n<li>Uso vers\u00e1til de manos libres: Esta linterna recargable f\u00e1cil de usar te cubre para bricolaje, proyectos de trabajo y m\u00e1s<\/li>\n<li>Iluminaci\u00f3n flexible: Con dos paneles de iluminaci\u00f3n LED plegables de 180\u00b0, puedes incluso iluminar dos \u00e1reas a la vez<\/li>\n<li>Dise\u00f1o de f\u00e1cil agarre: Esta linterna plegable tiene un mango ajustable, lo que permite un posicionamiento vers\u00e1til para cualquier tarea<\/li>\n<\/ul>\n","protected":false},"excerpt":{"rendered":"<p>Ilumine su entorno sin esfuerzo con este panel de trabajo recargable de alto rendimiento. El panel de luz Energizer proporciona un brillo excepcional y es ideal para proyectos de camping, proyectos caseros o trabajo. Este panel de luz LED de 1100 l\u00famenes ofrece un posicionamiento vers\u00e1til para iluminar incluso los espacios m\u00e1s oscuros. Dirige la luz donde la necesites, usando las dos luces LED ajustables de 180\u00b0 para una iluminaci\u00f3n flexible. Su dise\u00f1o de f\u00e1cil agarre lo hace incre\u00edblemente vers\u00e1til, por lo que puedes colgarlo en cualquier lugar o simplemente colocarlo en el suelo. La bater\u00eda recargable con indicador de nivel le ayuda a garantizar que la bater\u00eda est\u00e9 siempre cargada mediante el cable de carga incluido.<\/p>\n","protected":false},"featured_media":0,"comment_status":"open","ping_status":"closed","template":"","meta":{"_acf_changed":false},"product_brand":[],"product_cat":[44],"product_tag":[],"class_list":{"0":"post-5480","1":"product","2":"type-product","3":"status-publish","5":"product_cat-area","7":"first","8":"instock","9":"shipping-taxable","10":"product-type-simple"},"acf":[],"_links":{"self":[{"href":"https:\/\/energizer.com\/eu\/spain\/wp-json\/wp\/v2\/product\/5480","targetHints":{"allow":["GET"]}}],"collection":[{"href":"https:\/\/energizer.com\/eu\/spain\/wp-json\/wp\/v2\/product"}],"about":[{"href":"https:\/\/energizer.com\/eu\/spain\/wp-json\/wp\/v2\/types\/product"}],"replies":[{"embeddable":true,"href":"https:\/\/energizer.com\/eu\/spain\/wp-json\/wp\/v2\/comments?post=5480"}],"version-history":[{"count":7,"href":"https:\/\/energizer.com\/eu\/spain\/wp-json\/wp\/v2\/product\/5480\/revisions"}],"predecessor-version":[{"id":10897,"href":"https:\/\/energizer.com\/eu\/spain\/wp-json\/wp\/v2\/product\/5480\/revisions\/10897"}],"wp:attachment":[{"href":"https:\/\/energizer.com\/eu\/spain\/wp-json\/wp\/v2\/media?parent=5480"}],"wp:term":[{"taxonomy":"product_brand","embeddable":true,"href":"https:\/\/energizer.com\/eu\/spain\/wp-json\/wp\/v2\/product_brand?post=5480"},{"taxonomy":"product_cat","embeddable":true,"href":"https:\/\/energizer.com\/eu\/spain\/wp-json\/wp\/v2\/product_cat?post=5480"},{"taxonomy":"product_tag","embeddable":true,"href":"https:\/\/energizer.com\/eu\/spain\/wp-json\/wp\/v2\/product_tag?post=5480"}],"curies":[{"name":"wp","href":"https:\/\/api.w.org\/{rel}","templated":true}]}}