{"id":5484,"date":"2024-05-22T11:46:47","date_gmt":"2024-05-22T11:46:47","guid":{"rendered":"https:\/\/23b13e8ab3.nxcli.io\/spain\/?post_type=product&#038;p=5484"},"modified":"2024-12-10T07:06:37","modified_gmt":"2024-12-10T07:06:37","slug":"energizer-auto-rechargeable-spotlight","status":"publish","type":"product","link":"https:\/\/energizer.com\/eu\/spain\/product\/energizer-auto-rechargeable-spotlight\/","title":{"rendered":"Energizer Auto Rechargeable Spotlight"},"content":{"rendered":"<ul>\n<li>Foco Recargable Autom\u00e1tico Energizer con cable de carga<\/li>\n<li>Luz potente: El potente haz de estadios luz de 1000 l\u00famenes puede abarcar la distancia de m\u00e1s de cuatro estadios<\/li>\n<li>2 modos de luz: Elija entre los modos alto y bajo para optimizar el brillo y el control de duraci\u00f3n<\/li>\n<li>Construcci\u00f3n duradera: La linterna resistente al agua IPX4 tiene una lente a prueba de roturas y soporta ca\u00eddas de hasta 3 metros<\/li>\n<li>Energ\u00eda duradera: Esta linterna recargable tiene una duraci\u00f3n duradera y brilla hasta 28 horas en modo bajo<\/li>\n<li>Dise\u00f1o inteligente: Utilice la ranura para correa para llevar f\u00e1cilmente esta potente linterna a cualquier lugar<\/li>\n<li>Energ\u00eda recargable: Utilice el puerto de salida USB para cargar su tel\u00e9fono o cualquier otro dispositivo inteligente<\/li>\n<\/ul>\n","protected":false},"excerpt":{"rendered":"<p>Ilumine su entorno sin esfuerzo con esta linterna brillante de alto rendimiento. Ya sea que se enfrente a una emergencia en el autom\u00f3vil o en el hogar, este Foco recargable para autom\u00f3viles Energizer es para usted. Ideal para trabajar en su autom\u00f3vil y para proyectos de bricolaje, la linterna LED de 1000 l\u00famenes puede iluminar los espacios m\u00e1s oscuros: su potente haz puede abarcar la distancia de m\u00e1s de cuatro estadios. Elija la iluminaci\u00f3n perfecta para su actividad en modo alto o bajo. La bater\u00eda recargable de iones de litio alimenta el dispositivo hasta 28 horas en modo bajo, y el cargador de energ\u00eda USB incorporado en la luz del dispositivo con funci\u00f3n autom\u00e1tica le permite cargar sus otros dispositivos mientras viaja.<\/p>\n","protected":false},"featured_media":0,"comment_status":"open","ping_status":"closed","template":"","meta":{"_acf_changed":false},"product_brand":[],"product_cat":[97],"product_tag":[],"class_list":{"0":"post-5484","1":"product","2":"type-product","3":"status-publish","5":"product_cat-handheld","7":"first","8":"instock","9":"shipping-taxable","10":"product-type-simple"},"acf":[],"_links":{"self":[{"href":"https:\/\/energizer.com\/eu\/spain\/wp-json\/wp\/v2\/product\/5484","targetHints":{"allow":["GET"]}}],"collection":[{"href":"https:\/\/energizer.com\/eu\/spain\/wp-json\/wp\/v2\/product"}],"about":[{"href":"https:\/\/energizer.com\/eu\/spain\/wp-json\/wp\/v2\/types\/product"}],"replies":[{"embeddable":true,"href":"https:\/\/energizer.com\/eu\/spain\/wp-json\/wp\/v2\/comments?post=5484"}],"version-history":[{"count":7,"href":"https:\/\/energizer.com\/eu\/spain\/wp-json\/wp\/v2\/product\/5484\/revisions"}],"predecessor-version":[{"id":10917,"href":"https:\/\/energizer.com\/eu\/spain\/wp-json\/wp\/v2\/product\/5484\/revisions\/10917"}],"wp:attachment":[{"href":"https:\/\/energizer.com\/eu\/spain\/wp-json\/wp\/v2\/media?parent=5484"}],"wp:term":[{"taxonomy":"product_brand","embeddable":true,"href":"https:\/\/energizer.com\/eu\/spain\/wp-json\/wp\/v2\/product_brand?post=5484"},{"taxonomy":"product_cat","embeddable":true,"href":"https:\/\/energizer.com\/eu\/spain\/wp-json\/wp\/v2\/product_cat?post=5484"},{"taxonomy":"product_tag","embeddable":true,"href":"https:\/\/energizer.com\/eu\/spain\/wp-json\/wp\/v2\/product_tag?post=5484"}],"curies":[{"name":"wp","href":"https:\/\/api.w.org\/{rel}","templated":true}]}}