{"id":5518,"date":"2024-05-22T12:24:22","date_gmt":"2024-05-22T12:24:22","guid":{"rendered":"https:\/\/23b13e8ab3.nxcli.io\/spain\/?post_type=product&#038;p=5518"},"modified":"2024-12-10T11:26:05","modified_gmt":"2024-12-10T11:26:05","slug":"energizer-head-torch-vision-hd-headlight","status":"publish","type":"product","link":"https:\/\/energizer.com\/eu\/spain\/product\/energizer-head-torch-vision-hd-headlight\/","title":{"rendered":"Energizer Head Torch, Vision HD Headlight"},"content":{"rendered":"<ul>\n<li>Faro Linterna Energizer frontal Vision HD con 3 LED blancos, incluye 3 pilas alcalinas AAA<\/li>\n<li>Tecnolog\u00eda LED: Esta potente linterna frontal de 300 l\u00famenes tiene un impresionante alcance de 55 metros<br \/>\nTecnolog\u00eda de atenuaci\u00f3n inteligente: Ajuste la intensidad del 10% al 100% en todos los modos, incluidos Alto rendimiento, Focalizado y Panor\u00e1mico<\/li>\n<li>Construcci\u00f3n duradera: Ideal para un uso prolongado, esta duradera linterna de cabeza para correr resiste la prueba de ca\u00edda desde 1 metro, con una lente irrompible y un cuerpo con clasificaci\u00f3n IPX4 resistente al agua<\/li>\n<li>Luz manos libres vers\u00e1til: La linterna manos libres, compacta y f\u00e1cil de usar te cubre en caso de cortes de energ\u00eda, proyectos caseros y m\u00e1s<\/li>\n<li>Encendido y apagado r\u00e1pido: Apague su linterna de cabeza para exteriores f\u00e1cilmente sin tener que hacer clic en todos los modos<\/li>\n<li>Energ\u00eda confiable: Conf\u00ede en Energizer para ofrecer el potente rendimiento que prometemos: todas las linternas Energizer se prueban y cumplen con los est\u00e1ndares ANSI estrictos y confiables<\/li>\n<\/ul>\n","protected":false},"excerpt":{"rendered":"<p>Mant\u00e9n tus manos libres y disfruta al m\u00e1ximo de cada aventura con esta linterna frontal ligera y vers\u00e1til. La linterna frontal Energizer Vision HD es compacta y manos libres, ideal para bricolaje y actividades que requieren ambas manos. Iluminar\u00e1 tu camino en cualquier escapada nocturna, ya sea que est\u00e9s acampando, haciendo senderismo o saliendo a correr. Esta linterna frontal LED de 300 l\u00famenes iluminar\u00e1 incluso los espacios m\u00e1s oscuros, iluminando hasta 55 metros en modo alto, brind\u00e1ndote abundante luz justo donde la necesitas.<\/p>\n","protected":false},"featured_media":0,"comment_status":"open","ping_status":"closed","template":"","meta":{"_acf_changed":false},"product_brand":[],"product_cat":[43],"product_tag":[],"class_list":{"0":"post-5518","1":"product","2":"type-product","3":"status-publish","5":"product_cat-hands-free","7":"first","8":"instock","9":"shipping-taxable","10":"product-type-simple"},"acf":[],"_links":{"self":[{"href":"https:\/\/energizer.com\/eu\/spain\/wp-json\/wp\/v2\/product\/5518","targetHints":{"allow":["GET"]}}],"collection":[{"href":"https:\/\/energizer.com\/eu\/spain\/wp-json\/wp\/v2\/product"}],"about":[{"href":"https:\/\/energizer.com\/eu\/spain\/wp-json\/wp\/v2\/types\/product"}],"replies":[{"embeddable":true,"href":"https:\/\/energizer.com\/eu\/spain\/wp-json\/wp\/v2\/comments?post=5518"}],"version-history":[{"count":7,"href":"https:\/\/energizer.com\/eu\/spain\/wp-json\/wp\/v2\/product\/5518\/revisions"}],"predecessor-version":[{"id":10935,"href":"https:\/\/energizer.com\/eu\/spain\/wp-json\/wp\/v2\/product\/5518\/revisions\/10935"}],"wp:attachment":[{"href":"https:\/\/energizer.com\/eu\/spain\/wp-json\/wp\/v2\/media?parent=5518"}],"wp:term":[{"taxonomy":"product_brand","embeddable":true,"href":"https:\/\/energizer.com\/eu\/spain\/wp-json\/wp\/v2\/product_brand?post=5518"},{"taxonomy":"product_cat","embeddable":true,"href":"https:\/\/energizer.com\/eu\/spain\/wp-json\/wp\/v2\/product_cat?post=5518"},{"taxonomy":"product_tag","embeddable":true,"href":"https:\/\/energizer.com\/eu\/spain\/wp-json\/wp\/v2\/product_tag?post=5518"}],"curies":[{"name":"wp","href":"https:\/\/api.w.org\/{rel}","templated":true}]}}