{"id":5530,"date":"2024-05-22T12:41:24","date_gmt":"2024-05-22T12:41:24","guid":{"rendered":"https:\/\/23b13e8ab3.nxcli.io\/spain\/?post_type=product&#038;p=5530"},"modified":"2024-12-09T10:22:46","modified_gmt":"2024-12-09T10:22:46","slug":"energizer-atex-3aaa-120-headlight","status":"publish","type":"product","link":"https:\/\/energizer.com\/eu\/spain\/product\/energizer-atex-3aaa-120-headlight\/","title":{"rendered":"Energizer ATEX 3AAA  120  Headlight"},"content":{"rendered":"<ul>\n<li>Dispositivo port\u00e1til de mano intr\u00ednsecamente seguro (ATEX)<\/li>\n<li>Rango de ambiente de funcionamiento de -20 \u00b0C a 40 \u00b0C<\/li>\n<li>Divisi\u00f3n I, Clase I, II y III<\/li>\n<li>Intr\u00ednseca seguridad IECEx IA<\/li>\n<li>EN60529 nivel de ingreso de protecci\u00f3n IP67<\/li>\n<\/ul>\n","protected":false},"excerpt":{"rendered":"<p>Aprobado por agencias de seguridad globales, el linterna LED Atex intr\u00ednsecamente seguro de Energizer es capaz de funcionar en las condiciones m\u00e1s duras. Dise\u00f1ada pensando en el sector industrial, esta linterna de alto rendimiento est\u00e1 certificada con una clasificaci\u00f3n de impermeabilidad IP67 y sobrevive ca\u00edda tras ca\u00edda desde hasta 1 metro. Est\u00e1 construido para soportar condiciones dif\u00edciles en el lugar de trabajo y proporciona una linterna manos libres confiable. La luz gira suavemente para dirigir el haz justo donde se necesita. La banda para la cabeza ajustable se sujeta firmemente al equipo de seguridad. La tecnolog\u00eda LED ofrece una luz constante de hasta 150 l\u00famenes durante una larga duraci\u00f3n de 5 horas para mantenerte activo por m\u00e1s tiempo.<\/p>\n","protected":false},"featured_media":0,"comment_status":"open","ping_status":"closed","template":"","meta":{"_acf_changed":false},"product_brand":[],"product_cat":[43],"product_tag":[],"class_list":{"0":"post-5530","1":"product","2":"type-product","3":"status-publish","5":"product_cat-hands-free","7":"first","8":"instock","9":"shipping-taxable","10":"product-type-simple"},"acf":[],"_links":{"self":[{"href":"https:\/\/energizer.com\/eu\/spain\/wp-json\/wp\/v2\/product\/5530","targetHints":{"allow":["GET"]}}],"collection":[{"href":"https:\/\/energizer.com\/eu\/spain\/wp-json\/wp\/v2\/product"}],"about":[{"href":"https:\/\/energizer.com\/eu\/spain\/wp-json\/wp\/v2\/types\/product"}],"replies":[{"embeddable":true,"href":"https:\/\/energizer.com\/eu\/spain\/wp-json\/wp\/v2\/comments?post=5530"}],"version-history":[{"count":8,"href":"https:\/\/energizer.com\/eu\/spain\/wp-json\/wp\/v2\/product\/5530\/revisions"}],"predecessor-version":[{"id":10827,"href":"https:\/\/energizer.com\/eu\/spain\/wp-json\/wp\/v2\/product\/5530\/revisions\/10827"}],"wp:attachment":[{"href":"https:\/\/energizer.com\/eu\/spain\/wp-json\/wp\/v2\/media?parent=5530"}],"wp:term":[{"taxonomy":"product_brand","embeddable":true,"href":"https:\/\/energizer.com\/eu\/spain\/wp-json\/wp\/v2\/product_brand?post=5530"},{"taxonomy":"product_cat","embeddable":true,"href":"https:\/\/energizer.com\/eu\/spain\/wp-json\/wp\/v2\/product_cat?post=5530"},{"taxonomy":"product_tag","embeddable":true,"href":"https:\/\/energizer.com\/eu\/spain\/wp-json\/wp\/v2\/product_tag?post=5530"}],"curies":[{"name":"wp","href":"https:\/\/api.w.org\/{rel}","templated":true}]}}