{"id":5532,"date":"2024-05-22T12:43:57","date_gmt":"2024-05-22T12:43:57","guid":{"rendered":"https:\/\/23b13e8ab3.nxcli.io\/spain\/?post_type=product&#038;p=5532"},"modified":"2024-11-26T13:06:37","modified_gmt":"2024-11-26T13:06:37","slug":"energizer-fusion-3in1-work-tripod-torch","status":"publish","type":"product","link":"https:\/\/energizer.com\/eu\/spain\/product\/energizer-fusion-3in1-work-tripod-torch\/","title":{"rendered":"Energizer Fusion 3in1 Work Tripod Torch"},"content":{"rendered":"<ul>\n<li>El cabezal pivotante dirige la luz hacia donde sea necesario<\/li>\n<li>Patas plegables para iluminaci\u00f3n direccional o de \u00e1rea con uso manos libres<\/li>\n<li>Gancho para colgar integrado para m\u00e1xima versatilidad<\/li>\n<\/ul>\n","protected":false},"excerpt":{"rendered":"<p>La linterna multifunci\u00f3n Energizer con tecnolog\u00eda Light Fusion ofrece una soluci\u00f3n verdaderamente vers\u00e1til para cualquier tarea. Seleccione entre un uso de luz puntual brillante o una luz de \u00e1rea impresionantemente brillante. Con una resistente funci\u00f3n de tr\u00edpode y un cabezal giratorio, esta linterna se adapta para una excelente linterna con manos libres. Para usarla como antorcha de mano, simplemente doble las patas compactas. Con tantas opciones de iluminaci\u00f3n, esta soluci\u00f3n proporciona la iluminaci\u00f3n de \u00e1rea y puntual necesaria para cualquier prop\u00f3sito.<\/p>\n","protected":false},"featured_media":0,"comment_status":"open","ping_status":"closed","template":"","meta":{"_acf_changed":false},"product_brand":[],"product_cat":[97],"product_tag":[],"class_list":{"0":"post-5532","1":"product","2":"type-product","3":"status-publish","5":"product_cat-handheld","7":"first","8":"instock","9":"shipping-taxable","10":"product-type-simple"},"acf":[],"_links":{"self":[{"href":"https:\/\/energizer.com\/eu\/spain\/wp-json\/wp\/v2\/product\/5532","targetHints":{"allow":["GET"]}}],"collection":[{"href":"https:\/\/energizer.com\/eu\/spain\/wp-json\/wp\/v2\/product"}],"about":[{"href":"https:\/\/energizer.com\/eu\/spain\/wp-json\/wp\/v2\/types\/product"}],"replies":[{"embeddable":true,"href":"https:\/\/energizer.com\/eu\/spain\/wp-json\/wp\/v2\/comments?post=5532"}],"version-history":[{"count":5,"href":"https:\/\/energizer.com\/eu\/spain\/wp-json\/wp\/v2\/product\/5532\/revisions"}],"predecessor-version":[{"id":10776,"href":"https:\/\/energizer.com\/eu\/spain\/wp-json\/wp\/v2\/product\/5532\/revisions\/10776"}],"wp:attachment":[{"href":"https:\/\/energizer.com\/eu\/spain\/wp-json\/wp\/v2\/media?parent=5532"}],"wp:term":[{"taxonomy":"product_brand","embeddable":true,"href":"https:\/\/energizer.com\/eu\/spain\/wp-json\/wp\/v2\/product_brand?post=5532"},{"taxonomy":"product_cat","embeddable":true,"href":"https:\/\/energizer.com\/eu\/spain\/wp-json\/wp\/v2\/product_cat?post=5532"},{"taxonomy":"product_tag","embeddable":true,"href":"https:\/\/energizer.com\/eu\/spain\/wp-json\/wp\/v2\/product_tag?post=5532"}],"curies":[{"name":"wp","href":"https:\/\/api.w.org\/{rel}","templated":true}]}}