{"id":5558,"date":"2024-05-22T14:18:01","date_gmt":"2024-05-22T14:18:01","guid":{"rendered":"https:\/\/23b13e8ab3.nxcli.io\/spain\/?post_type=product&#038;p=5558"},"modified":"2024-11-26T12:55:53","modified_gmt":"2024-11-26T12:55:53","slug":"energizer-auto-magnet-pivot-light","status":"publish","type":"product","link":"https:\/\/energizer.com\/eu\/spain\/product\/energizer-auto-magnet-pivot-light\/","title":{"rendered":"Energizer Auto Magnet &#038; Pivot Light"},"content":{"rendered":"<ul>\n<li>Energizer Auto Magnet &amp; Pivot Light con cabezal pivotante y base magn\u00e9tica<\/li>\n<li>Luz potente: Los LED de esta linterna de 300 l\u00famenes proporcionan un haz brillante y uniforme<\/li>\n<li>2 modos de linterna: Elija entre el modo alto y bajo para optimizar el brillo y el control de la duraci\u00f3n<\/li>\n<li>Construcci\u00f3n duradera resistente al agua: La linterna resistente a la intemperie IPX4 tiene una lente irrompible y podr\u00eda resistir ca\u00eddas de hasta dos pisos de altura<\/li>\n<li>Energ\u00eda duradera: Esta linterna LED brilla hasta 30 horas en modo bajo<\/li>\n<li>Linterna manos libres: Esta linterna LED f\u00e1cil de usar tiene una base magn\u00e9tica que se adhiere a superficies met\u00e1licas para una sujeci\u00f3n resistente y un cabezal pivotante de 175 grados<\/li>\n<\/ul>\n","protected":false},"excerpt":{"rendered":"<p>Ilumine su entorno sin esfuerzo con la linterna brillante Energizer Auto Magnet &amp; Pivot Light de alto rendimiento. Ya sea que est\u00e9 enfrentando una emergencia en el autom\u00f3vil o en el hogar, trabajando en su autom\u00f3vil o haciendo bricolaje, esta luz LED de 300 l\u00famenes puede iluminar los espacios m\u00e1s oscuros. Elija entre el modo alto o bajo para elegir el haz perfecto para su actividad. La linterna vers\u00e1til se puede utilizar con el mango o con las manos libres, gracias a su soporte magn\u00e9tico que se fija a superficies met\u00e1licas para una sujeci\u00f3n resistente. Adem\u00e1s, su cabezal giratorio de 175 grados dirige la luz hacia donde m\u00e1s la necesita. La linterna est\u00e1 construida pensando en los profesionales y resiste ca\u00edda tras ca\u00edda, ya sea desde una escalera o desde un edificio de dos pisos.<\/p>\n","protected":false},"featured_media":0,"comment_status":"open","ping_status":"closed","template":"","meta":{"_acf_changed":false},"product_brand":[],"product_cat":[97],"product_tag":[],"class_list":{"0":"post-5558","1":"product","2":"type-product","3":"status-publish","5":"product_cat-handheld","7":"first","8":"instock","9":"shipping-taxable","10":"product-type-simple"},"acf":[],"_links":{"self":[{"href":"https:\/\/energizer.com\/eu\/spain\/wp-json\/wp\/v2\/product\/5558","targetHints":{"allow":["GET"]}}],"collection":[{"href":"https:\/\/energizer.com\/eu\/spain\/wp-json\/wp\/v2\/product"}],"about":[{"href":"https:\/\/energizer.com\/eu\/spain\/wp-json\/wp\/v2\/types\/product"}],"replies":[{"embeddable":true,"href":"https:\/\/energizer.com\/eu\/spain\/wp-json\/wp\/v2\/comments?post=5558"}],"version-history":[{"count":7,"href":"https:\/\/energizer.com\/eu\/spain\/wp-json\/wp\/v2\/product\/5558\/revisions"}],"predecessor-version":[{"id":10770,"href":"https:\/\/energizer.com\/eu\/spain\/wp-json\/wp\/v2\/product\/5558\/revisions\/10770"}],"wp:attachment":[{"href":"https:\/\/energizer.com\/eu\/spain\/wp-json\/wp\/v2\/media?parent=5558"}],"wp:term":[{"taxonomy":"product_brand","embeddable":true,"href":"https:\/\/energizer.com\/eu\/spain\/wp-json\/wp\/v2\/product_brand?post=5558"},{"taxonomy":"product_cat","embeddable":true,"href":"https:\/\/energizer.com\/eu\/spain\/wp-json\/wp\/v2\/product_cat?post=5558"},{"taxonomy":"product_tag","embeddable":true,"href":"https:\/\/energizer.com\/eu\/spain\/wp-json\/wp\/v2\/product_tag?post=5558"}],"curies":[{"name":"wp","href":"https:\/\/api.w.org\/{rel}","templated":true}]}}