{"id":5574,"date":"2024-05-22T14:39:20","date_gmt":"2024-05-22T14:39:20","guid":{"rendered":"https:\/\/23b13e8ab3.nxcli.io\/spain\/?post_type=product&#038;p=5574"},"modified":"2024-12-10T11:28:43","modified_gmt":"2024-12-10T11:28:43","slug":"energizer-pro-series-hybrid-work-light","status":"publish","type":"product","link":"https:\/\/energizer.com\/eu\/spain\/product\/energizer-pro-series-hybrid-work-light\/","title":{"rendered":"Energizer Pro Series Hybrid Work Light"},"content":{"rendered":"<ul>\n<li>Panel de trabajo Energizer Pro Series con alto CRI<\/li>\n<li>Tecnolog\u00eda LED: Esta linterna LED de alto rendimiento de 1000 l\u00famenes incluye Alto \u00cdndice de Reproducci\u00f3n Crom\u00e1tica para una claridad de color de alta definici\u00f3n, ideal para cualquier proyecto<\/li>\n<li>Energ\u00eda h\u00edbrida: La linterna liviana y f\u00e1cil de usar funciona con bater\u00edas recargables o 3xAA, lo que lo cubre en caso de cortes de energ\u00eda, hazlo t\u00fa mismo y m\u00e1s<\/li>\n<li>4 modos de luz: Elija un modo que se adapte a sus diferentes necesidades de iluminaci\u00f3n, eligiendo entre luz alta, media, baja y de foco<\/li>\n<li>Horas de duraci\u00f3n: \u202fEsta linterna Energizer confiable y duradera puede brillar hasta 60 horas\u00a0en modo bajo *Con bater\u00eda de iones de litio<\/li>\n<li>Dise\u00f1o inteligente: Esta linterna ligera cuenta con un gancho para colgar, una base magn\u00e9tica y un tr\u00edpode adaptable para uso con manos libres<\/li>\n<li>Energ\u00eda recargable: Utilice el puerto de salida USB de esta luz de trabajo para cargar su tel\u00e9fono o cualquier otro dispositivo inteligente<\/li>\n<\/ul>\n","protected":false},"excerpt":{"rendered":"<p>Ilumine su entorno sin esfuerzo con este panel de trabajo de alto rendimiento. La linterna de trabajo h\u00edbrida Energizer Pro Series proporciona luz hasta 60 horas* en modo bajo, ideal para bricolaje o proyectos de trabajo exigentes. Este panel de luz LED de 1000 l\u00famenes incluye Alto \u00cdndice de Reproducci\u00f3n Crom\u00e1tica para una claridad de color de alta definici\u00f3n, iluminando incluso los espacios m\u00e1s oscuros. Elija el modo de luz perfecto para su actividad: elija entre alta, media y baja luz de \u00e1rea, o luz directa con una distancia de haz de 150 m*. La linterna liviana y f\u00e1cil de usar funciona con bater\u00edas recargables o 3xAA, lo que lo cubre en caso de cortes de energ\u00eda, bricolaje y m\u00e1s.<\/p>\n","protected":false},"featured_media":0,"comment_status":"open","ping_status":"closed","template":"","meta":{"_acf_changed":false},"product_brand":[],"product_cat":[43],"product_tag":[],"class_list":{"0":"post-5574","1":"product","2":"type-product","3":"status-publish","5":"product_cat-hands-free","7":"first","8":"instock","9":"shipping-taxable","10":"product-type-simple"},"acf":[],"_links":{"self":[{"href":"https:\/\/energizer.com\/eu\/spain\/wp-json\/wp\/v2\/product\/5574","targetHints":{"allow":["GET"]}}],"collection":[{"href":"https:\/\/energizer.com\/eu\/spain\/wp-json\/wp\/v2\/product"}],"about":[{"href":"https:\/\/energizer.com\/eu\/spain\/wp-json\/wp\/v2\/types\/product"}],"replies":[{"embeddable":true,"href":"https:\/\/energizer.com\/eu\/spain\/wp-json\/wp\/v2\/comments?post=5574"}],"version-history":[{"count":11,"href":"https:\/\/energizer.com\/eu\/spain\/wp-json\/wp\/v2\/product\/5574\/revisions"}],"predecessor-version":[{"id":10936,"href":"https:\/\/energizer.com\/eu\/spain\/wp-json\/wp\/v2\/product\/5574\/revisions\/10936"}],"wp:attachment":[{"href":"https:\/\/energizer.com\/eu\/spain\/wp-json\/wp\/v2\/media?parent=5574"}],"wp:term":[{"taxonomy":"product_brand","embeddable":true,"href":"https:\/\/energizer.com\/eu\/spain\/wp-json\/wp\/v2\/product_brand?post=5574"},{"taxonomy":"product_cat","embeddable":true,"href":"https:\/\/energizer.com\/eu\/spain\/wp-json\/wp\/v2\/product_cat?post=5574"},{"taxonomy":"product_tag","embeddable":true,"href":"https:\/\/energizer.com\/eu\/spain\/wp-json\/wp\/v2\/product_tag?post=5574"}],"curies":[{"name":"wp","href":"https:\/\/api.w.org\/{rel}","templated":true}]}}