{"id":5741,"date":"2024-05-23T12:22:04","date_gmt":"2024-05-23T12:22:04","guid":{"rendered":"https:\/\/23b13e8ab3.nxcli.io\/sweden\/?page_id=5741"},"modified":"2024-08-03T08:12:11","modified_gmt":"2024-08-03T08:12:11","slug":"top-5-ways-to-prepare-for-a-power-outage","status":"publish","type":"page","link":"https:\/\/energizer.com\/eu\/sweden\/responsibility\/top-5-ways-to-prepare-for-a-power-outage\/","title":{"rendered":"Top 5 Ways to Prepare for a Power Outage"},"content":{"rendered":"\t\t<div data-elementor-type=\"wp-page\" data-elementor-id=\"5741\" class=\"elementor elementor-5741\" data-elementor-post-type=\"page\">\n\t\t\t\t<div class=\"elementor-element elementor-element-9b5c823 e-flex e-con-boxed e-con e-parent\" data-id=\"9b5c823\" data-element_type=\"container\" data-e-type=\"container\">\n\t\t\t\t\t<div class=\"e-con-inner\">\n\t\t\t\t<div class=\"elementor-element elementor-element-7fe5857 elementor-widget elementor-widget-heading\" data-id=\"7fe5857\" data-element_type=\"widget\" data-e-type=\"widget\" data-widget_type=\"heading.default\">\n\t\t\t\t<div class=\"elementor-widget-container\">\n\t\t\t\t\t<h1 class=\"elementor-heading-title elementor-size-default\">De fem vanligaste misstagen m\u00e4nniskor g\u00f6r\nvid ett str\u00f6mavbrott<\/h1>\t\t\t\t<\/div>\n\t\t\t\t<\/div>\n\t\t\t\t<div class=\"elementor-element elementor-element-7d72013 elementor-widget-divider--view-line elementor-widget elementor-widget-divider\" data-id=\"7d72013\" data-element_type=\"widget\" data-e-type=\"widget\" data-widget_type=\"divider.default\">\n\t\t\t\t<div class=\"elementor-widget-container\">\n\t\t\t\t\t\t\t<div class=\"elementor-divider\">\n\t\t\t<span class=\"elementor-divider-separator\">\n\t\t\t\t\t\t<\/span>\n\t\t<\/div>\n\t\t\t\t\t\t<\/div>\n\t\t\t\t<\/div>\n\t\t\t\t\t<\/div>\n\t\t\t\t<\/div>\n\t\t<div class=\"elementor-element elementor-element-071971a e-flex e-con-boxed e-con e-parent\" data-id=\"071971a\" data-element_type=\"container\" data-e-type=\"container\">\n\t\t\t\t\t<div class=\"e-con-inner\">\n\t\t<div class=\"elementor-element elementor-element-679043e e-con-full e-flex e-con e-child\" data-id=\"679043e\" data-element_type=\"container\" data-e-type=\"container\">\n\t\t\t\t<div class=\"elementor-element elementor-element-a5c88d5 elementor-widget elementor-widget-text-editor\" data-id=\"a5c88d5\" data-element_type=\"widget\" data-e-type=\"widget\" data-widget_type=\"text-editor.default\">\n\t\t\t\t<div class=\"elementor-widget-container\">\n\t\t\t\t\t\t\t\t\t<p>Stormar, orkaner, \u00f6versv\u00e4mningar och tornados leder till str\u00f6mavbrott. Och det verkar att det h\u00e4nder mer nu \u00e4n n\u00e5gonsin tidigare. Kolla in n\u00e5gra av de vanligaste misstagen m\u00e4nniskor g\u00f6r innan s\u00e4songen b\u00f6rjar, s\u00e5 att du enkelt kan undvika dem och bem\u00e4stra katastrofberedskap.:<\/p>\t\t\t\t\t\t\t\t<\/div>\n\t\t\t\t<\/div>\n\t\t\t\t<div class=\"elementor-element elementor-element-7739ae2 elementor-widget__width-inherit elementor-widget elementor-widget-text-editor\" data-id=\"7739ae2\" data-element_type=\"widget\" data-e-type=\"widget\" data-widget_type=\"text-editor.default\">\n\t\t\t\t<div class=\"elementor-widget-container\">\n\t\t\t\t\t\t\t\t\t<h2>1. Att inte lagra tillr\u00e4ckligt med vatten<\/h2><p>T\u00e4nk p\u00e5 hur m\u00e5nga liter vatten du skulle k\u00f6pa f\u00f6r att f\u00f6rbereda dig inf\u00f6r en orkan. Multiplicera nu detta g\u00e5nger 4! Vatten \u00e4r livsviktigt, och det \u00e4r l\u00e4tt att underskatta. \u00c4ven om stormarnas allvarlighetsgrad varierar och tj\u00e4nster som vatten och el ibland kan \u00e5terupptas snabbt, kan du aldrig vara f\u00f6r mycket f\u00f6rberedd p\u00e5 st\u00f6rre st\u00f6rningar. Fr\u00e5n enkla behov som att dricka och laga mat, till mindre uppenbara saker som att bada och tv\u00e4tta kl\u00e4der, m\u00e5ste du fylla p\u00e5 ett n\u00f6dvattenf\u00f6rr\u00e5d som f\u00f6rberedelse inf\u00f6r en storm.<\/p>\t\t\t\t\t\t\t\t<\/div>\n\t\t\t\t<\/div>\n\t\t\t\t<div class=\"elementor-element elementor-element-0363891 elementor-widget__width-inherit elementor-widget elementor-widget-text-editor\" data-id=\"0363891\" data-element_type=\"widget\" data-e-type=\"widget\" data-widget_type=\"text-editor.default\">\n\t\t\t\t<div class=\"elementor-widget-container\">\n\t\t\t\t\t\t\t\t\t<h3>2. Att gl\u00f6mma n\u00f6dmat<\/h3>\nN\u00e4r str\u00f6mavbrottet intr\u00e4ffar \u00e4r det l\u00e4tt att gl\u00f6mma att din vanliga pizza som kan anv\u00e4ndas i mikrov\u00e5gsugn kr\u00e4ver, ja, en mikrov\u00e5gsugn. Det \u00e4r d\u00e4rf\u00f6r det \u00e4r viktigt att alltid ha ett f\u00f6rr\u00e5d av hyllstabila livsmedel som h\u00e5ller dig och din familj m\u00e4tta. Bara f\u00f6r att det \u00e4r en utmaning att beh\u00e5lla produkterna betyder det inte att du m\u00e5ste kompromissa med att \u00e4ta h\u00e4lsosamt. Prova ekologiska varianter av olika soppor, torkat k\u00f6tt, frystorkad frukt, n\u00f6tter och fr\u00f6n.\t\t\t\t\t\t\t\t<\/div>\n\t\t\t\t<\/div>\n\t\t\t\t<div class=\"elementor-element elementor-element-b2da0a8 elementor-widget__width-inherit elementor-widget elementor-widget-text-editor\" data-id=\"b2da0a8\" data-element_type=\"widget\" data-e-type=\"widget\" data-widget_type=\"text-editor.default\">\n\t\t\t\t<div class=\"elementor-widget-container\">\n\t\t\t\t\t\t\t\t\t<h3>3. Att underskatta behovet av starkt ljus<\/h3><p><em>Energizer<\/em><sub>\u00ae<\/sub>\u00a0Weatheready<sub>\u00ae<\/sub>\u00a0Kompakt uppladdningsbar LED-lampa f\u00f6rblir ansluten f\u00f6r laddning och \u00f6verg\u00e5r till batteridrift vid str\u00f6mavbrott, s\u00e5 att den alltid \u00e4r redo n\u00e4r du beh\u00f6ver den med 3,5 timmars drifttid. Dess 25-lumen g\u00f6r det perfekt f\u00f6r att lysa upp g\u00e5ngen som ger dig \u00f6kad s\u00e4kerhet.<br \/>Om du beh\u00f6ver belysning p\u00e5 en yta, s\u00e5 ger 500-lumen\u00a0<em>Energizer<\/em><sub>\u00ae<\/sub>\u00a0Weatheready<sub>\u00ae<\/sub>\u00a0Emergency Folding Lantern som kan vridas f\u00f6r att ge 360\u00ba belysning som har s\u00e5 starkt ljus att den kan lysa upp ett helt rum.<br \/>F\u00f6r handsfree-belysning, den dropptestade och vattent\u00e5liga\u00a0<em>Energizer<\/em><sub>\u00ae<\/sub>\u00a0Vision LED Headlamp \u00e4r perfekt f\u00f6r att b\u00e4ra med sig f\u00f6rn\u00f6denheter, f\u00f6rbereda huset eller till och med h\u00e5lla ditt barn i handen n\u00e4r str\u00f6mmen ov\u00e4ntat g\u00e5r. Den ger dig ett vridbart str\u00e5lavst\u00e5nd p\u00e5 35 meter som \u00e4r upp till 4X ljusare \u00e4n standard LED-teknik.<\/p>\t\t\t\t\t\t\t\t<\/div>\n\t\t\t\t<\/div>\n\t\t\t\t<div class=\"elementor-element elementor-element-8b9b732 elementor-widget__width-inherit elementor-widget elementor-widget-text-editor\" data-id=\"8b9b732\" data-element_type=\"widget\" data-e-type=\"widget\" data-widget_type=\"text-editor.default\">\n\t\t\t\t<div class=\"elementor-widget-container\">\n\t\t\t\t\t\t\t\t\t<h3>4. Att vara underf\u00f6rberedd p\u00e5 str\u00f6mavbrott<\/h3>\nVissa str\u00f6mavbrott varar l\u00e4ngre \u00e4n vi f\u00f6rv\u00e4ntar oss, s\u00e5 sn\u00e5la inte med reservbatterierna. V\u00e4lj tillf\u00f6rlitliga varum\u00e4rken som\u00a0<em>Energizer<\/em><sub>\u00ae<\/sub>\u00a0Ultimate Lithium\u2122-batterier, har en h\u00e5llbarhet p\u00e5 20 \u00e5r*. De \u00e4r l\u00e4ckages\u00e4kra** och fungerar i extrema temperaturer, s\u00e5 att du kan vara redo f\u00f6r vad som helst. Ta tag i n\u00e5gra paket var och en av olika varianter f\u00f6r att s\u00e4kerst\u00e4lla att du har alla dina enheter t\u00e4ckta i h\u00e4ndelse av l\u00e4ngre str\u00f6mavbrott.\t\t\t\t\t\t\t\t<\/div>\n\t\t\t\t<\/div>\n\t\t\t\t<div class=\"elementor-element elementor-element-7e75c35 elementor-widget__width-inherit elementor-widget elementor-widget-text-editor\" data-id=\"7e75c35\" data-element_type=\"widget\" data-e-type=\"widget\" data-widget_type=\"text-editor.default\">\n\t\t\t\t<div class=\"elementor-widget-container\">\n\t\t\t\t\t\t\t\t\t<h3>5. Att f\u00f6rbise radion<\/h3>\nN\u00f6dberedskap inkluderar att h\u00e5lla kontakten, men ett d\u00f6tt telefonbatteri och Wi-Fi-signal kan g\u00f6ra det utmanande. Det \u00e4r d\u00e4rf\u00f6r det \u00e4r smart att ha en batteridriven radio som en extra informationsk\u00e4lla. Och gl\u00f6m naturligtvis inte att kombinera den med Energizer\u00ae -batterier med l\u00e5ng livsl\u00e4ngd.\nAntingen det handlar om orkaner, \u00f6versv\u00e4mningar eller till och med en tornado kommer dessa ultimata f\u00f6rh\u00e5llningsregler \u2013 tillsammans med hj\u00e4lp av p\u00e5litliga, innovativa Energizer\u00ae-produkter med l\u00e5ng livsl\u00e4ngd \u2013 att s\u00e4kerst\u00e4lla att det inte finns n\u00e5gon prognos som du inte kan hantera. H\u00e5ll dig s\u00e4ker, torr och ljus!\t\t\t\t\t\t\t\t<\/div>\n\t\t\t\t<\/div>\n\t\t\t\t<div class=\"elementor-element elementor-element-8273855 elementor-widget__width-inherit elementor-widget elementor-widget-text-editor\" data-id=\"8273855\" data-element_type=\"widget\" data-e-type=\"widget\" data-widget_type=\"text-editor.default\">\n\t\t\t\t<div class=\"elementor-widget-container\">\n\t\t\t\t\t\t\t\t\t<p>*20 \u00e5rs h\u00e5llbarhet g\u00e4ller endast AA och AAA<br \/>**L\u00e4ckages\u00e4ker konstruktion g\u00e4ller AA, AAA, och 9\u00a0V<br \/>K\u00e4llor: FEMA, CNN, Red Cross<\/p>\t\t\t\t\t\t\t\t<\/div>\n\t\t\t\t<\/div>\n\t\t\t\t<\/div>\n\t\t\t\t\t<\/div>\n\t\t\t\t<\/div>\n\t\t\t\t<\/div>\n\t\t","protected":false},"excerpt":{"rendered":"<p>De fem vanligaste misstagen m\u00e4nniskor g\u00f6r vid ett str\u00f6mavbrott Stormar, orkaner, \u00f6versv\u00e4mningar och tornados leder till str\u00f6mavbrott. Och det verkar att det h\u00e4nder mer nu \u00e4n n\u00e5gonsin tidigare. Kolla in n\u00e5gra av de vanligaste misstagen m\u00e4nniskor g\u00f6r innan s\u00e4songen b\u00f6rjar, s\u00e5 att du enkelt kan undvika dem och bem\u00e4stra katastrofberedskap.: 1. Att inte lagra tillr\u00e4ckligt [&hellip;]<\/p>\n","protected":false},"author":1,"featured_media":0,"parent":4680,"menu_order":0,"comment_status":"closed","ping_status":"closed","template":"elementor_header_footer","meta":{"_acf_changed":false,"footnotes":""},"class_list":["post-5741","page","type-page","status-publish","hentry"],"acf":[],"_links":{"self":[{"href":"https:\/\/energizer.com\/eu\/sweden\/wp-json\/wp\/v2\/pages\/5741","targetHints":{"allow":["GET"]}}],"collection":[{"href":"https:\/\/energizer.com\/eu\/sweden\/wp-json\/wp\/v2\/pages"}],"about":[{"href":"https:\/\/energizer.com\/eu\/sweden\/wp-json\/wp\/v2\/types\/page"}],"author":[{"embeddable":true,"href":"https:\/\/energizer.com\/eu\/sweden\/wp-json\/wp\/v2\/users\/1"}],"replies":[{"embeddable":true,"href":"https:\/\/energizer.com\/eu\/sweden\/wp-json\/wp\/v2\/comments?post=5741"}],"version-history":[{"count":55,"href":"https:\/\/energizer.com\/eu\/sweden\/wp-json\/wp\/v2\/pages\/5741\/revisions"}],"predecessor-version":[{"id":9526,"href":"https:\/\/energizer.com\/eu\/sweden\/wp-json\/wp\/v2\/pages\/5741\/revisions\/9526"}],"up":[{"embeddable":true,"href":"https:\/\/energizer.com\/eu\/sweden\/wp-json\/wp\/v2\/pages\/4680"}],"wp:attachment":[{"href":"https:\/\/energizer.com\/eu\/sweden\/wp-json\/wp\/v2\/media?parent=5741"}],"curies":[{"name":"wp","href":"https:\/\/api.w.org\/{rel}","templated":true}]}}