{"id":3371,"date":"2024-05-13T07:33:39","date_gmt":"2024-05-13T07:33:39","guid":{"rendered":"http:\/\/64.91.246.76\/~energizer\/?post_type=product&#038;p=3371"},"modified":"2024-11-06T12:03:01","modified_gmt":"2024-11-06T12:03:01","slug":"energizer-max-plus-aaa","status":"publish","type":"product","link":"https:\/\/energizer.com\/eu\/sweden\/product\/energizer-max-plus-aaa\/","title":{"rendered":"ENERGIZER\u00ae MAX PLUS \u2122 &#8211; AAA"},"content":{"rendered":"<ul>\n<li>Energizer Max Plus AAA-batterier, alkaliska<\/li>\n<li>\u00a0R\u00e4cker l\u00e4ngst: Upp till 130 % l\u00e4ngre livsl\u00e4ngd AAA j\u00e4mf\u00f6rt med IEC 2015 standard minimi genomsnittlig varaktighet i leksaker<\/li>\n<li>Trusted Power: F\u00f6r dina mest efterfr\u00e5gade enheter, som fj\u00e4rrkontroller, klockor, kameror och leksaker<\/li>\n<li>L\u00e4ckageskydd: Varje AAA-batteri har en l\u00e4ckagebest\u00e4ndig konstruktion f\u00f6r att skydda dina enheter mot l\u00e4ckor och omfattas av Energizer No Leak Guarantee<\/li>\n<li>P\u00e5litlig: Energizer alkaliska batterierbevarar kraften i upp till 12 \u00e5r vid f\u00f6rvaring, s\u00e5 de \u00e4r redo n\u00e4r du beh\u00f6ver dem<\/li>\n<li>Energizer Innovation: Fr\u00e5n tillverkarna av AA-batteriet med v\u00e4rldens l\u00e4ngsta livsl\u00e4ngd, Energizer Ultimate Lithium<\/li>\n<li>100 % \u00e5tervinningsbar f\u00f6rpackning: Energizer-f\u00f6rpackningen \u00e4r 100 % \u00e5tervinningsbar, st\u00f6der ansvarsfullt skogsbruk och \u00e4r plastfri, exklusive f\u00f6rsegling p\u00e5 utvalda f\u00f6rpackningar<\/li>\n<\/ul>\n","protected":false},"excerpt":{"rendered":"<p>F\u00e5 ut det mesta av dina viktiga enheter med den p\u00e5litliga kraften hos nr.1 alkaliska AAA-batterier med l\u00e4ngsta livsl\u00e4ngd fr\u00e5n Energizer. Fyll p\u00e5 batterier f\u00f6r lampor, fj\u00e4rrkontrollbatterier och batterier f\u00f6r kameror, klockor och mer. Dessa Energizer-batterier bevarar kraften i upp till 12 \u00e5r vid f\u00f6rvaring och varje Energizer Max Plus alkaliska AAA batterier har en l\u00e4ckages\u00e4ker konstruktion som skyddar dina enheter mot l\u00e4ckor. Med Energizer \u00e4r kraften redo n\u00e4r du \u00e4r. Energizer Max Plus-serien inkluderar AA-batterier, s\u00e5v\u00e4l som AAA-, C-, D- och 9V-batterier, s\u00e5 det \u00e4r l\u00e4tt att hitta p\u00e5litlig kraft i den storlek du beh\u00f6ver.<\/p>\n","protected":false},"featured_media":0,"comment_status":"open","ping_status":"closed","template":"","meta":{"_acf_changed":false},"product_brand":[],"product_cat":[87],"product_tag":[],"class_list":{"0":"post-3371","1":"product","2":"type-product","3":"status-publish","5":"product_cat-energizer-max-plus","7":"first","8":"instock","9":"shipping-taxable","10":"product-type-simple"},"acf":[],"_links":{"self":[{"href":"https:\/\/energizer.com\/eu\/sweden\/wp-json\/wp\/v2\/product\/3371","targetHints":{"allow":["GET"]}}],"collection":[{"href":"https:\/\/energizer.com\/eu\/sweden\/wp-json\/wp\/v2\/product"}],"about":[{"href":"https:\/\/energizer.com\/eu\/sweden\/wp-json\/wp\/v2\/types\/product"}],"replies":[{"embeddable":true,"href":"https:\/\/energizer.com\/eu\/sweden\/wp-json\/wp\/v2\/comments?post=3371"}],"version-history":[{"count":13,"href":"https:\/\/energizer.com\/eu\/sweden\/wp-json\/wp\/v2\/product\/3371\/revisions"}],"predecessor-version":[{"id":10171,"href":"https:\/\/energizer.com\/eu\/sweden\/wp-json\/wp\/v2\/product\/3371\/revisions\/10171"}],"wp:attachment":[{"href":"https:\/\/energizer.com\/eu\/sweden\/wp-json\/wp\/v2\/media?parent=3371"}],"wp:term":[{"taxonomy":"product_brand","embeddable":true,"href":"https:\/\/energizer.com\/eu\/sweden\/wp-json\/wp\/v2\/product_brand?post=3371"},{"taxonomy":"product_cat","embeddable":true,"href":"https:\/\/energizer.com\/eu\/sweden\/wp-json\/wp\/v2\/product_cat?post=3371"},{"taxonomy":"product_tag","embeddable":true,"href":"https:\/\/energizer.com\/eu\/sweden\/wp-json\/wp\/v2\/product_tag?post=3371"}],"curies":[{"name":"wp","href":"https:\/\/api.w.org\/{rel}","templated":true}]}}