{"id":3415,"date":"2024-05-13T06:30:27","date_gmt":"2024-05-13T06:30:27","guid":{"rendered":"http:\/\/64.91.246.76\/~energizer\/?post_type=product&#038;p=3415"},"modified":"2024-11-07T04:53:15","modified_gmt":"2024-11-07T04:53:15","slug":"energizer-ultimate-lithium-9v","status":"publish","type":"product","link":"https:\/\/energizer.com\/eu\/sweden\/product\/energizer-ultimate-lithium-9v\/","title":{"rendered":"ENERGIZER\u00ae ULTIMATE LITHIUM &#8211; 9V"},"content":{"rendered":"<ul>\n<li>Energizer Ultimate Lithium 9V batterier<\/li>\n<li>R\u00e4cker l\u00e4ngst: Dessa 9V-batterier h\u00e5ller ig\u00e5ng dina n\u00f6dv\u00e4ndigheter<\/li>\n<li>Trusted Power: Litiumbatterier f\u00f6r r\u00f6kdetektorer, d\u00f6rrklockor, spelkonsoler, ficklampor och mer av dina vardagliga enheter<\/li>\n<li>P\u00e5litlig: Dessa litium 9V-batterier bevarar kraften i upp till 10 \u00e5r vid f\u00f6rvaring och klarar extrema temperaturer, fr\u00e5n -40\u00b0C till 60\u00b0C, f\u00f6r anv\u00e4ndning inomhus och utomhus \u00e5ret runt<\/li>\n<li>Energizer Innovation: Fr\u00e5n tillverkarna av v\u00e4rldens f\u00f6rsta AA-litiumbatteri 1992<\/li>\n<li>100 % \u00e5tervinningsbar f\u00f6rpackning: Energizer-f\u00f6rpackningen \u00e4r 100 % \u00e5tervinningsbar, st\u00f6der ansvarsfullt skogsbruk och \u00e4r plastfri, exklusive f\u00f6rsegling p\u00e5 utvalda f\u00f6rpackningar<\/li>\n<\/ul>\n","protected":false},"excerpt":{"rendered":"<p>F\u00e5 ut det mesta av dina h\u00f6gteknologiska enheter med den p\u00e5litliga kraften hos detta 9V-batteri fr\u00e5n Energizer som r\u00e4cker l\u00e4nge; Energizer Ultimate Lithium 9V. Fyll p\u00e5 litiumbatterier f\u00f6r brandvarnare och leksaker, samt batterier f\u00f6r d\u00f6rrklockor och ficklampor. Detta batteripaket \u00e4r ocks\u00e5 ett utm\u00e4rkt val om du beh\u00f6ver ett Energizer 9V-batteri till en rakapparat. Energizer 9V litiumbatterier bevarar kraften i upp till 10 \u00e5r vid f\u00f6rvaring s\u00e5 de \u00e4r alltid redo n\u00e4r du \u00e4r. Och Energizer Ultimate Lithium fungerar i extrema temperaturer \u2013 fr\u00e5n -40 \u00b0C till 60 \u00b0C \u2013 f\u00f6r kraft n\u00e4r du beh\u00f6ver den som mest. Energizer Ultimate Lithium-sortimentet inkluderar \u00e4ven AAA-batterier och AA-batterier, s\u00e5 det \u00e4r l\u00e4tt att hitta p\u00e5litlig kraft i den storlek du beh\u00f6ver.<\/p>\n","protected":false},"featured_media":0,"comment_status":"open","ping_status":"closed","template":"","meta":{"_acf_changed":false},"product_brand":[],"product_cat":[30],"product_tag":[],"class_list":{"0":"post-3415","1":"product","2":"type-product","3":"status-publish","5":"product_cat-energizer-ultimate-lithium","7":"first","8":"instock","9":"shipping-taxable","10":"product-type-simple"},"acf":[],"_links":{"self":[{"href":"https:\/\/energizer.com\/eu\/sweden\/wp-json\/wp\/v2\/product\/3415","targetHints":{"allow":["GET"]}}],"collection":[{"href":"https:\/\/energizer.com\/eu\/sweden\/wp-json\/wp\/v2\/product"}],"about":[{"href":"https:\/\/energizer.com\/eu\/sweden\/wp-json\/wp\/v2\/types\/product"}],"replies":[{"embeddable":true,"href":"https:\/\/energizer.com\/eu\/sweden\/wp-json\/wp\/v2\/comments?post=3415"}],"version-history":[{"count":14,"href":"https:\/\/energizer.com\/eu\/sweden\/wp-json\/wp\/v2\/product\/3415\/revisions"}],"predecessor-version":[{"id":10191,"href":"https:\/\/energizer.com\/eu\/sweden\/wp-json\/wp\/v2\/product\/3415\/revisions\/10191"}],"wp:attachment":[{"href":"https:\/\/energizer.com\/eu\/sweden\/wp-json\/wp\/v2\/media?parent=3415"}],"wp:term":[{"taxonomy":"product_brand","embeddable":true,"href":"https:\/\/energizer.com\/eu\/sweden\/wp-json\/wp\/v2\/product_brand?post=3415"},{"taxonomy":"product_cat","embeddable":true,"href":"https:\/\/energizer.com\/eu\/sweden\/wp-json\/wp\/v2\/product_cat?post=3415"},{"taxonomy":"product_tag","embeddable":true,"href":"https:\/\/energizer.com\/eu\/sweden\/wp-json\/wp\/v2\/product_tag?post=3415"}],"curies":[{"name":"wp","href":"https:\/\/api.w.org\/{rel}","templated":true}]}}