{"id":3426,"date":"2024-05-13T08:17:34","date_gmt":"2024-05-13T08:17:34","guid":{"rendered":"http:\/\/64.91.246.76\/~energizer\/?post_type=product&#038;p=3426"},"modified":"2024-11-06T08:08:16","modified_gmt":"2024-11-06T08:08:16","slug":"energizer-alkaline-power-c","status":"publish","type":"product","link":"https:\/\/energizer.com\/eu\/sweden\/product\/energizer-alkaline-power-c\/","title":{"rendered":"ENERGIZER\u00ae ALKALINE POWER &#8211; C"},"content":{"rendered":"<ul>\n<li>Energizer Alkaline Power C-batterier<\/li>\n<li>L\u00e5nglivad: P\u00e5litlig kraft f\u00f6r att h\u00e5lla dina enheter ig\u00e5ng<\/li>\n<li>Trusted Power: Energizer C-batterier f\u00f6r dina mest efterfr\u00e5gade vardagssaker, som leksaker, b\u00e4rbara radioapparater, ficklampor och mer<\/li>\n<li>P\u00e5litlig: Dessa Energizer alkaliska batterier bevarar kraften i upp till 7 \u00e5r vid f\u00f6rvaring, s\u00e5 de \u00e4r alltid redo n\u00e4r du beh\u00f6ver dem<\/li>\n<li>Energizer Innovation: Fr\u00e5n tillverkarna av AA-batteriet med v\u00e4rldens l\u00e4ngsta livsl\u00e4ngd, Energizer Ultimate Lithium<\/li>\n<\/ul>\n","protected":false},"excerpt":{"rendered":"<p>F\u00e5 ut det mesta av dina viktiga enheter med den p\u00e5litliga, l\u00e5ngvariga kraften du kan f\u00f6rv\u00e4nta dig av Energizer. Fyll p\u00e5 Energizer C alkaliska batterier f\u00f6r kameror, samt batterier f\u00f6r ficklampor, fj\u00e4rrkontroller, bluetooth-h\u00f6gtalare och leksaker. Dessa alkaliska batterier av C-storlek h\u00e5ller str\u00f6m i upp till 7 \u00e5r n\u00e4r de lagras. Med Energizer \u00e4r str\u00f6mmen redo n\u00e4r du \u00e4r. Energizer Alkaline Power-serien inkluderar \u00e4ven AA-, AAA-, D- och 9V batterier, s\u00e5 det \u00e4r l\u00e4tt att hitta p\u00e5litlig kraft i den storlek du beh\u00f6ver.<\/p>\n","protected":false},"featured_media":0,"comment_status":"open","ping_status":"closed","template":"","meta":{"_acf_changed":false},"product_brand":[],"product_cat":[57],"product_tag":[],"class_list":{"0":"post-3426","1":"product","2":"type-product","3":"status-publish","5":"product_cat-alkaline-power","7":"first","8":"instock","9":"shipping-taxable","10":"product-type-simple"},"acf":[],"_links":{"self":[{"href":"https:\/\/energizer.com\/eu\/sweden\/wp-json\/wp\/v2\/product\/3426","targetHints":{"allow":["GET"]}}],"collection":[{"href":"https:\/\/energizer.com\/eu\/sweden\/wp-json\/wp\/v2\/product"}],"about":[{"href":"https:\/\/energizer.com\/eu\/sweden\/wp-json\/wp\/v2\/types\/product"}],"replies":[{"embeddable":true,"href":"https:\/\/energizer.com\/eu\/sweden\/wp-json\/wp\/v2\/comments?post=3426"}],"version-history":[{"count":13,"href":"https:\/\/energizer.com\/eu\/sweden\/wp-json\/wp\/v2\/product\/3426\/revisions"}],"predecessor-version":[{"id":10149,"href":"https:\/\/energizer.com\/eu\/sweden\/wp-json\/wp\/v2\/product\/3426\/revisions\/10149"}],"wp:attachment":[{"href":"https:\/\/energizer.com\/eu\/sweden\/wp-json\/wp\/v2\/media?parent=3426"}],"wp:term":[{"taxonomy":"product_brand","embeddable":true,"href":"https:\/\/energizer.com\/eu\/sweden\/wp-json\/wp\/v2\/product_brand?post=3426"},{"taxonomy":"product_cat","embeddable":true,"href":"https:\/\/energizer.com\/eu\/sweden\/wp-json\/wp\/v2\/product_cat?post=3426"},{"taxonomy":"product_tag","embeddable":true,"href":"https:\/\/energizer.com\/eu\/sweden\/wp-json\/wp\/v2\/product_tag?post=3426"}],"curies":[{"name":"wp","href":"https:\/\/api.w.org\/{rel}","templated":true}]}}