{"id":4180,"date":"2024-05-16T06:47:11","date_gmt":"2024-05-16T06:47:11","guid":{"rendered":"https:\/\/23b13e8ab3.nxcli.io\/sweden\/?post_type=product&#038;p=4180"},"modified":"2024-11-08T11:59:23","modified_gmt":"2024-11-08T11:59:23","slug":"nergizer-electronic-batteries-lr44-a76","status":"publish","type":"product","link":"https:\/\/energizer.com\/eu\/sweden\/product\/nergizer-electronic-batteries-lr44-a76\/","title":{"rendered":"ENERGIZER\u00ae ELECTRONIC BATTERIES \u2013 LR44\/A76"},"content":{"rendered":"<ul>\n<li>Energizer LR44\/A76 Alkalisk knappcellsbatteri<\/li>\n<li>L\u00e5ng batteritid: P\u00e5litlig kraft f\u00f6r att h\u00e5lla dina enheter ig\u00e5ng<\/li>\n<li>Betro: Levererar l\u00e5ngvarig, p\u00e5litlig prestanda i specialenheter som laserpekare, fj\u00e4rrkontroller, nyckelfria entr\u00e9system, klockor och leksaker<\/li>\n<li>P\u00e5litliga: Varje LR44\/A76-batteri beh\u00e5ller laddningen i upp till 3 \u00e5r vid f\u00f6rvaring, s\u00e5 de \u00e4r alltid redo n\u00e4r du beh\u00f6ver dem<\/li>\n<li>Specifikation: LR44\/A76 (eller V13GA, 4276, KA76) storlek, alkalisk knappcell, 1,5 volt a av v\u00e4rldens l\u00e4ngst varande AA-batterier AA-batteriet med v\u00e4rldens l\u00e4ngsta livsl\u00e4ngd, Energizer Ultimate Lithium<\/li>\n<\/ul>\n","protected":false},"excerpt":{"rendered":"<p>Anv\u00e4nd Energizer p\u00e5litliga och l\u00e5nglivade batterier till alla dina viktiga prylar. Se till att fylla p\u00e5 hemma med Energizer LR44\/A76 alkaliska batterier f\u00f6r klockor, pulsm\u00e4tare, fj\u00e4rrkontroller, leksaker och nyckel\u00f6sa passersystem. Energizer LR44\/A76 alkaliska knappcellsbatterier bevarar kraften i upp till 3 \u00e5r vid f\u00f6rvaring, vilket inneb\u00e4r att du alltid kan ha n\u00e5gra hemma. Energizer batteriserie inneh\u00e5ller ocks\u00e5 2032-, 2025- and 2016-batterier. Det inneb\u00e4r att du erbjuds p\u00e5litlig kraft oavsett vilken batteristorlek du v\u00e4ljer. Om du vill ha uppladdningsbara batterier, s\u00f6k efter Energizer Recharge \u2013 det perfekta valet f\u00f6r toppmoderna enheter.<\/p>\n","protected":false},"featured_media":0,"comment_status":"open","ping_status":"closed","template":"","meta":{"_acf_changed":false},"product_brand":[],"product_cat":[58],"product_tag":[],"class_list":{"0":"post-4180","1":"product","2":"type-product","3":"status-publish","5":"product_cat-specialty","7":"first","8":"instock","9":"shipping-taxable","10":"product-type-simple"},"acf":[],"_links":{"self":[{"href":"https:\/\/energizer.com\/eu\/sweden\/wp-json\/wp\/v2\/product\/4180","targetHints":{"allow":["GET"]}}],"collection":[{"href":"https:\/\/energizer.com\/eu\/sweden\/wp-json\/wp\/v2\/product"}],"about":[{"href":"https:\/\/energizer.com\/eu\/sweden\/wp-json\/wp\/v2\/types\/product"}],"replies":[{"embeddable":true,"href":"https:\/\/energizer.com\/eu\/sweden\/wp-json\/wp\/v2\/comments?post=4180"}],"version-history":[{"count":15,"href":"https:\/\/energizer.com\/eu\/sweden\/wp-json\/wp\/v2\/product\/4180\/revisions"}],"predecessor-version":[{"id":10375,"href":"https:\/\/energizer.com\/eu\/sweden\/wp-json\/wp\/v2\/product\/4180\/revisions\/10375"}],"wp:attachment":[{"href":"https:\/\/energizer.com\/eu\/sweden\/wp-json\/wp\/v2\/media?parent=4180"}],"wp:term":[{"taxonomy":"product_brand","embeddable":true,"href":"https:\/\/energizer.com\/eu\/sweden\/wp-json\/wp\/v2\/product_brand?post=4180"},{"taxonomy":"product_cat","embeddable":true,"href":"https:\/\/energizer.com\/eu\/sweden\/wp-json\/wp\/v2\/product_cat?post=4180"},{"taxonomy":"product_tag","embeddable":true,"href":"https:\/\/energizer.com\/eu\/sweden\/wp-json\/wp\/v2\/product_tag?post=4180"}],"curies":[{"name":"wp","href":"https:\/\/api.w.org\/{rel}","templated":true}]}}