{"id":4215,"date":"2024-05-16T07:23:31","date_gmt":"2024-05-16T07:23:31","guid":{"rendered":"https:\/\/23b13e8ab3.nxcli.io\/sweden\/?post_type=product&#038;p=4215"},"modified":"2024-11-07T06:32:53","modified_gmt":"2024-11-07T06:32:53","slug":"energizer-electronic-batteries-a27","status":"publish","type":"product","link":"https:\/\/energizer.com\/eu\/sweden\/product\/energizer-electronic-batteries-a27\/","title":{"rendered":"ENERGIZER\u00ae ELECTRONIC BATTERIES \u2013 A27"},"content":{"rendered":"<ul>\n<li>\u00a0Energizer A27 Miniature Alkaline 12V-batterier, som ger l\u00e5ngvarig l\u00e5nglivad, p\u00e5litlig kraft till dina enheter<\/li>\n<li>Kompatibel med en m\u00e4ngd olika enheter, inklusive din kamera, videospelskontroller, Bluetooth-headset och glukos- och blodmonitorer<\/li>\n<li>Cellstorlek: A27; Typ: Alkalisk miniatyr; Volt: 12<\/li>\n<li>Ers\u00e4ttning f\u00f6r: 27A, A27BP, G27A, GP27A, L828, MN27<\/li>\n<li>Dessa kvicksilverfria Energizer Alkaline-batterier driver p\u00e5 ett ansvarsfullt s\u00e4tt enheter med mindre p\u00e5verkan p\u00e5 milj\u00f6n<\/li>\n<li>Kraftfull: Energizer Special Batterier \u00e4r byggda f\u00f6r att uppfylla kraven f\u00f6r dagens kraftfulla enheter<\/li>\n<\/ul>\n","protected":false},"excerpt":{"rendered":"<p>Speciella enheter kr\u00e4ver en speciell energiniv\u00e5: Det \u00e4r d\u00e4rf\u00f6r v\u00e5ra kvicksilverfria Energizer A27 specialbatterier levererar p\u00e5litlig kraft till alla dina prylar. Oavsett om det \u00e4r f\u00f6r dina Bluetooth-headset, spelkontroller, kameror eller medicinska enheter, kommer du att vara s\u00e4ker p\u00e5 att v\u00e4lja r\u00e4tt A27 miniatyr alkaliska batteri med Energizer. Prova dem och se hur dessa miniatyrbatterier blir stora n\u00e4r det kommer till l\u00e5nglivad prestanda.<\/p>\n","protected":false},"featured_media":0,"comment_status":"open","ping_status":"closed","template":"","meta":{"_acf_changed":false},"product_brand":[],"product_cat":[58],"product_tag":[],"class_list":{"0":"post-4215","1":"product","2":"type-product","3":"status-publish","5":"product_cat-specialty","7":"first","8":"instock","9":"shipping-taxable","10":"product-type-simple"},"acf":[],"_links":{"self":[{"href":"https:\/\/energizer.com\/eu\/sweden\/wp-json\/wp\/v2\/product\/4215","targetHints":{"allow":["GET"]}}],"collection":[{"href":"https:\/\/energizer.com\/eu\/sweden\/wp-json\/wp\/v2\/product"}],"about":[{"href":"https:\/\/energizer.com\/eu\/sweden\/wp-json\/wp\/v2\/types\/product"}],"replies":[{"embeddable":true,"href":"https:\/\/energizer.com\/eu\/sweden\/wp-json\/wp\/v2\/comments?post=4215"}],"version-history":[{"count":10,"href":"https:\/\/energizer.com\/eu\/sweden\/wp-json\/wp\/v2\/product\/4215\/revisions"}],"predecessor-version":[{"id":10212,"href":"https:\/\/energizer.com\/eu\/sweden\/wp-json\/wp\/v2\/product\/4215\/revisions\/10212"}],"wp:attachment":[{"href":"https:\/\/energizer.com\/eu\/sweden\/wp-json\/wp\/v2\/media?parent=4215"}],"wp:term":[{"taxonomy":"product_brand","embeddable":true,"href":"https:\/\/energizer.com\/eu\/sweden\/wp-json\/wp\/v2\/product_brand?post=4215"},{"taxonomy":"product_cat","embeddable":true,"href":"https:\/\/energizer.com\/eu\/sweden\/wp-json\/wp\/v2\/product_cat?post=4215"},{"taxonomy":"product_tag","embeddable":true,"href":"https:\/\/energizer.com\/eu\/sweden\/wp-json\/wp\/v2\/product_tag?post=4215"}],"curies":[{"name":"wp","href":"https:\/\/api.w.org\/{rel}","templated":true}]}}