{"id":4441,"date":"2024-05-16T12:23:35","date_gmt":"2024-05-16T12:23:35","guid":{"rendered":"https:\/\/23b13e8ab3.nxcli.io\/sweden\/?post_type=product&#038;p=4441"},"modified":"2024-11-07T07:32:45","modified_gmt":"2024-11-07T07:32:45","slug":"energizer-photo-lithium-batteries-2cr5","status":"publish","type":"product","link":"https:\/\/energizer.com\/eu\/sweden\/product\/energizer-photo-lithium-batteries-2cr5\/","title":{"rendered":"ENERGIZER\u00ae PHOTO LITHIUM BATTERIES \u2013 2CR5"},"content":{"rendered":"<ul>\n<li>\u00a0Energizer 2CR5 litiumfotobatterie gvarig l\u00e5nglivad prestanda f\u00f6r din kamera, bild efter bild<\/li>\n<li>Kompatibel med dagens h\u00f6gteknologiska, str\u00f6mkr\u00e4vande enheter: Perfekt f\u00f6r film och digitalkameror<\/li>\n<li>Typ: Litium; Volt: 6<\/li>\n<li>Ers\u00e4ttning f\u00f6r: DL245, KL2CR5<\/li>\n<li>Kraftfull: Energizer Fotobatterier \u00e4r byggda f\u00f6r att uppfylla kraven f\u00f6r dagens kraftfulla enheter<\/li>\n<\/ul>\n","protected":false},"excerpt":{"rendered":"<p>Anv\u00e4nd Energizer p\u00e5litliga och l\u00e5nglivade batterier till alla dina viktiga prylar. Se till att fylla p\u00e5 hemma med Energizer CR2025-batterier till klockor, b\u00e4rbara enheter, nyckelbrickor, fj\u00e4rrkontroller och larmsensorer. Det h\u00e4r batteriet \u00e4r ocks\u00e5 ett utm\u00e4rkt val om du beh\u00f6ver ett nytt bilnyckelbatteri. Varje Energizer litium CR2025-batteri bevarar kraften i upp till 10 \u00e5r vid f\u00f6rvaring. Batterierna t\u00e5l temperaturer fr\u00e5n -30 \u00b0C till 60 \u00b0C. De inneh\u00e5ller inget kvicksilver och f\u00f6rvaras i barns\u00e4kra f\u00f6rpackningar.<\/p>\n","protected":false},"featured_media":0,"comment_status":"open","ping_status":"closed","template":"","meta":{"_acf_changed":false},"product_brand":[],"product_cat":[58],"product_tag":[],"class_list":{"0":"post-4441","1":"product","2":"type-product","3":"status-publish","5":"product_cat-specialty","7":"first","8":"instock","9":"shipping-taxable","10":"product-type-simple"},"acf":[],"_links":{"self":[{"href":"https:\/\/energizer.com\/eu\/sweden\/wp-json\/wp\/v2\/product\/4441","targetHints":{"allow":["GET"]}}],"collection":[{"href":"https:\/\/energizer.com\/eu\/sweden\/wp-json\/wp\/v2\/product"}],"about":[{"href":"https:\/\/energizer.com\/eu\/sweden\/wp-json\/wp\/v2\/types\/product"}],"replies":[{"embeddable":true,"href":"https:\/\/energizer.com\/eu\/sweden\/wp-json\/wp\/v2\/comments?post=4441"}],"version-history":[{"count":11,"href":"https:\/\/energizer.com\/eu\/sweden\/wp-json\/wp\/v2\/product\/4441\/revisions"}],"predecessor-version":[{"id":10229,"href":"https:\/\/energizer.com\/eu\/sweden\/wp-json\/wp\/v2\/product\/4441\/revisions\/10229"}],"wp:attachment":[{"href":"https:\/\/energizer.com\/eu\/sweden\/wp-json\/wp\/v2\/media?parent=4441"}],"wp:term":[{"taxonomy":"product_brand","embeddable":true,"href":"https:\/\/energizer.com\/eu\/sweden\/wp-json\/wp\/v2\/product_brand?post=4441"},{"taxonomy":"product_cat","embeddable":true,"href":"https:\/\/energizer.com\/eu\/sweden\/wp-json\/wp\/v2\/product_cat?post=4441"},{"taxonomy":"product_tag","embeddable":true,"href":"https:\/\/energizer.com\/eu\/sweden\/wp-json\/wp\/v2\/product_tag?post=4441"}],"curies":[{"name":"wp","href":"https:\/\/api.w.org\/{rel}","templated":true}]}}