{"id":4449,"date":"2024-05-29T10:45:54","date_gmt":"2024-05-29T10:45:54","guid":{"rendered":"https:\/\/23b13e8ab3.nxcli.io\/sweden\/?post_type=product&#038;p=4449"},"modified":"2024-12-26T10:28:57","modified_gmt":"2024-12-26T10:28:57","slug":"energizer-photo-lithium-batteries-123","status":"publish","type":"product","link":"https:\/\/energizer.com\/eu\/sweden\/product\/energizer-photo-lithium-batteries-123\/","title":{"rendered":"ENERGIZER\u00ae PHOTO LITHIUM BATTERIES \u2013 123"},"content":{"rendered":"<ul>\n<li>Energizer 123 Fotobatteri av litiumtyp f\u00f6r l\u00e5ngvarig kameraprestanda, varje bild<\/li>\n<li>Kompatibel med dagens h\u00f6gteknologiska enheter: Fotobatterier fr\u00e5n Energizer ger p\u00e5litlig prestanda i ficklampor, digitalkameror, digitala videokameror, smarta enheter i hemmet, blixtar f\u00f6r kameror, lasrar och mycket annat<\/li>\n<li>\u00a0Tillf\u00f6rlitliga och redo n\u00e4r du beh\u00f6ver dem: p\u00e5 upp till 10 \u00e5r bevarar kraften i upp till 10 \u00e5r vid f\u00f6rvaring, vilket inneb\u00e4r att du alltid kan ha fungerande batterier n\u00e4ra till hands<\/li>\n<li>Typ: Litium; Volt: 3<\/li>\n<li>Ers\u00e4ttning f\u00f6r: DL123A, CR17345, CR123A, K123LA<\/li>\n<li>Kraftfull: Fotobatterier fr\u00e5n Energizer \u00e4r konstruerade f\u00f6r att klara behoven hos dagens h\u00f6geffektsenheter<\/li>\n<\/ul>\n","protected":false},"excerpt":{"rendered":"<p>Missa aldrig att f\u00e5nga ett \u00f6gonblick: Energizer 123 fotobatterier ger exakt, l\u00e5ngvarig prestanda till din kamera och fotoutrustning. Men det stannar inte vid bilder: Dessa litiumbatterier kan ocks\u00e5 anv\u00e4ndas i avancerade ficklampor, digitalkameror, digitala videokameror, smarta enheter i hemmet, blixtar till kameror, lasrar och mycket annat. Med en lagringstid p\u00e5 upp till 10 \u00e5r kan du vara s\u00e4ker p\u00e5 att de h\u00e5ller sig fr\u00e4scha tills du beh\u00f6ver dem.<\/p>\n","protected":false},"featured_media":0,"comment_status":"open","ping_status":"closed","template":"","meta":{"_acf_changed":false},"product_brand":[],"product_cat":[58],"product_tag":[],"class_list":{"0":"post-4449","1":"product","2":"type-product","3":"status-publish","5":"product_cat-specialty","7":"first","8":"instock","9":"shipping-taxable","10":"product-type-simple"},"acf":[],"_links":{"self":[{"href":"https:\/\/energizer.com\/eu\/sweden\/wp-json\/wp\/v2\/product\/4449","targetHints":{"allow":["GET"]}}],"collection":[{"href":"https:\/\/energizer.com\/eu\/sweden\/wp-json\/wp\/v2\/product"}],"about":[{"href":"https:\/\/energizer.com\/eu\/sweden\/wp-json\/wp\/v2\/types\/product"}],"replies":[{"embeddable":true,"href":"https:\/\/energizer.com\/eu\/sweden\/wp-json\/wp\/v2\/comments?post=4449"}],"version-history":[{"count":15,"href":"https:\/\/energizer.com\/eu\/sweden\/wp-json\/wp\/v2\/product\/4449\/revisions"}],"predecessor-version":[{"id":10458,"href":"https:\/\/energizer.com\/eu\/sweden\/wp-json\/wp\/v2\/product\/4449\/revisions\/10458"}],"wp:attachment":[{"href":"https:\/\/energizer.com\/eu\/sweden\/wp-json\/wp\/v2\/media?parent=4449"}],"wp:term":[{"taxonomy":"product_brand","embeddable":true,"href":"https:\/\/energizer.com\/eu\/sweden\/wp-json\/wp\/v2\/product_brand?post=4449"},{"taxonomy":"product_cat","embeddable":true,"href":"https:\/\/energizer.com\/eu\/sweden\/wp-json\/wp\/v2\/product_cat?post=4449"},{"taxonomy":"product_tag","embeddable":true,"href":"https:\/\/energizer.com\/eu\/sweden\/wp-json\/wp\/v2\/product_tag?post=4449"}],"curies":[{"name":"wp","href":"https:\/\/api.w.org\/{rel}","templated":true}]}}