{"id":4574,"date":"2024-05-29T10:46:08","date_gmt":"2024-05-29T10:46:08","guid":{"rendered":"https:\/\/23b13e8ab3.nxcli.io\/sweden\/?post_type=product&#038;p=4574"},"modified":"2024-12-26T10:29:01","modified_gmt":"2024-12-26T10:29:01","slug":"energizer-watch-batteries-377-376","status":"publish","type":"product","link":"https:\/\/energizer.com\/eu\/sweden\/product\/energizer-watch-batteries-377-376\/","title":{"rendered":"ENERGIZER\u00ae WATCH BATTERIES \u2013 377\/376"},"content":{"rendered":"<ul>\n<li>F\u00f6rdelarna med Energizer\u00ae kvicksilverfria multi-drain-batterier x000D_<\/li>\n<li>De har h\u00f6g prestanda \u2013 motsvarande v\u00e5rt kvicksilverinneh\u00e5llande batterisortiment l\u00e5ng h\u00e5llbarhet livsl\u00e4ngd \u2013 s\u00e5 de \u00e4r alltid redo n\u00e4r du beh\u00f6ver dem<\/li>\n<\/ul>\n","protected":false},"excerpt":{"rendered":"<p>\u00c5r 1957 tillverkade Energizer\u00ae\u00a0det f\u00f6rsta klockbatteriet, vilket innebar att folk inte l\u00e4ngre beh\u00f6vde vrida upp sina armbandsur. I\u00a0dag finns det fler \u00e4n 46 olika typer av klockbatterier p\u00e5 marknaden, vilket inneb\u00e4r att n\u00e5got som fr\u00e5n b\u00f6rjan var v\u00e4ldigt enkelt nu har blivit betydligt mer komplext. Vi har ett komplett utbud av klockbatterier f\u00f6r alla typer av batteridrivna klockor och vi har dessutom tagit fram en unik designinnovation som tillf\u00f6r enkelhet i en komplicerad v\u00e4rld \u2013 Energizer\u00ae\u00a0Multi Drain. Tack vare innovativ cellkemi kombinerar Multi Drain-batterierna de b\u00e4sta egenskaperna fr\u00e5n batterier f\u00f6r h\u00f6g och l\u00e5g f\u00f6rbrukning. Nu beh\u00f6ver du bara ett batteri oavsett str\u00f6mbehov. Energizer\u00ae\u00a0 multi-drian-teknik ger samma fantastiska prestanda f\u00f6r alla h\u00f6g- och l\u00e5gf\u00f6rbrukande enheter, fr\u00e5n enkla analoga klockor till de mest komplexa elektroniska digitalklockorna.<\/p>\n","protected":false},"featured_media":0,"comment_status":"open","ping_status":"closed","template":"","meta":{"_acf_changed":false},"product_brand":[],"product_cat":[58],"product_tag":[],"class_list":{"0":"post-4574","1":"product","2":"type-product","3":"status-publish","5":"product_cat-specialty","7":"first","8":"instock","9":"shipping-taxable","10":"product-type-simple"},"acf":[],"_links":{"self":[{"href":"https:\/\/energizer.com\/eu\/sweden\/wp-json\/wp\/v2\/product\/4574","targetHints":{"allow":["GET"]}}],"collection":[{"href":"https:\/\/energizer.com\/eu\/sweden\/wp-json\/wp\/v2\/product"}],"about":[{"href":"https:\/\/energizer.com\/eu\/sweden\/wp-json\/wp\/v2\/types\/product"}],"replies":[{"embeddable":true,"href":"https:\/\/energizer.com\/eu\/sweden\/wp-json\/wp\/v2\/comments?post=4574"}],"version-history":[{"count":18,"href":"https:\/\/energizer.com\/eu\/sweden\/wp-json\/wp\/v2\/product\/4574\/revisions"}],"predecessor-version":[{"id":10459,"href":"https:\/\/energizer.com\/eu\/sweden\/wp-json\/wp\/v2\/product\/4574\/revisions\/10459"}],"wp:attachment":[{"href":"https:\/\/energizer.com\/eu\/sweden\/wp-json\/wp\/v2\/media?parent=4574"}],"wp:term":[{"taxonomy":"product_brand","embeddable":true,"href":"https:\/\/energizer.com\/eu\/sweden\/wp-json\/wp\/v2\/product_brand?post=4574"},{"taxonomy":"product_cat","embeddable":true,"href":"https:\/\/energizer.com\/eu\/sweden\/wp-json\/wp\/v2\/product_cat?post=4574"},{"taxonomy":"product_tag","embeddable":true,"href":"https:\/\/energizer.com\/eu\/sweden\/wp-json\/wp\/v2\/product_tag?post=4574"}],"curies":[{"name":"wp","href":"https:\/\/api.w.org\/{rel}","templated":true}]}}