{"id":4581,"date":"2024-05-17T06:44:01","date_gmt":"2024-05-17T06:44:01","guid":{"rendered":"https:\/\/23b13e8ab3.nxcli.io\/sweden\/?post_type=product&#038;p=4581"},"modified":"2024-11-07T07:50:49","modified_gmt":"2024-11-07T07:50:49","slug":"energizer-watch-batteries-319","status":"publish","type":"product","link":"https:\/\/energizer.com\/eu\/sweden\/product\/energizer-watch-batteries-319\/","title":{"rendered":"ENERGIZER\u00ae WATCH BATTERIES \u2013 319"},"content":{"rendered":"<ul>\n<li>\u00a0Energizer 319 Silveroxid knappcellsbatteri 1,5 volt batteri rar l\u00e5ngvarig l\u00e5nglip\u00e5litlig str\u00f6m energi till dina knappbatteridrivna enheter, som medicinsk utrustning, minir\u00e4knare, leksaker 3 \u00e5r vid f\u00f6rvaring Bevarar kraften i upp till 3 \u00e5r vid f\u00f6rvaring, vilket s\u00e4kerst\u00e4ller att du har knappcellsbatterier redo n\u00e4r du beh\u00f6ver dem<\/li>\n<li>Cellstorlek: 319; Typ: Silveroxid; Volt: 1.5<\/li>\n<li>Ers\u00e4ttning f\u00f6r: S54, 280-60, D319, SR64, SR527SW, SP319, RW328, SB-AE, SB-DE, TR527SW, SR527 och V319<\/li>\n<li>V\u00e5ra knappcellsbatterier i ansvarsfullt utformade med kvicksilverfri noll kvicksilver<\/li>\n<\/ul>\n","protected":false},"excerpt":{"rendered":"<p>Det finns vanliga specialbatterier, och sedan finns det Energizer Specialbatterier. S\u00e5 f\u00e5 den h\u00e5llbara, p\u00e5litliga kraften som forts\u00e4tter med detta Energizer 319 Silveroxid knappcellsbatteri. Den levererar l\u00e5nglivad kraft till dina knappcellsbatteridrivna enheter, fr\u00e5n hush\u00e5llselektronik som nyckelfria portsystem, till e-b\u00f6cker, leksaker, minir\u00e4knare och klockor, till puls- och glukosm\u00e4tare. Och dessa kvicksilverfria knappcellsbatterier bevarar kraften i upp till 3 \u00e5r vid f\u00f6rvaring. V\u00e4lj Energizer specialbatterier f\u00f6r l\u00e5nglivad kraft som du kan lita p\u00e5 n\u00e4r du beh\u00f6ver den.<\/p>\n","protected":false},"featured_media":0,"comment_status":"open","ping_status":"closed","template":"","meta":{"_acf_changed":false},"product_brand":[],"product_cat":[58],"product_tag":[],"class_list":{"0":"post-4581","1":"product","2":"type-product","3":"status-publish","5":"product_cat-specialty","7":"first","8":"instock","9":"shipping-taxable","10":"product-type-simple"},"acf":[],"_links":{"self":[{"href":"https:\/\/energizer.com\/eu\/sweden\/wp-json\/wp\/v2\/product\/4581","targetHints":{"allow":["GET"]}}],"collection":[{"href":"https:\/\/energizer.com\/eu\/sweden\/wp-json\/wp\/v2\/product"}],"about":[{"href":"https:\/\/energizer.com\/eu\/sweden\/wp-json\/wp\/v2\/types\/product"}],"replies":[{"embeddable":true,"href":"https:\/\/energizer.com\/eu\/sweden\/wp-json\/wp\/v2\/comments?post=4581"}],"version-history":[{"count":8,"href":"https:\/\/energizer.com\/eu\/sweden\/wp-json\/wp\/v2\/product\/4581\/revisions"}],"predecessor-version":[{"id":10237,"href":"https:\/\/energizer.com\/eu\/sweden\/wp-json\/wp\/v2\/product\/4581\/revisions\/10237"}],"wp:attachment":[{"href":"https:\/\/energizer.com\/eu\/sweden\/wp-json\/wp\/v2\/media?parent=4581"}],"wp:term":[{"taxonomy":"product_brand","embeddable":true,"href":"https:\/\/energizer.com\/eu\/sweden\/wp-json\/wp\/v2\/product_brand?post=4581"},{"taxonomy":"product_cat","embeddable":true,"href":"https:\/\/energizer.com\/eu\/sweden\/wp-json\/wp\/v2\/product_cat?post=4581"},{"taxonomy":"product_tag","embeddable":true,"href":"https:\/\/energizer.com\/eu\/sweden\/wp-json\/wp\/v2\/product_tag?post=4581"}],"curies":[{"name":"wp","href":"https:\/\/api.w.org\/{rel}","templated":true}]}}