{"id":4723,"date":"2024-05-17T08:41:40","date_gmt":"2024-05-17T08:41:40","guid":{"rendered":"https:\/\/23b13e8ab3.nxcli.io\/sweden\/?post_type=product&#038;p=4723"},"modified":"2024-08-22T07:16:07","modified_gmt":"2024-08-22T07:16:07","slug":"energizer-mini-charger","status":"publish","type":"product","link":"https:\/\/energizer.com\/eu\/sweden\/product\/energizer-mini-charger\/","title":{"rendered":"ENERGIZER\u00ae MINI CHARGER"},"content":{"rendered":"<ul>\n<li>Laddar ett eller tv\u00e5 uppladdningsbara AA- eller AAA-batterier \u00f6ver natten<\/li>\n<li>LED-indikator f\u00f6r laddningsstatus talar om f\u00f6r dig n\u00e4r batterierna laddas<\/li>\n<li>Skydd mot omv\u00e4nd polaritet<\/li>\n<li>Automatisk avst\u00e4ngningsmekanism via timer<\/li>\n<li>Energizer\u00ae Rechargeable, v\u00e4rldens b\u00e4st s\u00e4ljande varum\u00e4rke f\u00f6r uppladdningsbara batterier enligt skanningsdata<\/li>\n<\/ul>\n","protected":false},"excerpt":{"rendered":"<p>Energizer\u00ae Mini Charger \u00e4r perfekt n\u00e4r du \u00e4r p\u00e5 spr\u00e5ng och n\u00e4r du inte beh\u00f6ver ladda m\u00e5nga batterier p\u00e5 en g\u00e5ng. Den ultrakompakta batteriladdaren \u00e4r snygg och l\u00e4tt, vilket g\u00f6r den till en perfekt resekamrat som h\u00e5ller alla dina enheter ig\u00e5ng, vart du \u00e4n g\u00e5r.<\/p>\n","protected":false},"featured_media":0,"comment_status":"open","ping_status":"closed","template":"","meta":{"_acf_changed":false},"product_brand":[],"product_cat":[82],"product_tag":[],"class_list":{"0":"post-4723","1":"product","2":"type-product","3":"status-publish","5":"product_cat-recharge-battery-chargers","7":"first","8":"instock","9":"shipping-taxable","10":"product-type-simple"},"acf":[],"_links":{"self":[{"href":"https:\/\/energizer.com\/eu\/sweden\/wp-json\/wp\/v2\/product\/4723","targetHints":{"allow":["GET"]}}],"collection":[{"href":"https:\/\/energizer.com\/eu\/sweden\/wp-json\/wp\/v2\/product"}],"about":[{"href":"https:\/\/energizer.com\/eu\/sweden\/wp-json\/wp\/v2\/types\/product"}],"replies":[{"embeddable":true,"href":"https:\/\/energizer.com\/eu\/sweden\/wp-json\/wp\/v2\/comments?post=4723"}],"version-history":[{"count":7,"href":"https:\/\/energizer.com\/eu\/sweden\/wp-json\/wp\/v2\/product\/4723\/revisions"}],"predecessor-version":[{"id":9204,"href":"https:\/\/energizer.com\/eu\/sweden\/wp-json\/wp\/v2\/product\/4723\/revisions\/9204"}],"wp:attachment":[{"href":"https:\/\/energizer.com\/eu\/sweden\/wp-json\/wp\/v2\/media?parent=4723"}],"wp:term":[{"taxonomy":"product_brand","embeddable":true,"href":"https:\/\/energizer.com\/eu\/sweden\/wp-json\/wp\/v2\/product_brand?post=4723"},{"taxonomy":"product_cat","embeddable":true,"href":"https:\/\/energizer.com\/eu\/sweden\/wp-json\/wp\/v2\/product_cat?post=4723"},{"taxonomy":"product_tag","embeddable":true,"href":"https:\/\/energizer.com\/eu\/sweden\/wp-json\/wp\/v2\/product_tag?post=4723"}],"curies":[{"name":"wp","href":"https:\/\/api.w.org\/{rel}","templated":true}]}}