{"id":5191,"date":"2024-05-21T13:28:42","date_gmt":"2024-05-21T13:28:42","guid":{"rendered":"https:\/\/23b13e8ab3.nxcli.io\/sweden\/?post_type=product&#038;p=5191"},"modified":"2024-08-22T07:15:00","modified_gmt":"2024-08-22T07:15:00","slug":"energizer-rechargeable-headlight","status":"publish","type":"product","link":"https:\/\/energizer.com\/eu\/sweden\/product\/energizer-rechargeable-headlight\/","title":{"rendered":"Energizer Rechargeable Headlight"},"content":{"rendered":"<ul>\n<li>Idealisk f\u00f6r frekventa anv\u00e4ndare och milj\u00f6medvetna anv\u00e4ndare<\/li>\n<li>Uppladdningsbar (USB-kabel ing\u00e5r)<\/li>\n<li>Energizer Smart Dimming-teknik f\u00f6r att kontrollera ljusintensiteten<\/li>\n<li>VisionGuard skyddar synen genom att gradvis \u00f6ka ljusintensiteten<\/li>\n<li>R\u00f6da och gr\u00f6na lysdioder f\u00f6r m\u00f6rkerseende<\/li>\n<\/ul>\n","protected":false},"excerpt":{"rendered":"<p>Energizer Vision Ultra HD uppladdningsbar pannlampa ger enast\u00e5ende prestanda i en kompakt design. Pannlampan uppvisar innovativa egenskaper med sin laddningsbarhet (USB-port) och Energizer Smart Dimming-teknik som m\u00f6jligg\u00f6r enkel kontroll av ljusintensiteten. F\u00f6rutom de vita lysdioderna har denna lampa gr\u00f6na och r\u00f6da lysdioder som bevarar m\u00f6rkerseendet f\u00f6r utomhusaktiviteter som jakt och fiske. VisionGuard-tekniken \u00f6kar gradvis ljusintensiteten f\u00f6r att f\u00f6rhindra helljus rakt i anv\u00e4ndarens \u00f6gon.<\/p>\n","protected":false},"featured_media":0,"comment_status":"open","ping_status":"closed","template":"","meta":{"_acf_changed":false},"product_brand":[],"product_cat":[43],"product_tag":[],"class_list":{"0":"post-5191","1":"product","2":"type-product","3":"status-publish","5":"product_cat-hands-free","7":"first","8":"instock","9":"shipping-taxable","10":"product-type-simple"},"acf":[],"_links":{"self":[{"href":"https:\/\/energizer.com\/eu\/sweden\/wp-json\/wp\/v2\/product\/5191","targetHints":{"allow":["GET"]}}],"collection":[{"href":"https:\/\/energizer.com\/eu\/sweden\/wp-json\/wp\/v2\/product"}],"about":[{"href":"https:\/\/energizer.com\/eu\/sweden\/wp-json\/wp\/v2\/types\/product"}],"replies":[{"embeddable":true,"href":"https:\/\/energizer.com\/eu\/sweden\/wp-json\/wp\/v2\/comments?post=5191"}],"version-history":[{"count":5,"href":"https:\/\/energizer.com\/eu\/sweden\/wp-json\/wp\/v2\/product\/5191\/revisions"}],"predecessor-version":[{"id":9208,"href":"https:\/\/energizer.com\/eu\/sweden\/wp-json\/wp\/v2\/product\/5191\/revisions\/9208"}],"wp:attachment":[{"href":"https:\/\/energizer.com\/eu\/sweden\/wp-json\/wp\/v2\/media?parent=5191"}],"wp:term":[{"taxonomy":"product_brand","embeddable":true,"href":"https:\/\/energizer.com\/eu\/sweden\/wp-json\/wp\/v2\/product_brand?post=5191"},{"taxonomy":"product_cat","embeddable":true,"href":"https:\/\/energizer.com\/eu\/sweden\/wp-json\/wp\/v2\/product_cat?post=5191"},{"taxonomy":"product_tag","embeddable":true,"href":"https:\/\/energizer.com\/eu\/sweden\/wp-json\/wp\/v2\/product_tag?post=5191"}],"curies":[{"name":"wp","href":"https:\/\/api.w.org\/{rel}","templated":true}]}}