{"id":5208,"date":"2024-05-21T18:25:14","date_gmt":"2024-05-21T18:25:14","guid":{"rendered":"https:\/\/23b13e8ab3.nxcli.io\/sweden\/?post_type=product&#038;p=5208"},"modified":"2024-11-07T11:41:57","modified_gmt":"2024-11-07T11:41:57","slug":"energizer-torch","status":"publish","type":"product","link":"https:\/\/energizer.com\/eu\/sweden\/product\/energizer-torch\/","title":{"rendered":"Energizer Torch"},"content":{"rendered":"<ul>\n<li><span data-sheets-root=\"1\">Energizer gummihandh\u00e5llen ficklampa inklusive 2 AA-batterier<br \/>\n<\/span><\/li>\n<li><span data-sheets-root=\"1\">LED-teknik: Denna kraftfulla 125-lumens b\u00e4rbara ljusk\u00e4lla har en r\u00e4ckvidd p\u00e5 100 meter och g\u00e5nger ljusare starkare ljus \u00e4n standard LED-teknik<br \/>\n<\/span><\/li>\n<li><span data-sheets-root=\"1\">M\u00e5ngsidig handsfree anv\u00e4ndning: Den h\u00e4r gummificklampans praktiska inbyggda st\u00f6d och integrerade snodd\u00f6gla g\u00f6r den idealisk f\u00f6r g\u00f6r-det-sj\u00e4lv-projekt och alla aktiviteter som kr\u00e4ver b\u00e5da h\u00e4nderna<br \/>\nSlitstark gummikonstruktion: Den robusta konstruktionen med okrossbar lins skyddar mot s\u00f6nderbrytning<\/span><\/li>\n<li><span data-sheets-root=\"1\">Timmar av drifttid: Energizer LED-ficklampan har l\u00e5ng drifttid och lyser i upp till 12 timmar<br \/>\n<\/span><\/li>\n<li><span data-sheets-root=\"1\">Bekv\u00e4m storlek: F\u00f6rvara den h\u00e4r l\u00e4tta, kraftfulla ficklampan i l\u00e5da, bilen, n\u00f6dutrustning f\u00f6r hemmet levererar den kraftfulla prestanda vi lovar Lita p\u00e5 Energizer f\u00f6r p\u00e5litlig prestanda i alla situationer<br \/>\n<\/span><\/li>\n<\/ul>\n","protected":false},"excerpt":{"rendered":"<p>Lys upp din omgivning utan anstr\u00e4ngning med denna h\u00f6gpresterande, kraftfulla ficklampa. Energizer Rubber handh\u00e5llen ficklampa ger exceptionell ljusstyrka i upp till 12 timmar \u2013 oavsett om du \u00e4r p\u00e5 v\u00e4g p\u00e5 ett \u00e4ventyr eller f\u00f6rbereder dig f\u00f6r n\u00f6dsituationer hemma. Perfekt f\u00f6r camping, g\u00f6r det sj\u00e4lv eller f\u00f6r str\u00f6mavbrott i hemmet, denna 125-lumen ficklampa kan lysa upp de m\u00f6rkaste utrymmen och lysa upp till 100 meter. Du kan anv\u00e4nda den som handsfree-lampa f\u00f6r g\u00f6r-det-sj\u00e4lv eller andra aktiviteter som kr\u00e4ver b\u00e5da h\u00e4nderna, tack vare det inbyggda stativet. Den integrerade \u00f6glan g\u00f6r den l\u00e4tt att f\u00e4sta p\u00e5 en snodd eller karbinhake f\u00f6r extra bekv\u00e4mlighet.<\/p>\n","protected":false},"featured_media":0,"comment_status":"open","ping_status":"closed","template":"","meta":{"_acf_changed":false},"product_brand":[],"product_cat":[97],"product_tag":[],"class_list":{"0":"post-5208","1":"product","2":"type-product","3":"status-publish","5":"product_cat-handheld","7":"first","8":"instock","9":"shipping-taxable","10":"product-type-simple"},"acf":[],"_links":{"self":[{"href":"https:\/\/energizer.com\/eu\/sweden\/wp-json\/wp\/v2\/product\/5208","targetHints":{"allow":["GET"]}}],"collection":[{"href":"https:\/\/energizer.com\/eu\/sweden\/wp-json\/wp\/v2\/product"}],"about":[{"href":"https:\/\/energizer.com\/eu\/sweden\/wp-json\/wp\/v2\/types\/product"}],"replies":[{"embeddable":true,"href":"https:\/\/energizer.com\/eu\/sweden\/wp-json\/wp\/v2\/comments?post=5208"}],"version-history":[{"count":7,"href":"https:\/\/energizer.com\/eu\/sweden\/wp-json\/wp\/v2\/product\/5208\/revisions"}],"predecessor-version":[{"id":10281,"href":"https:\/\/energizer.com\/eu\/sweden\/wp-json\/wp\/v2\/product\/5208\/revisions\/10281"}],"wp:attachment":[{"href":"https:\/\/energizer.com\/eu\/sweden\/wp-json\/wp\/v2\/media?parent=5208"}],"wp:term":[{"taxonomy":"product_brand","embeddable":true,"href":"https:\/\/energizer.com\/eu\/sweden\/wp-json\/wp\/v2\/product_brand?post=5208"},{"taxonomy":"product_cat","embeddable":true,"href":"https:\/\/energizer.com\/eu\/sweden\/wp-json\/wp\/v2\/product_cat?post=5208"},{"taxonomy":"product_tag","embeddable":true,"href":"https:\/\/energizer.com\/eu\/sweden\/wp-json\/wp\/v2\/product_tag?post=5208"}],"curies":[{"name":"wp","href":"https:\/\/api.w.org\/{rel}","templated":true}]}}