{"id":5220,"date":"2024-05-21T18:45:18","date_gmt":"2024-05-21T18:45:18","guid":{"rendered":"https:\/\/23b13e8ab3.nxcli.io\/sweden\/?post_type=product&#038;p=5220"},"modified":"2024-08-22T07:11:45","modified_gmt":"2024-08-22T07:11:45","slug":"energizer-booklight","status":"publish","type":"product","link":"https:\/\/energizer.com\/eu\/sweden\/product\/energizer-booklight\/","title":{"rendered":"Energizer Booklight"},"content":{"rendered":"<ul>\n<li>Smal design, hopf\u00e4llbar och l\u00e5sbar f\u00f6r enkel f\u00f6rvaring<\/li>\n<li>Den m\u00e5ngsidiga kl\u00e4mman kan f\u00e4stas p\u00e5 den ytan som \u00e4r upp till 0,5 tum (13 mm) tjock<\/li>\n<li>Flexibel gummihals m\u00f6jligg\u00f6r o\u00e4ndlig positionering av ljuset<\/li>\n<li>Bekv\u00e4m skjutreglage<\/li>\n<li>Varmvit LED ger utm\u00e4rkt kontrast och naturliga l\u00e4sf\u00f6rh\u00e5llanden<\/li>\n<li>25 timmars drifttid<\/li>\n<li>Kan belysa f\u00f6rem\u00e5l upp till 4 meter, perfekt f\u00f6r l\u00e4sning, hush\u00e5lls- eller bilrelaterade uppgifter<\/li>\n<\/ul>\n","protected":false},"excerpt":{"rendered":"<p>Energizer Book Light ger ett starkt ljus designat f\u00f6r f\u00f6rb\u00e4ttrad syn. Den varmvita lysdioden ger utm\u00e4rkt kontrast och en mer naturlig l\u00e4sningssituation. Med varm f\u00e4rgtemperatur \u00e4r boklampan ocks\u00e5 en perfekt f\u00f6ljeslagare f\u00f6r nattl\u00e4sning eller arbete. Den vetenskapligt utformade str\u00e5len \u00e4r konstruerad f\u00f6r att ge bred belysning f\u00f6r b\u00f6cker och tidskrifter, men \u00e4r tillr\u00e4ckligt smal f\u00f6r att inte st\u00f6ra andra i n\u00e4rheten. Den praktiska kl\u00e4mman f\u00e4sts p\u00e5 ytor som \u00e4r upp till 0,5 tum (13 mm) tjocka, och den flexibla halsen till\u00e5ter anv\u00e4ndare att rikta ljuset exakt.<\/p>\n","protected":false},"featured_media":0,"comment_status":"open","ping_status":"closed","template":"","meta":{"_acf_changed":false},"product_brand":[],"product_cat":[43],"product_tag":[],"class_list":{"0":"post-5220","1":"product","2":"type-product","3":"status-publish","5":"product_cat-hands-free","7":"first","8":"instock","9":"shipping-taxable","10":"product-type-simple"},"acf":[],"_links":{"self":[{"href":"https:\/\/energizer.com\/eu\/sweden\/wp-json\/wp\/v2\/product\/5220","targetHints":{"allow":["GET"]}}],"collection":[{"href":"https:\/\/energizer.com\/eu\/sweden\/wp-json\/wp\/v2\/product"}],"about":[{"href":"https:\/\/energizer.com\/eu\/sweden\/wp-json\/wp\/v2\/types\/product"}],"replies":[{"embeddable":true,"href":"https:\/\/energizer.com\/eu\/sweden\/wp-json\/wp\/v2\/comments?post=5220"}],"version-history":[{"count":6,"href":"https:\/\/energizer.com\/eu\/sweden\/wp-json\/wp\/v2\/product\/5220\/revisions"}],"predecessor-version":[{"id":9219,"href":"https:\/\/energizer.com\/eu\/sweden\/wp-json\/wp\/v2\/product\/5220\/revisions\/9219"}],"wp:attachment":[{"href":"https:\/\/energizer.com\/eu\/sweden\/wp-json\/wp\/v2\/media?parent=5220"}],"wp:term":[{"taxonomy":"product_brand","embeddable":true,"href":"https:\/\/energizer.com\/eu\/sweden\/wp-json\/wp\/v2\/product_brand?post=5220"},{"taxonomy":"product_cat","embeddable":true,"href":"https:\/\/energizer.com\/eu\/sweden\/wp-json\/wp\/v2\/product_cat?post=5220"},{"taxonomy":"product_tag","embeddable":true,"href":"https:\/\/energizer.com\/eu\/sweden\/wp-json\/wp\/v2\/product_tag?post=5220"}],"curies":[{"name":"wp","href":"https:\/\/api.w.org\/{rel}","templated":true}]}}