{"id":5305,"date":"2024-05-22T06:50:50","date_gmt":"2024-05-22T06:50:50","guid":{"rendered":"https:\/\/23b13e8ab3.nxcli.io\/sweden\/?post_type=product&#038;p=5305"},"modified":"2024-11-07T12:24:32","modified_gmt":"2024-11-07T12:24:32","slug":"energizer-vision-hd-350-headlight","status":"publish","type":"product","link":"https:\/\/energizer.com\/eu\/sweden\/product\/energizer-vision-hd-350-headlight\/","title":{"rendered":"Energizer VISION HD+ 350 Headlight"},"content":{"rendered":"<ul>\n<li><span data-sheets-root=\"1\">Energizer Vision HD+ LED pannlampa inklusive 3 AAA-batterier<br \/>\n<\/span><\/li>\n<li><span data-sheets-root=\"1\">LED-teknik: Denna kraftfulla 350-lumens pannlampa har en r\u00e4ckvidd p\u00e5 80 meter och ger 4 g\u00e5nger starkare ljus \u00e4n standar teknik<br \/>\n<\/span><\/li>\n<li><span data-sheets-root=\"1\">N\u00e4sta Next Push Off-teknologi: Undvik att klicka igenom ytterligare cykler och st\u00e4ng av din Energizer LED pannlampa omedelbart med ett enda tryck<br \/>\n<\/span><\/li>\n<li><span data-sheets-root=\"1\">H\u00e5llbar konstruktion: Idealisk f\u00f6r l\u00e5ngvarig anv\u00e4ndning, den certifierade vattent\u00e4ta Energizer pannlampa klarar falltestet p\u00e5 1 meter<br \/>\n<\/span><\/li>\n<li><span data-sheets-root=\"1\">M\u00e5ngsidigt ljus f\u00f6r handsfree anv\u00e4ndning: Denna l\u00e4ttanv\u00e4nda, kompakta handsfree pannlampa har dig t\u00e4ckt f\u00f6r str\u00f6mavbrott, g\u00f6r-det-sj\u00e4lv och mer<br \/>\n<\/span><\/li>\n<li><span data-sheets-root=\"1\">Bekv\u00e4m design: Direkt ljus d\u00e4r du beh\u00f6ver det med denna l\u00e4tta pannmed vridbar<br \/>\na den kraftfulla prestanda vi lovar Lita p\u00e5 Energizer f\u00f6r p\u00e5litlig prestanda i alla situationer \u2013 alla Energizer-<\/span><span data-sheets-root=\"1\">lampor \u00e4r testade och f\u00f6ljer strikta, p\u00e5litliga ANSI-standarder<br \/>\n<\/span><\/li>\n<\/ul>\n","protected":false},"excerpt":{"rendered":"<p>H\u00e5ll h\u00e4nderna fria och njut av varje \u00e4ventyr till fullo med denna l\u00e4tta och m\u00e5ngsidiga pannlampa. Energizer Vision HD+ LED-pannlampa \u00e4r b\u00e5de kompakt och handsfree \u2013 idealisk f\u00f6r g\u00f6r-det-sj\u00e4lv och aktiviteter som kr\u00e4ver tv\u00e5 h\u00e4nder. Och det kommer att lysa upp din v\u00e4g p\u00e5 alla eskapader efter m\u00f6rkrets inbrott, oavsett om du campar, vandrar eller \u00e4r ute och springer. Denna LED pannlampa med 350 lumen kommer att lysa upp \u00e4ven de m\u00f6rkaste utrymmena och lyser upp till 80 meter i h\u00f6gt l\u00e4ge \u2013 vilket ger dig gott om ljus precis d\u00e4r du beh\u00f6ver det. Undvik att klicka igenom ytterligare cykler, tack vare v\u00e5r Next Push Off Technology, och kontrollera ljusintensiteten med det dimningsbara v\u00e4xlingsalternativet. V\u00e4lj det perfekta ljusl\u00e4get f\u00f6r din aktivitet, v\u00e4lj mellan r\u00f6tt l\u00e4ge, h\u00f6gstr\u00e5lkastar- och flodljusl\u00e4ge, l\u00e5gstr\u00e5lkastar- och flodljusl\u00e4ge eller h\u00f6gstr\u00e5lkastarl\u00e4ge med l\u00e5gt str\u00e5lkastarl\u00e4ge. Denna Energizer pannlampas bekv\u00e4ma design och h\u00e5llbara, vattent\u00e4ta konstruktion erbjuder optimal komfort och m\u00e5ngsidighet f\u00f6r alla \u00e4ventyr inomhus och utomhus. Energizer har banat v\u00e4g f\u00f6r b\u00e4rbar belysning i \u00f6ver 120 \u00e5r och introducerade v\u00e4rldens f\u00f6rsta vattent\u00e4ta ficklampa 1970. Energizer g\u00f6r det enkelt att lysa upp din v\u00e4g.<\/p>\n","protected":false},"featured_media":0,"comment_status":"open","ping_status":"closed","template":"","meta":{"_acf_changed":false},"product_brand":[],"product_cat":[43],"product_tag":[],"class_list":{"0":"post-5305","1":"product","2":"type-product","3":"status-publish","5":"product_cat-hands-free","7":"first","8":"instock","9":"shipping-taxable","10":"product-type-simple"},"acf":[],"_links":{"self":[{"href":"https:\/\/energizer.com\/eu\/sweden\/wp-json\/wp\/v2\/product\/5305","targetHints":{"allow":["GET"]}}],"collection":[{"href":"https:\/\/energizer.com\/eu\/sweden\/wp-json\/wp\/v2\/product"}],"about":[{"href":"https:\/\/energizer.com\/eu\/sweden\/wp-json\/wp\/v2\/types\/product"}],"replies":[{"embeddable":true,"href":"https:\/\/energizer.com\/eu\/sweden\/wp-json\/wp\/v2\/comments?post=5305"}],"version-history":[{"count":8,"href":"https:\/\/energizer.com\/eu\/sweden\/wp-json\/wp\/v2\/product\/5305\/revisions"}],"predecessor-version":[{"id":10298,"href":"https:\/\/energizer.com\/eu\/sweden\/wp-json\/wp\/v2\/product\/5305\/revisions\/10298"}],"wp:attachment":[{"href":"https:\/\/energizer.com\/eu\/sweden\/wp-json\/wp\/v2\/media?parent=5305"}],"wp:term":[{"taxonomy":"product_brand","embeddable":true,"href":"https:\/\/energizer.com\/eu\/sweden\/wp-json\/wp\/v2\/product_brand?post=5305"},{"taxonomy":"product_cat","embeddable":true,"href":"https:\/\/energizer.com\/eu\/sweden\/wp-json\/wp\/v2\/product_cat?post=5305"},{"taxonomy":"product_tag","embeddable":true,"href":"https:\/\/energizer.com\/eu\/sweden\/wp-json\/wp\/v2\/product_tag?post=5305"}],"curies":[{"name":"wp","href":"https:\/\/api.w.org\/{rel}","templated":true}]}}