{"id":5361,"date":"2024-05-22T07:37:05","date_gmt":"2024-05-22T07:37:05","guid":{"rendered":"https:\/\/23b13e8ab3.nxcli.io\/sweden\/?post_type=product&#038;p=5361"},"modified":"2024-11-07T12:27:41","modified_gmt":"2024-11-07T12:27:41","slug":"energizer-waterproof-handheld-led-torch","status":"publish","type":"product","link":"https:\/\/energizer.com\/eu\/sweden\/product\/energizer-waterproof-handheld-led-torch\/","title":{"rendered":"Energizer Waterproof Handheld LED Torch"},"content":{"rendered":"<ul>\n<li>Slitstark, vattent\u00e4t LED-ficklampa fungerar p\u00e5 2 Energizer MAX AA-batterier (ing\u00e5r)<\/li>\n<li>Med vattent\u00e4t teknik flyter ficklampan inte bara utan fungerar \u00e4ven n\u00e4r den \u00e4r helt neds\u00e4nkt (s\u00e5 djupt som 1 meter, i upp till 30 minuter)<\/li>\n<li>\u00a0Denna ficklampa ger 35 timmars 55 lumen, 4X ljusare starkare \u00e4n standard LED-teknik<\/li>\n<li>Med slagt\u00e5lighet mot fall p\u00e5 upp till 1 meter, ett orange h\u00f6lje med h\u00f6g synlighet och reflekterande paneler, g\u00f6r till en idealisk n\u00f6dfackla n\u00f6dlampa<\/li>\n<li>Designad f\u00f6r tillf\u00f6rlitlighet i otaliga situationer, fr\u00e5n g\u00f6r-det-sj\u00e4lv-projekt hemma, till utomhusaktiviteter som vandring och camping, till n\u00f6dsituationer<\/li>\n<\/ul>\n","protected":false},"excerpt":{"rendered":"<p>Ta med den h\u00e4r ficklampan till poolen. In i skogen. Och \u00e4ven genom en orkan. Energizer Waterproof handh\u00e5llen ficklampa \u00e4r designad f\u00f6r v\u00e5ta f\u00f6rh\u00e5llanden. S\u00e4nk den upp till 1 meter, och \u00e4ven efter 30 minuter str\u00e5lar denna LED-ficklampa fortfarande ut 55 lumen starkt ljus med en 35-timmars drifttid. Vad h\u00e4nder om du \u00e4r i vattnet och sl\u00e4pper taget? Inga bekymmer \u2013 den flyter. Och om det inte \u00e4r tillr\u00e4ckligt imponerande s\u00e5 \u00e4r den h\u00e4r ficklampan lika kapabel p\u00e5 torra land. Den \u00e4r slagt\u00e5lig f\u00f6r fall fr\u00e5n upp till 1 meter p\u00e5 betong. Om du gillar att vara f\u00f6rberedd f\u00f6r n\u00f6dsituationer (som bilreparationer vid v\u00e4gkanten eller str\u00f6mavbrott), kommer den i din favoritf\u00e4rg: Orange med h\u00f6g synlighet.<\/p>\n","protected":false},"featured_media":0,"comment_status":"open","ping_status":"closed","template":"","meta":{"_acf_changed":false},"product_brand":[],"product_cat":[97],"product_tag":[],"class_list":{"0":"post-5361","1":"product","2":"type-product","3":"status-publish","5":"product_cat-handheld","7":"first","8":"instock","9":"shipping-taxable","10":"product-type-simple"},"acf":[],"_links":{"self":[{"href":"https:\/\/energizer.com\/eu\/sweden\/wp-json\/wp\/v2\/product\/5361","targetHints":{"allow":["GET"]}}],"collection":[{"href":"https:\/\/energizer.com\/eu\/sweden\/wp-json\/wp\/v2\/product"}],"about":[{"href":"https:\/\/energizer.com\/eu\/sweden\/wp-json\/wp\/v2\/types\/product"}],"replies":[{"embeddable":true,"href":"https:\/\/energizer.com\/eu\/sweden\/wp-json\/wp\/v2\/comments?post=5361"}],"version-history":[{"count":6,"href":"https:\/\/energizer.com\/eu\/sweden\/wp-json\/wp\/v2\/product\/5361\/revisions"}],"predecessor-version":[{"id":10300,"href":"https:\/\/energizer.com\/eu\/sweden\/wp-json\/wp\/v2\/product\/5361\/revisions\/10300"}],"wp:attachment":[{"href":"https:\/\/energizer.com\/eu\/sweden\/wp-json\/wp\/v2\/media?parent=5361"}],"wp:term":[{"taxonomy":"product_brand","embeddable":true,"href":"https:\/\/energizer.com\/eu\/sweden\/wp-json\/wp\/v2\/product_brand?post=5361"},{"taxonomy":"product_cat","embeddable":true,"href":"https:\/\/energizer.com\/eu\/sweden\/wp-json\/wp\/v2\/product_cat?post=5361"},{"taxonomy":"product_tag","embeddable":true,"href":"https:\/\/energizer.com\/eu\/sweden\/wp-json\/wp\/v2\/product_tag?post=5361"}],"curies":[{"name":"wp","href":"https:\/\/api.w.org\/{rel}","templated":true}]}}