{"id":5372,"date":"2024-05-22T07:59:31","date_gmt":"2024-05-22T07:59:31","guid":{"rendered":"https:\/\/23b13e8ab3.nxcli.io\/sweden\/?post_type=product&#038;p=5372"},"modified":"2024-11-07T12:53:15","modified_gmt":"2024-11-07T12:53:15","slug":"energizer-rechargeable-torch","status":"publish","type":"product","link":"https:\/\/energizer.com\/eu\/sweden\/product\/energizer-rechargeable-torch\/","title":{"rendered":"Energizer Rechargeable Torch 1200"},"content":{"rendered":"<ul>\n<li>Energizer Vision HD uppladdningsbar metallficklampa med digitalt fokus och tv\u00e5v\u00e4gs USB-laddningskabel<\/li>\n<li>Superljus Ficklampa: Denna 1200-lumen uppladdningsbara LED-ficklampa erbjuder exceptionell ljusstyrka och h\u00f6g prestanda, s\u00e5 att du kan se upp till 200 meter<\/li>\n<li>Digitalt fokus: Utm\u00e4rkt str\u00e5lkontroll med enkel enhandsanv\u00e4ndning<\/li>\n<li>Uppladdningsbar kraft: Denna metallficklampa har USB in- och utportar, s\u00e5 att du kan anv\u00e4nda den f\u00f6r att ladda andra enheter, s\u00e5v\u00e4l som sj\u00e4lva ficklampan\u00a0aluminiumkroppen av flygplanskvalitet kroppen i aluminium av flygplanskvalitet och IPX4-konstruktionen ger skydd mot skador och st\u00e4nk<\/li>\n<li>Drifttid: Den h\u00f6gprestanda ficklampan kan lysa i upp till 8 timmar i l\u00e5gt l\u00e4ge<\/li>\n<li>P\u00e5litlig MAX-VIZ-teknik: Energizers kraftfulla teknik replikerar dagsljus f\u00f6r h\u00f6gdefinitionssyn som du kan lita p\u00e5<\/li>\n<\/ul>\n","protected":false},"excerpt":{"rendered":"<p>Lys upp din omgivning utan anstr\u00e4ngning med denna h\u00f6gpresterande, superljusa ficklampa. Energizer Vision HD Rechargeable Metal Torch ger exceptionell ljusstyrka \u2013 oavsett om du \u00e4r p\u00e5 v\u00e4g p\u00e5 ett \u00e4ventyr eller f\u00f6rbereder dig f\u00f6r n\u00f6dsituationer hemma. Perfekt f\u00f6r camping, g\u00f6r-det-sj\u00e4lv eller f\u00f6r str\u00f6mavbrott hemma, din Energizer-ficklampa finns till hands f\u00f6r att hj\u00e4lpa dig hitta r\u00e4tt i m\u00f6rkret. Denna uppladdningsbara 1200-lumen LED-ficklampa lyser upp de m\u00f6rkaste utrymmena upp till 200 meter i h\u00f6gt l\u00e4ge. Och funktionen Digital Focus ger dig utm\u00e4rkt str\u00e5lkontroll med enkelhet med en hand, och g\u00e5r smidigt fr\u00e5n en skarp str\u00e5le till ett bredare fokus.<\/p>\n","protected":false},"featured_media":0,"comment_status":"open","ping_status":"closed","template":"","meta":{"_acf_changed":false},"product_brand":[],"product_cat":[97],"product_tag":[],"class_list":{"0":"post-5372","1":"product","2":"type-product","3":"status-publish","5":"product_cat-handheld","7":"first","8":"instock","9":"shipping-taxable","10":"product-type-simple"},"acf":[],"_links":{"self":[{"href":"https:\/\/energizer.com\/eu\/sweden\/wp-json\/wp\/v2\/product\/5372","targetHints":{"allow":["GET"]}}],"collection":[{"href":"https:\/\/energizer.com\/eu\/sweden\/wp-json\/wp\/v2\/product"}],"about":[{"href":"https:\/\/energizer.com\/eu\/sweden\/wp-json\/wp\/v2\/types\/product"}],"replies":[{"embeddable":true,"href":"https:\/\/energizer.com\/eu\/sweden\/wp-json\/wp\/v2\/comments?post=5372"}],"version-history":[{"count":7,"href":"https:\/\/energizer.com\/eu\/sweden\/wp-json\/wp\/v2\/product\/5372\/revisions"}],"predecessor-version":[{"id":10308,"href":"https:\/\/energizer.com\/eu\/sweden\/wp-json\/wp\/v2\/product\/5372\/revisions\/10308"}],"wp:attachment":[{"href":"https:\/\/energizer.com\/eu\/sweden\/wp-json\/wp\/v2\/media?parent=5372"}],"wp:term":[{"taxonomy":"product_brand","embeddable":true,"href":"https:\/\/energizer.com\/eu\/sweden\/wp-json\/wp\/v2\/product_brand?post=5372"},{"taxonomy":"product_cat","embeddable":true,"href":"https:\/\/energizer.com\/eu\/sweden\/wp-json\/wp\/v2\/product_cat?post=5372"},{"taxonomy":"product_tag","embeddable":true,"href":"https:\/\/energizer.com\/eu\/sweden\/wp-json\/wp\/v2\/product_tag?post=5372"}],"curies":[{"name":"wp","href":"https:\/\/api.w.org\/{rel}","templated":true}]}}