{"id":5382,"date":"2024-05-22T08:03:02","date_gmt":"2024-05-22T08:03:02","guid":{"rendered":"https:\/\/23b13e8ab3.nxcli.io\/sweden\/?post_type=product&#038;p=5382"},"modified":"2024-11-08T08:13:31","modified_gmt":"2024-11-08T08:13:31","slug":"energizer-rechargeable-torch-2","status":"publish","type":"product","link":"https:\/\/energizer.com\/eu\/sweden\/product\/energizer-rechargeable-torch-2\/","title":{"rendered":"Energizer Rechargeable Torch 700"},"content":{"rendered":"<ul>\n<li>Energizer TAC-R 700 Uppladdningsbar Tactical LED-ficklampa i metall med USB-laddningskabel<\/li>\n<li>Superljus Ficklampa: Denna laddningsbara LED-ficklampa med 700 lumen erbjuder exceptionell ljusstyrka och h\u00f6g prestanda, s\u00e5 att du kan se upp till 100 meter<\/li>\n<li>4 ljusl\u00e4gen: V\u00e4lj det perfekta ljusl\u00e4get f\u00f6r din aktivitet, v\u00e4lj mellan h\u00f6g, medium, l\u00e5g och n\u00f6dstroboskop<\/li>\n<li>L\u00e4ttvikt: F\u00f6rvara denna kompakta och kraftfulla ficklampa i din byr\u00e5l\u00e5da, bil, n\u00f6dsats f\u00f6r hemmet eller b\u00e4r den i fickan aluminiumkroppen av flygplanskvalitet kroppen i aluminium av flygplanskvalitete och IPX4-konstruktionen ger skydd mot skador och<\/li>\n<li>Drifttid: Denna kraftfulla handfackla kan lysa i upp till 35 timmar i l\u00e5gt l\u00e4ge<\/li>\n<li>P\u00e5litlig MAX-VIZ-teknik: Energizers kraftfulla teknik replikerar dagsljus f\u00f6r h\u00f6guppl\u00f6st syn som du kan lita p\u00e5<\/li>\n<\/ul>\n","protected":false},"excerpt":{"rendered":"<p>Lys upp din omgivning utan anstr\u00e4ngning med denna h\u00f6gpresterande, superljusa ficklampa. Energizer TAC-R 700 uppladdningsbar taktisk metallficklampa ger exceptionell ljusstyrka i upp till 35 timmar i l\u00e5gt l\u00e4ge \u2013 oavsett om du \u00e4r p\u00e5 v\u00e4g p\u00e5 ett \u00e4ventyr eller f\u00f6rbereder dig f\u00f6r n\u00f6dsituationer hemma. Perfekt f\u00f6r camping, g\u00f6r-det-sj\u00e4lv eller f\u00f6r str\u00f6mavbrott hemma, din Energizer-ficklampa finns till hands f\u00f6r att hj\u00e4lpa dig hitta r\u00e4tt i m\u00f6rkret. Denna 700-lumen LED-ficklampa lyser upp de m\u00f6rkaste utrymmena, lyser upp till 100 meter i h\u00f6gt l\u00e4ge och ger 15 g\u00e5nger starkare ljus \u00e4n standard LED-teknik.<\/p>\n","protected":false},"featured_media":0,"comment_status":"open","ping_status":"closed","template":"","meta":{"_acf_changed":false},"product_brand":[],"product_cat":[97],"product_tag":[],"class_list":{"0":"post-5382","1":"product","2":"type-product","3":"status-publish","5":"product_cat-handheld","7":"first","8":"instock","9":"shipping-taxable","10":"product-type-simple"},"acf":[],"_links":{"self":[{"href":"https:\/\/energizer.com\/eu\/sweden\/wp-json\/wp\/v2\/product\/5382","targetHints":{"allow":["GET"]}}],"collection":[{"href":"https:\/\/energizer.com\/eu\/sweden\/wp-json\/wp\/v2\/product"}],"about":[{"href":"https:\/\/energizer.com\/eu\/sweden\/wp-json\/wp\/v2\/types\/product"}],"replies":[{"embeddable":true,"href":"https:\/\/energizer.com\/eu\/sweden\/wp-json\/wp\/v2\/comments?post=5382"}],"version-history":[{"count":7,"href":"https:\/\/energizer.com\/eu\/sweden\/wp-json\/wp\/v2\/product\/5382\/revisions"}],"predecessor-version":[{"id":10369,"href":"https:\/\/energizer.com\/eu\/sweden\/wp-json\/wp\/v2\/product\/5382\/revisions\/10369"}],"wp:attachment":[{"href":"https:\/\/energizer.com\/eu\/sweden\/wp-json\/wp\/v2\/media?parent=5382"}],"wp:term":[{"taxonomy":"product_brand","embeddable":true,"href":"https:\/\/energizer.com\/eu\/sweden\/wp-json\/wp\/v2\/product_brand?post=5382"},{"taxonomy":"product_cat","embeddable":true,"href":"https:\/\/energizer.com\/eu\/sweden\/wp-json\/wp\/v2\/product_cat?post=5382"},{"taxonomy":"product_tag","embeddable":true,"href":"https:\/\/energizer.com\/eu\/sweden\/wp-json\/wp\/v2\/product_tag?post=5382"}],"curies":[{"name":"wp","href":"https:\/\/api.w.org\/{rel}","templated":true}]}}