{"id":5396,"date":"2024-05-22T08:19:12","date_gmt":"2024-05-22T08:19:12","guid":{"rendered":"https:\/\/23b13e8ab3.nxcli.io\/sweden\/?post_type=product&#038;p=5396"},"modified":"2024-11-08T08:17:27","modified_gmt":"2024-11-08T08:17:27","slug":"energizer-hybri-1000-headlight","status":"publish","type":"product","link":"https:\/\/energizer.com\/eu\/sweden\/product\/energizer-hybri-1000-headlight\/","title":{"rendered":"Energizer HYBRID 1000 Headlight"},"content":{"rendered":"<ul>\n<li>Energizer High Lumen Hybrid LED-pannlampa med tv\u00e5 (2) CR123-batterier<\/li>\n<li>Hybriddesign kan drivas av laddningsbara litiumjonbatterier eller CR123-batterier<\/li>\n<li>Utm\u00e4rkt uppladdningsbar lampa f\u00f6r handh\u00e5llen och handsfree anv\u00e4ndning f\u00f6r arbetsuppgifter<\/li>\n<li>Kraft str\u00e5le kastar 400 lumen p\u00e5 H\u00f6g i h\u00f6gt l\u00e4ge och 1000 lumen p\u00e5 Turbo<\/li>\n<li>Lossnar fr\u00e5n basen f\u00f6r anv\u00e4ndning som en handh\u00e5llen LED-lampa<\/li>\n<li>Den lampa \u00e4r IPX4-certifierad vattenresistent och st\u00f6tt\u00e5lig upp till 1 meter f\u00f6r p\u00e5litlig prestanda Bekv\u00e4m, kompakt design och h\u00e5llbar metallkonstruktion erbjuder bekv\u00e4mlighet och tillf\u00f6rlitlighet<\/li>\n<\/ul>\n","protected":false},"excerpt":{"rendered":"<p>Arbeta p\u00e5 de m\u00f6rkaste platserna med Energizer High Lumen Hybrid LED-pannlampa. Energizer pannlampa \u00e4r bekv\u00e4m att b\u00e4ra och n\u00e5r \u00f6ver 100 meter f\u00f6r att leverera starkt, handsfree-ljus. Den h\u00e4r lilla LED-lampan drivs med hybridkraft och fungerar med antingen tv\u00e5 CR123-batterier eller laddningsbara batterier som kan laddas via USB. En k\u00f6rtid p\u00e5 \u00f6ver 4 timmar i h\u00f6gt l\u00e4ge ger dig p\u00e5litlig ljusstyrka n\u00e4r du beh\u00f6ver h\u00e4nderna fria. Den uppladdningsbara lampan kan ocks\u00e5 tas loss fr\u00e5n basen f\u00f6r att fungera som en handh\u00e5llen lampa. N\u00e4r du beh\u00f6ver exceptionell ljuseffekt, levererar Turbo-l\u00e4get 1000 lumen f\u00f6r ultraljus belysning. Den lilla lampan \u00e4r kompakt, l\u00e4tt och bekv\u00e4m att ha p\u00e5 sig. H\u00e5llbar metallkonstruktion s\u00e4kerst\u00e4ller den tillf\u00f6rlitlighet du litar p\u00e5 fr\u00e5n Energizer. F\u00f6r p\u00e5litlig prestanda i alla situationer, lita p\u00e5 Energizer.<\/p>\n","protected":false},"featured_media":0,"comment_status":"open","ping_status":"closed","template":"","meta":{"_acf_changed":false},"product_brand":[],"product_cat":[43],"product_tag":[],"class_list":{"0":"post-5396","1":"product","2":"type-product","3":"status-publish","5":"product_cat-hands-free","7":"first","8":"instock","9":"shipping-taxable","10":"product-type-simple"},"acf":[],"_links":{"self":[{"href":"https:\/\/energizer.com\/eu\/sweden\/wp-json\/wp\/v2\/product\/5396","targetHints":{"allow":["GET"]}}],"collection":[{"href":"https:\/\/energizer.com\/eu\/sweden\/wp-json\/wp\/v2\/product"}],"about":[{"href":"https:\/\/energizer.com\/eu\/sweden\/wp-json\/wp\/v2\/types\/product"}],"replies":[{"embeddable":true,"href":"https:\/\/energizer.com\/eu\/sweden\/wp-json\/wp\/v2\/comments?post=5396"}],"version-history":[{"count":7,"href":"https:\/\/energizer.com\/eu\/sweden\/wp-json\/wp\/v2\/product\/5396\/revisions"}],"predecessor-version":[{"id":10371,"href":"https:\/\/energizer.com\/eu\/sweden\/wp-json\/wp\/v2\/product\/5396\/revisions\/10371"}],"wp:attachment":[{"href":"https:\/\/energizer.com\/eu\/sweden\/wp-json\/wp\/v2\/media?parent=5396"}],"wp:term":[{"taxonomy":"product_brand","embeddable":true,"href":"https:\/\/energizer.com\/eu\/sweden\/wp-json\/wp\/v2\/product_brand?post=5396"},{"taxonomy":"product_cat","embeddable":true,"href":"https:\/\/energizer.com\/eu\/sweden\/wp-json\/wp\/v2\/product_cat?post=5396"},{"taxonomy":"product_tag","embeddable":true,"href":"https:\/\/energizer.com\/eu\/sweden\/wp-json\/wp\/v2\/product_tag?post=5396"}],"curies":[{"name":"wp","href":"https:\/\/api.w.org\/{rel}","templated":true}]}}