{"id":5430,"date":"2024-05-22T10:28:13","date_gmt":"2024-05-22T10:28:13","guid":{"rendered":"https:\/\/23b13e8ab3.nxcli.io\/sweden\/?post_type=product&#038;p=5430"},"modified":"2024-11-07T13:07:36","modified_gmt":"2024-11-07T13:07:36","slug":"energizer-automotive-metal-handheld","status":"publish","type":"product","link":"https:\/\/energizer.com\/eu\/sweden\/product\/energizer-automotive-metal-handheld\/","title":{"rendered":"Energizer Automotive Metal Handheld"},"content":{"rendered":"<ul>\n<li><span data-sheets-root=\"1\">Energizer Auto Metal Rechargeable Light med f\u00f6nsterkrossare och s\u00e4kerhetsb\u00e4lteskniv<br \/>\n<\/span><\/li>\n<li><span data-sheets-root=\"1\">Kraftfullt ljus: Den h\u00e4r 500-lumen lampan \u00e4r upp till g\u00e5nger ljusare starkare \u00e4n standard LED-teknik<br \/>\n<\/span><\/li>\n<li><span data-sheets-root=\"1\">Magnetisk bas: F\u00e4sts p\u00e5 din bil f\u00f6r en stabil h\u00e5llning, vilket m\u00f6jligg\u00f6r handsfreeanv\u00e4ndning<br \/>\n<\/span><\/li>\n<li><span data-sheets-root=\"1\">3 str\u00e5ll\u00e4gen: V\u00e4lj mellan h\u00f6g, l\u00e5g och stroboskopljus oavsett om du arbetar under motorhuven, byter d\u00e4ck eller f\u00f6r n\u00f6dhj\u00e4lp<br \/>\n<\/span><\/li>\n<li><span data-sheets-root=\"1\">H\u00e5llbar konstruktion: Den IPX4-certifierade aluminiu sklassad aluminiumkonstruktion t\u00e5l klarar fall fr\u00e5n upp till en meter<br \/>\n<\/span><\/li>\n<li><span data-sheets-root=\"1\">Uppladdningsbar kraft: Denna LED-fackla lampa \u00e4r laddningsbar med litiumjonbatteri och har en drifttid p\u00e5 upp till 7 timmar i l\u00e5gt l\u00e4ge<br \/>\n<\/span><\/li>\n<li><span data-sheets-root=\"1\">anv\u00e4ndning: Inbyggd b\u00e4lteskniv och glasbrytare f\u00f6nsterkrossare<br \/>\n<\/span><\/li>\n<\/ul>\n","protected":false},"excerpt":{"rendered":"<p>Var f\u00f6rberedd i h\u00e4ndelse av en n\u00f6dsituation med Energizer Auto Metal Rechargeable ficklampa \u2013 med ett starkt LED-ljus, s\u00e4kerhetsb\u00e4ltesklippare och glaskross. LED-lampan p\u00e5 500 lumen \u00e4r upp till 12 g\u00e5nger starkare \u00e4n standard LED-teknik och kan lysa upp till 7 timmar i l\u00e5gt l\u00e4ge. Med h\u00f6g-, l\u00e5g- och blixtljusl\u00e4gen kan denna kraftfulla ficklampa hj\u00e4lpa dig fr\u00e5n bilreparationer vid v\u00e4gkanten till n\u00f6dsignalering i m\u00f6rker. Hybrid-uppladdningsbara litiumjonbatteriet laddas p\u00e5 bara 4,5 timmar med en mikro-USB-laddningskabel och kan laddas fr\u00e5n din billaddare under resan.<\/p>\n","protected":false},"featured_media":0,"comment_status":"open","ping_status":"closed","template":"","meta":{"_acf_changed":false},"product_brand":[],"product_cat":[97],"product_tag":[],"class_list":{"0":"post-5430","1":"product","2":"type-product","3":"status-publish","5":"product_cat-handheld","7":"first","8":"instock","9":"shipping-taxable","10":"product-type-simple"},"acf":[],"_links":{"self":[{"href":"https:\/\/energizer.com\/eu\/sweden\/wp-json\/wp\/v2\/product\/5430","targetHints":{"allow":["GET"]}}],"collection":[{"href":"https:\/\/energizer.com\/eu\/sweden\/wp-json\/wp\/v2\/product"}],"about":[{"href":"https:\/\/energizer.com\/eu\/sweden\/wp-json\/wp\/v2\/types\/product"}],"replies":[{"embeddable":true,"href":"https:\/\/energizer.com\/eu\/sweden\/wp-json\/wp\/v2\/comments?post=5430"}],"version-history":[{"count":6,"href":"https:\/\/energizer.com\/eu\/sweden\/wp-json\/wp\/v2\/product\/5430\/revisions"}],"predecessor-version":[{"id":10314,"href":"https:\/\/energizer.com\/eu\/sweden\/wp-json\/wp\/v2\/product\/5430\/revisions\/10314"}],"wp:attachment":[{"href":"https:\/\/energizer.com\/eu\/sweden\/wp-json\/wp\/v2\/media?parent=5430"}],"wp:term":[{"taxonomy":"product_brand","embeddable":true,"href":"https:\/\/energizer.com\/eu\/sweden\/wp-json\/wp\/v2\/product_brand?post=5430"},{"taxonomy":"product_cat","embeddable":true,"href":"https:\/\/energizer.com\/eu\/sweden\/wp-json\/wp\/v2\/product_cat?post=5430"},{"taxonomy":"product_tag","embeddable":true,"href":"https:\/\/energizer.com\/eu\/sweden\/wp-json\/wp\/v2\/product_tag?post=5430"}],"curies":[{"name":"wp","href":"https:\/\/api.w.org\/{rel}","templated":true}]}}