{"id":5509,"date":"2024-05-22T12:04:49","date_gmt":"2024-05-22T12:04:49","guid":{"rendered":"https:\/\/23b13e8ab3.nxcli.io\/sweden\/?post_type=product&#038;p=5509"},"modified":"2024-11-08T04:34:37","modified_gmt":"2024-11-08T04:34:37","slug":"energizer-hard-case-professional-2aa-handheld-torch","status":"publish","type":"product","link":"https:\/\/energizer.com\/eu\/sweden\/product\/energizer-hard-case-professional-2aa-handheld-torch\/","title":{"rendered":"Energizer Hard Case Professional 2AA Handheld Torch"},"content":{"rendered":"<ul>\n<li>Perfekt f\u00f6r n\u00e4rbildsarbete<\/li>\n<li>Extremt slagt\u00e5lig<\/li>\n<li>\u00d6verlever ett fall p\u00e5 7 meter<\/li>\n<li>Specialdesignad optik och h\u00f6gpresterande LED-teknik<\/li>\n<li>Vattent\u00e5lig<\/li>\n<li>Splitters\u00e4ker lins<\/li>\n<li>H\u00f6g h\u00e5llbarhet och robust<\/li>\n<li>2 x AA alkaliska batterier ing\u00e5r<\/li>\n<\/ul>\n","protected":false},"excerpt":{"rendered":"<p>F\u00f6r de mest kr\u00e4vande uppgifterna beh\u00f6ver du inte leta l\u00e4ngre \u00e4n Energizer HARDCASE PROFESSIONAL arbetslampa. Med konstruktion av verktygskvalitet och avancerad LED-teknik \u00e4r denna lampa designad f\u00f6r att klara \u00e4ven de mest kr\u00e4vande jobben. Den \u00e4r konstruerad med proffs i \u00e5tanke och t\u00e5l slag efter slag, fr\u00e5n en stege eller till och med en tv\u00e5v\u00e5ningsbyggnad. Den stora tryckknappsomkopplaren kan enkelt man\u00f6vreras med handskar p\u00e5 sig, medan h\u00f6ga och l\u00e5ga l\u00e4gen l\u00e5ter anv\u00e4ndaren best\u00e4mma balansen mellan ljusstyrka och k\u00f6rtid. Dessutom \u00e4r denna lampa vattent\u00e5lig vilket g\u00f6r den perfekt l\u00e4mpad f\u00f6r utomhusbruk.<\/p>\n","protected":false},"featured_media":0,"comment_status":"open","ping_status":"closed","template":"","meta":{"_acf_changed":false},"product_brand":[],"product_cat":[97],"product_tag":[],"class_list":{"0":"post-5509","1":"product","2":"type-product","3":"status-publish","5":"product_cat-handheld","7":"first","8":"instock","9":"shipping-taxable","10":"product-type-simple"},"acf":[],"_links":{"self":[{"href":"https:\/\/energizer.com\/eu\/sweden\/wp-json\/wp\/v2\/product\/5509","targetHints":{"allow":["GET"]}}],"collection":[{"href":"https:\/\/energizer.com\/eu\/sweden\/wp-json\/wp\/v2\/product"}],"about":[{"href":"https:\/\/energizer.com\/eu\/sweden\/wp-json\/wp\/v2\/types\/product"}],"replies":[{"embeddable":true,"href":"https:\/\/energizer.com\/eu\/sweden\/wp-json\/wp\/v2\/comments?post=5509"}],"version-history":[{"count":6,"href":"https:\/\/energizer.com\/eu\/sweden\/wp-json\/wp\/v2\/product\/5509\/revisions"}],"predecessor-version":[{"id":10315,"href":"https:\/\/energizer.com\/eu\/sweden\/wp-json\/wp\/v2\/product\/5509\/revisions\/10315"}],"wp:attachment":[{"href":"https:\/\/energizer.com\/eu\/sweden\/wp-json\/wp\/v2\/media?parent=5509"}],"wp:term":[{"taxonomy":"product_brand","embeddable":true,"href":"https:\/\/energizer.com\/eu\/sweden\/wp-json\/wp\/v2\/product_brand?post=5509"},{"taxonomy":"product_cat","embeddable":true,"href":"https:\/\/energizer.com\/eu\/sweden\/wp-json\/wp\/v2\/product_cat?post=5509"},{"taxonomy":"product_tag","embeddable":true,"href":"https:\/\/energizer.com\/eu\/sweden\/wp-json\/wp\/v2\/product_tag?post=5509"}],"curies":[{"name":"wp","href":"https:\/\/api.w.org\/{rel}","templated":true}]}}