{"id":5526,"date":"2024-05-22T12:36:09","date_gmt":"2024-05-22T12:36:09","guid":{"rendered":"https:\/\/23b13e8ab3.nxcli.io\/sweden\/?post_type=product&#038;p=5526"},"modified":"2024-11-08T05:06:30","modified_gmt":"2024-11-08T05:06:30","slug":"energizer-vision-hd-focus-headlight","status":"publish","type":"product","link":"https:\/\/energizer.com\/eu\/sweden\/product\/energizer-vision-hd-focus-headlight\/","title":{"rendered":"Energizer Vision HD+ Focus Headlight"},"content":{"rendered":"<ul>\n<li>\u00a0Energizer Vision HD+ Focus pannlampa med Digital ing\u00e5r (3 AAA alkaliska batterier ing\u00e5r)<\/li>\n<li>LED-teknik: Denna kraftfulla 400-lumen Pannlampa har en r\u00e4ckvidd p\u00e5 85 meter, med den senaste LED-tekniken<\/li>\n<li>Digitalt fokus: Bredda eller begr\u00e4nsa ditt synf\u00e4lt enkelt med en knapptryckning<\/li>\n<li>H\u00e5llbar konstruktion: Idealisk f\u00f6r l\u00e5ngvarig anv\u00e4ndning, denna h\u00e5llbara pannlampa klarar falltestet p\u00e5 1 meter, med en vattent\u00e4t<\/li>\n<li>IPX4-klassad h\u00f6lje<\/li>\n<li>M\u00e5ngsidig handsfree-lampa: Denna l\u00e4ttanv\u00e4nda, kompakta handsfree-ficklampa har dig t\u00e4ckt f\u00f6r str\u00f6mavbrott, g\u00f6r-det-sj\u00e4lv och mer<\/li>\n<li>\u00a0Bekv\u00e4m design: Direkt \u00f6ver det med hj\u00e4lp av denna l\u00e4tta huvudficklampa pannlampa, med ett justerbart pannband f\u00f6r en fast passform<\/li>\n<li>Minnes\u00e5terkallelse: F\u00e5 l\u00e4tt \u00e5tkomst till din favoritfokusinst\u00e4llning varje g\u00e5ng du anv\u00e4nder den med den praktiska minnes\u00e5terkallningsfunktionen<\/li>\n<\/ul>\n","protected":false},"excerpt":{"rendered":"<p>H\u00e5ll h\u00e4nderna fria och njut av varje \u00e4ventyr till fullo med denna l\u00e4tta och m\u00e5ngsidiga pannlampa. Energizer Vision HD+ Focus-pannlampa \u00e4r kompakt och handsfree \u2013 perfekt f\u00f6r g\u00f6r-det-sj\u00e4lv och aktiviteter som kr\u00e4ver b\u00e5da h\u00e4nderna. Den kommer att lysa upp din v\u00e4g p\u00e5 alla eskapader efter m\u00f6rkret, oavsett om du campar, vandrar eller \u00e4r ute och springer. Denna 400-lumen LED-pannlampa kommer att lysa upp \u00e4ven de m\u00f6rkaste utrymmena och lyser upp till 85 meter i h\u00f6gt l\u00e4ge, f\u00f6r gott om ljus precis d\u00e4r du beh\u00f6ver det. F\u00f6rminska eller bredda det kraftfulla LED-ljuset med patenterad Digital Focus-teknik.<\/p>\n","protected":false},"featured_media":0,"comment_status":"open","ping_status":"closed","template":"","meta":{"_acf_changed":false},"product_brand":[],"product_cat":[43],"product_tag":[],"class_list":{"0":"post-5526","1":"product","2":"type-product","3":"status-publish","5":"product_cat-hands-free","7":"first","8":"instock","9":"shipping-taxable","10":"product-type-simple"},"acf":[],"_links":{"self":[{"href":"https:\/\/energizer.com\/eu\/sweden\/wp-json\/wp\/v2\/product\/5526","targetHints":{"allow":["GET"]}}],"collection":[{"href":"https:\/\/energizer.com\/eu\/sweden\/wp-json\/wp\/v2\/product"}],"about":[{"href":"https:\/\/energizer.com\/eu\/sweden\/wp-json\/wp\/v2\/types\/product"}],"replies":[{"embeddable":true,"href":"https:\/\/energizer.com\/eu\/sweden\/wp-json\/wp\/v2\/comments?post=5526"}],"version-history":[{"count":7,"href":"https:\/\/energizer.com\/eu\/sweden\/wp-json\/wp\/v2\/product\/5526\/revisions"}],"predecessor-version":[{"id":10325,"href":"https:\/\/energizer.com\/eu\/sweden\/wp-json\/wp\/v2\/product\/5526\/revisions\/10325"}],"wp:attachment":[{"href":"https:\/\/energizer.com\/eu\/sweden\/wp-json\/wp\/v2\/media?parent=5526"}],"wp:term":[{"taxonomy":"product_brand","embeddable":true,"href":"https:\/\/energizer.com\/eu\/sweden\/wp-json\/wp\/v2\/product_brand?post=5526"},{"taxonomy":"product_cat","embeddable":true,"href":"https:\/\/energizer.com\/eu\/sweden\/wp-json\/wp\/v2\/product_cat?post=5526"},{"taxonomy":"product_tag","embeddable":true,"href":"https:\/\/energizer.com\/eu\/sweden\/wp-json\/wp\/v2\/product_tag?post=5526"}],"curies":[{"name":"wp","href":"https:\/\/api.w.org\/{rel}","templated":true}]}}