{"id":6707,"date":"2024-05-29T10:49:59","date_gmt":"2024-05-29T10:49:59","guid":{"rendered":"https:\/\/23b13e8ab3.nxcli.io\/sweden\/?post_type=product&#038;p=6707"},"modified":"2024-12-26T10:29:05","modified_gmt":"2024-12-26T10:29:05","slug":"energizer-ultimate-lithium-coin-cr2032","status":"publish","type":"product","link":"https:\/\/energizer.com\/eu\/sweden\/product\/energizer-ultimate-lithium-coin-cr2032\/","title":{"rendered":"ENERGIZER\u00ae ULTIMATE LITHIUM COIN \u2013 CR2032"},"content":{"rendered":"<ul>\n<li>Energizer CR2032 myntlitiumbatterier<\/li>\n<li>V\u00e5ra 2032 knappcellsbatterier som r\u00e4cker l\u00e4ngst bevarar kraften i upp till 12 \u00e5r vid f\u00f6rvaring, f\u00f6r att ge p\u00e5litlig kraft n\u00e4r du beh\u00f6ver det som mest<\/li>\n<li>Med v\u00e4rldens f\u00f6rsta 3-i-1 Child Shield med tre f\u00f6rsvarslinjer: Color Alert, en bitter bel\u00e4ggning och s\u00e4ker f\u00f6rpackning<\/li>\n<li>Color Alert-teknologi f\u00e4rgar munnen bl\u00e5 sekunder efter kontakt med saliv f\u00f6r att indikera eventuellt f\u00f6rt\u00e4ring<\/li>\n<li>Giftfri bitter bel\u00e4ggning hj\u00e4lper till att motverka f\u00f6rt\u00e4ring<\/li>\n<li>S\u00e4kra f\u00f6rpackningar \u00e4r verkligen sv\u00e5ra att \u00f6ppna<\/li>\n<li>Fungerar i extrema temperaturer fr\u00e5n -40\u00ba till 60\u00ba C f\u00f6r p\u00e5litlig kraft, \u00e4ven under de tuffaste f\u00f6rh\u00e5llanden<\/li>\n<li>Idealisk f\u00f6r anv\u00e4ndning som fj\u00e4rrbatterier och batterier f\u00f6r medicinsk utrustning; ocks\u00e5 en idealisk str\u00f6mk\u00e4lla f\u00f6r ditt nyckelfria system, leksaker och spel<\/li>\n<\/ul>\n","protected":false},"excerpt":{"rendered":"<p>F\u00e5 ut det mesta av dina viktiga enheter med den p\u00e5litliga, l\u00e5nglivade kraften du kan f\u00f6rv\u00e4nta dig av Energizer. Fyll p\u00e5 med CR2032 Energizer-batterier f\u00f6r klockor och wearables, samt batterier f\u00f6r nyckelbrickor, fj\u00e4rrkontroller, larmsensorer och v\u00e5gar. Detta batteripaket \u00e4r ocks\u00e5 ett utm\u00e4rkt val om du beh\u00f6ver ett nytt bilnyckelbatteri. Varje Energizer litium CR2032-batteri bevarar kraften i upp till 10 \u00e5r vid f\u00f6rvaring och t\u00e5l temperaturer fr\u00e5n -30 \u00baC till 60 \u00baC \u2013 de \u00e4r alltid redo n\u00e4r du \u00e4r det. F\u00f6rutom storlek 2032 (eller KECR2032), inkluderar Energizer-batterierna \u00e4ven 2025, 2016 och LR44\/A76-batterier, s\u00e5 det \u00e4r l\u00e4tt att hitta p\u00e5litlig kraft i den storlek du beh\u00f6ver.<\/p>\n","protected":false},"featured_media":0,"comment_status":"open","ping_status":"closed","template":"","meta":{"_acf_changed":false},"product_brand":[],"product_cat":[58],"product_tag":[],"class_list":{"0":"post-6707","1":"product","2":"type-product","3":"status-publish","5":"product_cat-specialty","7":"first","8":"instock","9":"shipping-taxable","10":"product-type-simple"},"acf":[],"_links":{"self":[{"href":"https:\/\/energizer.com\/eu\/sweden\/wp-json\/wp\/v2\/product\/6707","targetHints":{"allow":["GET"]}}],"collection":[{"href":"https:\/\/energizer.com\/eu\/sweden\/wp-json\/wp\/v2\/product"}],"about":[{"href":"https:\/\/energizer.com\/eu\/sweden\/wp-json\/wp\/v2\/types\/product"}],"replies":[{"embeddable":true,"href":"https:\/\/energizer.com\/eu\/sweden\/wp-json\/wp\/v2\/comments?post=6707"}],"version-history":[{"count":21,"href":"https:\/\/energizer.com\/eu\/sweden\/wp-json\/wp\/v2\/product\/6707\/revisions"}],"predecessor-version":[{"id":10460,"href":"https:\/\/energizer.com\/eu\/sweden\/wp-json\/wp\/v2\/product\/6707\/revisions\/10460"}],"wp:attachment":[{"href":"https:\/\/energizer.com\/eu\/sweden\/wp-json\/wp\/v2\/media?parent=6707"}],"wp:term":[{"taxonomy":"product_brand","embeddable":true,"href":"https:\/\/energizer.com\/eu\/sweden\/wp-json\/wp\/v2\/product_brand?post=6707"},{"taxonomy":"product_cat","embeddable":true,"href":"https:\/\/energizer.com\/eu\/sweden\/wp-json\/wp\/v2\/product_cat?post=6707"},{"taxonomy":"product_tag","embeddable":true,"href":"https:\/\/energizer.com\/eu\/sweden\/wp-json\/wp\/v2\/product_tag?post=6707"}],"curies":[{"name":"wp","href":"https:\/\/api.w.org\/{rel}","templated":true}]}}