{"id":7196,"date":"2024-06-03T05:16:27","date_gmt":"2024-06-03T05:16:27","guid":{"rendered":"https:\/\/23b13e8ab3.nxcli.io\/switzerland\/?post_type=product&#038;p=7196"},"modified":"2025-01-08T11:46:07","modified_gmt":"2025-01-08T11:46:07","slug":"energizer-max-plus-c","status":"publish","type":"product","link":"https:\/\/energizer.com\/eu\/switzerland\/product\/energizer-max-plus-c\/","title":{"rendered":"ENERGIZER \u00ae MAX PLUS \u2122 &#8211; C"},"content":{"rendered":"<ul>\n<li>Pack de 2 piles alcalines C Energizer Max Plus<\/li>\n<li>Une \u00e9nergie fiable: les piles alcalines Energizer Max Plus C sont con\u00e7ues pour d\u00e9livrer une performance longue-dur\u00e9e, id\u00e9ale pour vos appareils gourmands en \u00e9nergie tels que les jouets t\u00e9l\u00e9-guid\u00e9s, les outils \u00e9l\u00e9ctriques, les lampes torches, les appareils m\u00e9dicaux etc<\/li>\n<li>Qualit\u00e9 : ces piles se conservent jusqu\u2019\u00e0 12 ans dans leur emballage, pour pouvoir les utiliser d\u00e8s que vous en avez besoin<\/li>\n<li>Emballage 100% recyclable: cet emballage est fabriqu\u00e9 \u00e0 partir de carton 100% recyclable<\/li>\n<\/ul>\n","protected":false},"excerpt":{"rendered":"<p>Tirez le meilleur parti de vos appareils indispensables gr\u00e2ce \u00e0 l&#8217;\u00e9nergie fiable que vous exigez de piles Energizer. Faites le plein de piles pour appareils photo et jouets, t\u00e9l\u00e9commandes voiture, radios portables et plus encore. Ce pack est \u00e9galement un excellent choix si vous avez besoin d&#8217;une t\u00e9l\u00e9commande \u00e0 pile longue dur\u00e9e, ou d&#8217;une t\u00e9l\u00e9commande \u00e0 pile pour garage. Les piles alcalines Energizer C conservent leur autonomie jusqu&#8217;\u00e0 10 ans si elles sont entrepos\u00e9es. La gamme Energizer Max Plus comprend \u00e9galement des piles AA, AAA, C, D et 9V. Il est donc facile de trouver une \u00e9nergie fiable dans le format dont vous avez besoin. Pour les piles rechargeables, choisissez la gamme Energizer Recharge, id\u00e9ale pour les appareils haute technologie.<\/p>\n<p>Energizer sait \u00e0 quel point il est important de prendre soin de notre plan\u00e8te et de ses espaces verts. C&#8217;est pourquoi ces batteries sont vendues dans des emballages 100 % recyclables et sans plastique* qui soutiennent une sylviculture responsable.<br \/>\nVeuillez noter que l&#8217;emballage de la batterie Energizer que vous recevez peut diff\u00e9rer de l&#8217;emballage illustr\u00e9, selon le stock. Merci de votre patience pendant notre p\u00e9riode de transition vers les emballages recyclables.<\/p>\n<p>* \u00c0 l&#8217;exception des scell\u00e9s de certains emballages<\/p>\n","protected":false},"featured_media":0,"comment_status":"open","ping_status":"closed","template":"","meta":{"_acf_changed":false},"product_brand":[],"product_cat":[87],"product_tag":[],"class_list":{"0":"post-7196","1":"product","2":"type-product","3":"status-publish","5":"product_cat-energizer-max-plus","7":"first","8":"instock","9":"shipping-taxable","10":"product-type-simple"},"acf":[],"yoast_head":"<!-- This site is optimized with the Yoast SEO plugin v27.2 - https:\/\/yoast.com\/product\/yoast-seo-wordpress\/ -->\n<title>ENERGIZER \u00ae MAX PLUS \u2122 - C - Switzerland<\/title>\n<meta name=\"robots\" content=\"index, follow, max-snippet:-1, max-image-preview:large, max-video-preview:-1\" \/>\n<link rel=\"canonical\" href=\"https:\/\/energizer.com\/eu\/switzerland\/product\/energizer-max-plus-c\/\" \/>\n<meta property=\"og:locale\" content=\"en_US\" \/>\n<meta property=\"og:type\" content=\"article\" \/>\n<meta property=\"og:title\" content=\"ENERGIZER \u00ae MAX PLUS \u2122 - C - Switzerland\" \/>\n<meta property=\"og:description\" content=\"Tirez le meilleur parti de vos appareils indispensables gr\u00e2ce \u00e0 l&#039;\u00e9nergie fiable que vous exigez de piles Energizer. Faites le plein de piles pour appareils photo et jouets, t\u00e9l\u00e9commandes voiture, radios portables et plus encore. Ce pack est \u00e9galement un excellent choix si vous avez besoin d&#039;une t\u00e9l\u00e9commande \u00e0 pile longue dur\u00e9e, ou d&#039;une t\u00e9l\u00e9commande \u00e0 pile pour garage. Les piles alcalines Energizer C conservent leur autonomie jusqu&#039;\u00e0 10 ans si elles sont entrepos\u00e9es. La gamme Energizer Max Plus comprend \u00e9galement des piles AA, AAA, C, D et 9V. Il est donc facile de trouver une \u00e9nergie fiable dans le format dont vous avez besoin. Pour les piles rechargeables, choisissez la gamme Energizer Recharge, id\u00e9ale pour les appareils haute technologie.  Energizer sait \u00e0 quel point il est important de prendre soin de notre plan\u00e8te et de ses espaces verts. C&#039;est pourquoi ces batteries sont vendues dans des emballages 100 % recyclables et sans plastique* qui soutiennent une sylviculture responsable. Veuillez noter que l&#039;emballage de la batterie Energizer que vous recevez peut diff\u00e9rer de l&#039;emballage illustr\u00e9, selon le stock. Merci de votre patience pendant notre p\u00e9riode de transition vers les emballages recyclables.  * \u00c0 l&#039;exception des scell\u00e9s de certains emballages\" \/>\n<meta property=\"og:url\" content=\"https:\/\/energizer.com\/eu\/switzerland\/product\/energizer-max-plus-c\/\" \/>\n<meta property=\"og:site_name\" content=\"Switzerland\" \/>\n<meta property=\"article:modified_time\" content=\"2025-01-08T11:46:07+00:00\" \/>\n<meta name=\"twitter:card\" content=\"summary_large_image\" \/>\n<script type=\"application\/ld+json\" class=\"yoast-schema-graph\">{\"@context\":\"https:\/\/schema.org\",\"@graph\":[{\"@type\":\"WebPage\",\"@id\":\"https:\/\/energizer.com\/eu\/switzerland\/product\/energizer-max-plus-c\/\",\"url\":\"https:\/\/energizer.com\/eu\/switzerland\/product\/energizer-max-plus-c\/\",\"name\":\"ENERGIZER \u00ae MAX PLUS \u2122 - C - Switzerland\",\"isPartOf\":{\"@id\":\"https:\/\/energizer.com\/eu\/switzerland\/#website\"},\"datePublished\":\"2024-06-03T05:16:27+00:00\",\"dateModified\":\"2025-01-08T11:46:07+00:00\",\"breadcrumb\":{\"@id\":\"https:\/\/energizer.com\/eu\/switzerland\/product\/energizer-max-plus-c\/#breadcrumb\"},\"inLanguage\":\"en-US\",\"potentialAction\":[{\"@type\":\"ReadAction\",\"target\":[\"https:\/\/energizer.com\/eu\/switzerland\/product\/energizer-max-plus-c\/\"]}]},{\"@type\":\"BreadcrumbList\",\"@id\":\"https:\/\/energizer.com\/eu\/switzerland\/product\/energizer-max-plus-c\/#breadcrumb\",\"itemListElement\":[{\"@type\":\"ListItem\",\"position\":1,\"name\":\"Home\",\"item\":\"https:\/\/energizer.com\/eu\/switzerland\/\"},{\"@type\":\"ListItem\",\"position\":2,\"name\":\"ENERGIZER \u00ae MAX PLUS \u2122 &#8211; C\"}]},{\"@type\":\"WebSite\",\"@id\":\"https:\/\/energizer.com\/eu\/switzerland\/#website\",\"url\":\"https:\/\/energizer.com\/eu\/switzerland\/\",\"name\":\"Energizer Switzerland (FR)\",\"description\":\"\",\"publisher\":{\"@id\":\"https:\/\/energizer.com\/eu\/switzerland\/#organization\"},\"potentialAction\":[{\"@type\":\"SearchAction\",\"target\":{\"@type\":\"EntryPoint\",\"urlTemplate\":\"https:\/\/energizer.com\/eu\/switzerland\/?s={search_term_string}\"},\"query-input\":{\"@type\":\"PropertyValueSpecification\",\"valueRequired\":true,\"valueName\":\"search_term_string\"}}],\"inLanguage\":\"en-US\"},{\"@type\":\"Organization\",\"@id\":\"https:\/\/energizer.com\/eu\/switzerland\/#organization\",\"name\":\"Energizer Switzerland (FR)\",\"url\":\"https:\/\/energizer.com\/eu\/switzerland\/\",\"logo\":{\"@type\":\"ImageObject\",\"inLanguage\":\"en-US\",\"@id\":\"https:\/\/energizer.com\/eu\/switzerland\/#\/schema\/logo\/image\/\",\"url\":\"https:\/\/energizer.com\/eu\/switzerland\/wp-content\/uploads\/sites\/58\/2024\/04\/Energizer_brand.png\",\"contentUrl\":\"https:\/\/energizer.com\/eu\/switzerland\/wp-content\/uploads\/sites\/58\/2024\/04\/Energizer_brand.png\",\"width\":267,\"height\":100,\"caption\":\"Energizer Switzerland (FR)\"},\"image\":{\"@id\":\"https:\/\/energizer.com\/eu\/switzerland\/#\/schema\/logo\/image\/\"}}]}<\/script>\n<!-- \/ Yoast SEO plugin. -->","yoast_head_json":{"title":"ENERGIZER \u00ae MAX PLUS \u2122 - C - Switzerland","robots":{"index":"index","follow":"follow","max-snippet":"max-snippet:-1","max-image-preview":"max-image-preview:large","max-video-preview":"max-video-preview:-1"},"canonical":"https:\/\/energizer.com\/eu\/switzerland\/product\/energizer-max-plus-c\/","og_locale":"en_US","og_type":"article","og_title":"ENERGIZER \u00ae MAX PLUS \u2122 - C - Switzerland","og_description":"Tirez le meilleur parti de vos appareils indispensables gr\u00e2ce \u00e0 l'\u00e9nergie fiable que vous exigez de piles Energizer. Faites le plein de piles pour appareils photo et jouets, t\u00e9l\u00e9commandes voiture, radios portables et plus encore. Ce pack est \u00e9galement un excellent choix si vous avez besoin d'une t\u00e9l\u00e9commande \u00e0 pile longue dur\u00e9e, ou d'une t\u00e9l\u00e9commande \u00e0 pile pour garage. Les piles alcalines Energizer C conservent leur autonomie jusqu'\u00e0 10 ans si elles sont entrepos\u00e9es. La gamme Energizer Max Plus comprend \u00e9galement des piles AA, AAA, C, D et 9V. Il est donc facile de trouver une \u00e9nergie fiable dans le format dont vous avez besoin. Pour les piles rechargeables, choisissez la gamme Energizer Recharge, id\u00e9ale pour les appareils haute technologie.  Energizer sait \u00e0 quel point il est important de prendre soin de notre plan\u00e8te et de ses espaces verts. C'est pourquoi ces batteries sont vendues dans des emballages 100 % recyclables et sans plastique* qui soutiennent une sylviculture responsable. Veuillez noter que l'emballage de la batterie Energizer que vous recevez peut diff\u00e9rer de l'emballage illustr\u00e9, selon le stock. Merci de votre patience pendant notre p\u00e9riode de transition vers les emballages recyclables.  * \u00c0 l'exception des scell\u00e9s de certains emballages","og_url":"https:\/\/energizer.com\/eu\/switzerland\/product\/energizer-max-plus-c\/","og_site_name":"Switzerland","article_modified_time":"2025-01-08T11:46:07+00:00","twitter_card":"summary_large_image","schema":{"@context":"https:\/\/schema.org","@graph":[{"@type":"WebPage","@id":"https:\/\/energizer.com\/eu\/switzerland\/product\/energizer-max-plus-c\/","url":"https:\/\/energizer.com\/eu\/switzerland\/product\/energizer-max-plus-c\/","name":"ENERGIZER \u00ae MAX PLUS \u2122 - C - Switzerland","isPartOf":{"@id":"https:\/\/energizer.com\/eu\/switzerland\/#website"},"datePublished":"2024-06-03T05:16:27+00:00","dateModified":"2025-01-08T11:46:07+00:00","breadcrumb":{"@id":"https:\/\/energizer.com\/eu\/switzerland\/product\/energizer-max-plus-c\/#breadcrumb"},"inLanguage":"en-US","potentialAction":[{"@type":"ReadAction","target":["https:\/\/energizer.com\/eu\/switzerland\/product\/energizer-max-plus-c\/"]}]},{"@type":"BreadcrumbList","@id":"https:\/\/energizer.com\/eu\/switzerland\/product\/energizer-max-plus-c\/#breadcrumb","itemListElement":[{"@type":"ListItem","position":1,"name":"Home","item":"https:\/\/energizer.com\/eu\/switzerland\/"},{"@type":"ListItem","position":2,"name":"ENERGIZER \u00ae MAX PLUS \u2122 &#8211; C"}]},{"@type":"WebSite","@id":"https:\/\/energizer.com\/eu\/switzerland\/#website","url":"https:\/\/energizer.com\/eu\/switzerland\/","name":"Energizer Switzerland (FR)","description":"","publisher":{"@id":"https:\/\/energizer.com\/eu\/switzerland\/#organization"},"potentialAction":[{"@type":"SearchAction","target":{"@type":"EntryPoint","urlTemplate":"https:\/\/energizer.com\/eu\/switzerland\/?s={search_term_string}"},"query-input":{"@type":"PropertyValueSpecification","valueRequired":true,"valueName":"search_term_string"}}],"inLanguage":"en-US"},{"@type":"Organization","@id":"https:\/\/energizer.com\/eu\/switzerland\/#organization","name":"Energizer Switzerland (FR)","url":"https:\/\/energizer.com\/eu\/switzerland\/","logo":{"@type":"ImageObject","inLanguage":"en-US","@id":"https:\/\/energizer.com\/eu\/switzerland\/#\/schema\/logo\/image\/","url":"https:\/\/energizer.com\/eu\/switzerland\/wp-content\/uploads\/sites\/58\/2024\/04\/Energizer_brand.png","contentUrl":"https:\/\/energizer.com\/eu\/switzerland\/wp-content\/uploads\/sites\/58\/2024\/04\/Energizer_brand.png","width":267,"height":100,"caption":"Energizer Switzerland (FR)"},"image":{"@id":"https:\/\/energizer.com\/eu\/switzerland\/#\/schema\/logo\/image\/"}}]}},"_links":{"self":[{"href":"https:\/\/energizer.com\/eu\/switzerland\/wp-json\/wp\/v2\/product\/7196","targetHints":{"allow":["GET"]}}],"collection":[{"href":"https:\/\/energizer.com\/eu\/switzerland\/wp-json\/wp\/v2\/product"}],"about":[{"href":"https:\/\/energizer.com\/eu\/switzerland\/wp-json\/wp\/v2\/types\/product"}],"replies":[{"embeddable":true,"href":"https:\/\/energizer.com\/eu\/switzerland\/wp-json\/wp\/v2\/comments?post=7196"}],"version-history":[{"count":7,"href":"https:\/\/energizer.com\/eu\/switzerland\/wp-json\/wp\/v2\/product\/7196\/revisions"}],"predecessor-version":[{"id":10145,"href":"https:\/\/energizer.com\/eu\/switzerland\/wp-json\/wp\/v2\/product\/7196\/revisions\/10145"}],"wp:attachment":[{"href":"https:\/\/energizer.com\/eu\/switzerland\/wp-json\/wp\/v2\/media?parent=7196"}],"wp:term":[{"taxonomy":"product_brand","embeddable":true,"href":"https:\/\/energizer.com\/eu\/switzerland\/wp-json\/wp\/v2\/product_brand?post=7196"},{"taxonomy":"product_cat","embeddable":true,"href":"https:\/\/energizer.com\/eu\/switzerland\/wp-json\/wp\/v2\/product_cat?post=7196"},{"taxonomy":"product_tag","embeddable":true,"href":"https:\/\/energizer.com\/eu\/switzerland\/wp-json\/wp\/v2\/product_tag?post=7196"}],"curies":[{"name":"wp","href":"https:\/\/api.w.org\/{rel}","templated":true}]}}