{"id":7266,"date":"2024-06-03T05:16:32","date_gmt":"2024-06-03T05:16:32","guid":{"rendered":"https:\/\/23b13e8ab3.nxcli.io\/switzerland\/?post_type=product&#038;p=7266"},"modified":"2024-08-27T06:20:50","modified_gmt":"2024-08-27T06:20:50","slug":"energizer-photo-lithium-batteries-223","status":"publish","type":"product","link":"https:\/\/energizer.com\/eu\/switzerland\/product\/energizer-photo-lithium-batteries-223\/","title":{"rendered":"ENERGIZER\u00ae PHOTO LITHIUM BATTERIES \u2013 223"},"content":{"rendered":"<ul>\n<li>Contient X pile Lithium Photo 223 Energizer, qui offre des performances longue dur\u00e9e pour votre appareil, photo apr\u00e8s photo<\/li>\n<li>Pr\u00eates \u00e0 servir d\u00e8s que vous en avez besoin : nos piles FSB1 pour appareils photo peuvent \u00eatre gard\u00e9es dans leur emballage pendant 10 ans en conservant leur puissance<\/li>\n<li>Puissantes : les piles Energizer pour appareils photo ont \u00e9t\u00e9 con\u00e7ues pour r\u00e9pondre aux exigences des appareils modernes \u00e0 haute consommation d\u2019\u00e9nergie<\/li>\n<\/ul>\n","protected":false},"excerpt":{"rendered":"<p>Soyez toujours pr\u00eat \u00e0 immortaliser vos meilleurs moments : les piles pour appareils photo 223 6 volts au lithium d\u2019Energizer sont con\u00e7ues pour offrir une alimentation pr\u00e9cise et longue dur\u00e9e aux appareils photos et dispositifs de flash high-tech les plus \u00e9nergivores. Nos piles pour appareils photo 6 V sauront vous impressionner. Les tests le prouvent : aucune autre pile ne permet de prendre autant de photos.<\/p>\n","protected":false},"featured_media":0,"comment_status":"open","ping_status":"closed","template":"","meta":{"_acf_changed":false},"product_brand":[],"product_cat":[58],"product_tag":[],"class_list":{"0":"post-7266","1":"product","2":"type-product","3":"status-publish","5":"product_cat-speciality","7":"first","8":"instock","9":"shipping-taxable","10":"product-type-simple"},"acf":[],"yoast_head":"<!-- This site is optimized with the Yoast SEO plugin v27.2 - https:\/\/yoast.com\/product\/yoast-seo-wordpress\/ -->\n<title>ENERGIZER\u00ae PHOTO LITHIUM BATTERIES \u2013 223 - Switzerland<\/title>\n<meta name=\"robots\" content=\"index, follow, max-snippet:-1, max-image-preview:large, max-video-preview:-1\" \/>\n<link rel=\"canonical\" href=\"https:\/\/energizer.com\/eu\/switzerland\/product\/energizer-photo-lithium-batteries-223\/\" \/>\n<meta property=\"og:locale\" content=\"en_US\" \/>\n<meta property=\"og:type\" content=\"article\" \/>\n<meta property=\"og:title\" content=\"ENERGIZER\u00ae PHOTO LITHIUM BATTERIES \u2013 223 - Switzerland\" \/>\n<meta property=\"og:description\" content=\"Soyez toujours pr\u00eat \u00e0 immortaliser vos meilleurs moments : les piles pour appareils photo 223 6 volts au lithium d\u2019Energizer sont con\u00e7ues pour offrir une alimentation pr\u00e9cise et longue dur\u00e9e aux appareils photos et dispositifs de flash high-tech les plus \u00e9nergivores. Nos piles pour appareils photo 6 V sauront vous impressionner. Les tests le prouvent : aucune autre pile ne permet de prendre autant de photos.\" \/>\n<meta property=\"og:url\" content=\"https:\/\/energizer.com\/eu\/switzerland\/product\/energizer-photo-lithium-batteries-223\/\" \/>\n<meta property=\"og:site_name\" content=\"Switzerland\" \/>\n<meta property=\"article:modified_time\" content=\"2024-08-27T06:20:50+00:00\" \/>\n<meta name=\"twitter:card\" content=\"summary_large_image\" \/>\n<script type=\"application\/ld+json\" class=\"yoast-schema-graph\">{\"@context\":\"https:\/\/schema.org\",\"@graph\":[{\"@type\":\"WebPage\",\"@id\":\"https:\/\/energizer.com\/eu\/switzerland\/product\/energizer-photo-lithium-batteries-223\/\",\"url\":\"https:\/\/energizer.com\/eu\/switzerland\/product\/energizer-photo-lithium-batteries-223\/\",\"name\":\"ENERGIZER\u00ae PHOTO LITHIUM BATTERIES \u2013 223 - Switzerland\",\"isPartOf\":{\"@id\":\"https:\/\/energizer.com\/eu\/switzerland\/#website\"},\"datePublished\":\"2024-06-03T05:16:32+00:00\",\"dateModified\":\"2024-08-27T06:20:50+00:00\",\"breadcrumb\":{\"@id\":\"https:\/\/energizer.com\/eu\/switzerland\/product\/energizer-photo-lithium-batteries-223\/#breadcrumb\"},\"inLanguage\":\"en-US\",\"potentialAction\":[{\"@type\":\"ReadAction\",\"target\":[\"https:\/\/energizer.com\/eu\/switzerland\/product\/energizer-photo-lithium-batteries-223\/\"]}]},{\"@type\":\"BreadcrumbList\",\"@id\":\"https:\/\/energizer.com\/eu\/switzerland\/product\/energizer-photo-lithium-batteries-223\/#breadcrumb\",\"itemListElement\":[{\"@type\":\"ListItem\",\"position\":1,\"name\":\"Home\",\"item\":\"https:\/\/energizer.com\/eu\/switzerland\/\"},{\"@type\":\"ListItem\",\"position\":2,\"name\":\"ENERGIZER\u00ae PHOTO LITHIUM BATTERIES \u2013 223\"}]},{\"@type\":\"WebSite\",\"@id\":\"https:\/\/energizer.com\/eu\/switzerland\/#website\",\"url\":\"https:\/\/energizer.com\/eu\/switzerland\/\",\"name\":\"Energizer Switzerland (FR)\",\"description\":\"\",\"publisher\":{\"@id\":\"https:\/\/energizer.com\/eu\/switzerland\/#organization\"},\"potentialAction\":[{\"@type\":\"SearchAction\",\"target\":{\"@type\":\"EntryPoint\",\"urlTemplate\":\"https:\/\/energizer.com\/eu\/switzerland\/?s={search_term_string}\"},\"query-input\":{\"@type\":\"PropertyValueSpecification\",\"valueRequired\":true,\"valueName\":\"search_term_string\"}}],\"inLanguage\":\"en-US\"},{\"@type\":\"Organization\",\"@id\":\"https:\/\/energizer.com\/eu\/switzerland\/#organization\",\"name\":\"Energizer Switzerland (FR)\",\"url\":\"https:\/\/energizer.com\/eu\/switzerland\/\",\"logo\":{\"@type\":\"ImageObject\",\"inLanguage\":\"en-US\",\"@id\":\"https:\/\/energizer.com\/eu\/switzerland\/#\/schema\/logo\/image\/\",\"url\":\"https:\/\/energizer.com\/eu\/switzerland\/wp-content\/uploads\/sites\/58\/2024\/04\/Energizer_brand.png\",\"contentUrl\":\"https:\/\/energizer.com\/eu\/switzerland\/wp-content\/uploads\/sites\/58\/2024\/04\/Energizer_brand.png\",\"width\":267,\"height\":100,\"caption\":\"Energizer Switzerland (FR)\"},\"image\":{\"@id\":\"https:\/\/energizer.com\/eu\/switzerland\/#\/schema\/logo\/image\/\"}}]}<\/script>\n<!-- \/ Yoast SEO plugin. -->","yoast_head_json":{"title":"ENERGIZER\u00ae PHOTO LITHIUM BATTERIES \u2013 223 - Switzerland","robots":{"index":"index","follow":"follow","max-snippet":"max-snippet:-1","max-image-preview":"max-image-preview:large","max-video-preview":"max-video-preview:-1"},"canonical":"https:\/\/energizer.com\/eu\/switzerland\/product\/energizer-photo-lithium-batteries-223\/","og_locale":"en_US","og_type":"article","og_title":"ENERGIZER\u00ae PHOTO LITHIUM BATTERIES \u2013 223 - Switzerland","og_description":"Soyez toujours pr\u00eat \u00e0 immortaliser vos meilleurs moments : les piles pour appareils photo 223 6 volts au lithium d\u2019Energizer sont con\u00e7ues pour offrir une alimentation pr\u00e9cise et longue dur\u00e9e aux appareils photos et dispositifs de flash high-tech les plus \u00e9nergivores. Nos piles pour appareils photo 6 V sauront vous impressionner. Les tests le prouvent : aucune autre pile ne permet de prendre autant de photos.","og_url":"https:\/\/energizer.com\/eu\/switzerland\/product\/energizer-photo-lithium-batteries-223\/","og_site_name":"Switzerland","article_modified_time":"2024-08-27T06:20:50+00:00","twitter_card":"summary_large_image","schema":{"@context":"https:\/\/schema.org","@graph":[{"@type":"WebPage","@id":"https:\/\/energizer.com\/eu\/switzerland\/product\/energizer-photo-lithium-batteries-223\/","url":"https:\/\/energizer.com\/eu\/switzerland\/product\/energizer-photo-lithium-batteries-223\/","name":"ENERGIZER\u00ae PHOTO LITHIUM BATTERIES \u2013 223 - Switzerland","isPartOf":{"@id":"https:\/\/energizer.com\/eu\/switzerland\/#website"},"datePublished":"2024-06-03T05:16:32+00:00","dateModified":"2024-08-27T06:20:50+00:00","breadcrumb":{"@id":"https:\/\/energizer.com\/eu\/switzerland\/product\/energizer-photo-lithium-batteries-223\/#breadcrumb"},"inLanguage":"en-US","potentialAction":[{"@type":"ReadAction","target":["https:\/\/energizer.com\/eu\/switzerland\/product\/energizer-photo-lithium-batteries-223\/"]}]},{"@type":"BreadcrumbList","@id":"https:\/\/energizer.com\/eu\/switzerland\/product\/energizer-photo-lithium-batteries-223\/#breadcrumb","itemListElement":[{"@type":"ListItem","position":1,"name":"Home","item":"https:\/\/energizer.com\/eu\/switzerland\/"},{"@type":"ListItem","position":2,"name":"ENERGIZER\u00ae PHOTO LITHIUM BATTERIES \u2013 223"}]},{"@type":"WebSite","@id":"https:\/\/energizer.com\/eu\/switzerland\/#website","url":"https:\/\/energizer.com\/eu\/switzerland\/","name":"Energizer Switzerland (FR)","description":"","publisher":{"@id":"https:\/\/energizer.com\/eu\/switzerland\/#organization"},"potentialAction":[{"@type":"SearchAction","target":{"@type":"EntryPoint","urlTemplate":"https:\/\/energizer.com\/eu\/switzerland\/?s={search_term_string}"},"query-input":{"@type":"PropertyValueSpecification","valueRequired":true,"valueName":"search_term_string"}}],"inLanguage":"en-US"},{"@type":"Organization","@id":"https:\/\/energizer.com\/eu\/switzerland\/#organization","name":"Energizer Switzerland (FR)","url":"https:\/\/energizer.com\/eu\/switzerland\/","logo":{"@type":"ImageObject","inLanguage":"en-US","@id":"https:\/\/energizer.com\/eu\/switzerland\/#\/schema\/logo\/image\/","url":"https:\/\/energizer.com\/eu\/switzerland\/wp-content\/uploads\/sites\/58\/2024\/04\/Energizer_brand.png","contentUrl":"https:\/\/energizer.com\/eu\/switzerland\/wp-content\/uploads\/sites\/58\/2024\/04\/Energizer_brand.png","width":267,"height":100,"caption":"Energizer Switzerland (FR)"},"image":{"@id":"https:\/\/energizer.com\/eu\/switzerland\/#\/schema\/logo\/image\/"}}]}},"_links":{"self":[{"href":"https:\/\/energizer.com\/eu\/switzerland\/wp-json\/wp\/v2\/product\/7266","targetHints":{"allow":["GET"]}}],"collection":[{"href":"https:\/\/energizer.com\/eu\/switzerland\/wp-json\/wp\/v2\/product"}],"about":[{"href":"https:\/\/energizer.com\/eu\/switzerland\/wp-json\/wp\/v2\/types\/product"}],"replies":[{"embeddable":true,"href":"https:\/\/energizer.com\/eu\/switzerland\/wp-json\/wp\/v2\/comments?post=7266"}],"version-history":[{"count":4,"href":"https:\/\/energizer.com\/eu\/switzerland\/wp-json\/wp\/v2\/product\/7266\/revisions"}],"predecessor-version":[{"id":9667,"href":"https:\/\/energizer.com\/eu\/switzerland\/wp-json\/wp\/v2\/product\/7266\/revisions\/9667"}],"wp:attachment":[{"href":"https:\/\/energizer.com\/eu\/switzerland\/wp-json\/wp\/v2\/media?parent=7266"}],"wp:term":[{"taxonomy":"product_brand","embeddable":true,"href":"https:\/\/energizer.com\/eu\/switzerland\/wp-json\/wp\/v2\/product_brand?post=7266"},{"taxonomy":"product_cat","embeddable":true,"href":"https:\/\/energizer.com\/eu\/switzerland\/wp-json\/wp\/v2\/product_cat?post=7266"},{"taxonomy":"product_tag","embeddable":true,"href":"https:\/\/energizer.com\/eu\/switzerland\/wp-json\/wp\/v2\/product_tag?post=7266"}],"curies":[{"name":"wp","href":"https:\/\/api.w.org\/{rel}","templated":true}]}}