{"id":7333,"date":"2024-06-03T05:16:37","date_gmt":"2024-06-03T05:16:37","guid":{"rendered":"https:\/\/23b13e8ab3.nxcli.io\/switzerland\/?post_type=product&#038;p=7333"},"modified":"2025-02-05T06:33:37","modified_gmt":"2025-02-05T06:33:37","slug":"energizer-recharge-power-plus-aa","status":"publish","type":"product","link":"https:\/\/energizer.com\/eu\/switzerland\/product\/energizer-recharge-power-plus-aa\/","title":{"rendered":"ENERGIZER\u00ae RECHARGE POWER PLUS \u2013 AA"},"content":{"rendered":"<ul>\n<li>Pack de 4 piles AA Energizer Accu Recharge Power Plus<\/li>\n<li>Longue dur\u00e9e : Les piles Energizer rechargeables AA durent jusqu\u2019\u00e0 4 fois plus longtemps (peut varier selon l\u2019appareil) que les piles alcalines Energizer basiques des appareils photo num\u00e9riques ; en fonction de l\u2019appareil photo et de l\u2019utilisation<\/li>\n<li>Une \u00e9nergie fiable : Piles AA pour appareils photo, solaires, t\u00e9l\u00e9commandes, sonnettes et bien d\u2019autres appareils du quotidien<\/li>\n<li>Protection contre les fuites : Les piles rechargeables Energizer sont con\u00e7ues pour prot\u00e9ger vos appareils critiques contre les fuites dommageables dans des conditions d\u2019utilisation normales<\/li>\n<li>Rechargeable : chaque pile AA peut \u00eatre charg\u00e9e des centaines de fois, avec une charge pouvant durer jusqu\u2019\u00e0 12 mois si la pile est entrepos\u00e9e<\/li>\n<li>Emballage 100% recyclable: cet emballage est fabriqu\u00e9 \u00e0 partir de carton 100% recyclable<\/li>\n<\/ul>\n","protected":false},"excerpt":{"rendered":"<p>Tirez le meilleur parti de vos appareils haute technologie et du quotidien avec l&#8217;\u00e9nergie fiable des piles AA Energizer Recharge Power Plus. Faites le plein de piles Energizer pour lampes et montres, ainsi que de piles pour sonnettes, appareils audio et autres appareils \u00e9lectroniques sans fil. Ce pack de piles AA est \u00e9galement un excellent choix si vous avez besoin de piles rechargeables AA longue dur\u00e9e pour appareil photo, avec une seule charge pouvant durer jusqu&#8217;\u00e0 349 photos. Toujours pr\u00eates quand vous l&#8217;\u00eates, les piles AA Energizer Accu Recharge Power Plus sont enti\u00e8rement charg\u00e9es et peuvent conserver leur autonomie jusqu&#8217;\u00e0 12 mois de stockage. Chaque pile peut \u00eatre recharg\u00e9e des centaines de fois, avec une autonomie allant jusqu&#8217;\u00e0 5 ans dans des conditions d&#8217;utilisation normales. Alimentez en toute simplicit\u00e9 vos piles Energizer AA rechargeables avec n&#8217;importe quel chargeur Energizer Recharge. Les piles AA sont con\u00e7ues pour prot\u00e9ger vos appareils critiques contre les fuites dommageables dans des conditions d&#8217;utilisation normales. La gamme Energizer Accu Recharge Power Plus comprend \u00e9galement des piles AAA, C, D et 9V. Il est donc facile de trouver une \u00e9nergie fiable dans le format dont vous avez besoin.<\/p>\n<p>Depuis qu&#8217;elle a cr\u00e9\u00e9 la premi\u00e8re pile grand public en 1896, Energizer a \u00e9t\u00e9 \u00e0 l&#8217;avant-garde de l&#8217;innovation dans le secteur et peut se targuer d&#8217;\u00eatre \u00e0 l&#8217;origine de nombreuses premi\u00e8res, dont le premier testeur de pile au monde. La marque applique \u00e9galement cette vision avant-gardiste aux initiatives environnementales, en d\u00e9veloppant le tout premier syst\u00e8me de piles rechargeables en 1958 et en introduisant la premi\u00e8re pile sans mercure en 1989. Les piles Energizer Recharge ont \u00e9galement \u00e9t\u00e9 les premi\u00e8res piles rechargeables \u00e0 contenir des piles recycl\u00e9es. La soci\u00e9t\u00e9 est en partenariat avec des entreprises qui encouragent, informent et responsabilisent les consommateurs pour qu&#8217;ils recyclent les piles non rechargeables, ainsi que les emballages de piles. Faites confiance \u00e0 la puissance des piles AA rechargeables Energizer.<\/p>\n","protected":false},"featured_media":0,"comment_status":"open","ping_status":"closed","template":"","meta":{"_acf_changed":false},"product_brand":[],"product_cat":[31],"product_tag":[],"class_list":{"0":"post-7333","1":"product","2":"type-product","3":"status-publish","5":"product_cat-energizer-recharge","7":"first","8":"instock","9":"shipping-taxable","10":"product-type-simple"},"acf":[],"yoast_head":"<!-- This site is optimized with the Yoast SEO plugin v27.2 - https:\/\/yoast.com\/product\/yoast-seo-wordpress\/ -->\n<title>ENERGIZER\u00ae RECHARGE POWER PLUS \u2013 AA - Switzerland<\/title>\n<meta name=\"robots\" content=\"index, follow, max-snippet:-1, max-image-preview:large, max-video-preview:-1\" \/>\n<link rel=\"canonical\" href=\"https:\/\/energizer.com\/eu\/switzerland\/product\/energizer-recharge-power-plus-aa\/\" \/>\n<meta property=\"og:locale\" content=\"en_US\" \/>\n<meta property=\"og:type\" content=\"article\" \/>\n<meta property=\"og:title\" content=\"ENERGIZER\u00ae RECHARGE POWER PLUS \u2013 AA - Switzerland\" \/>\n<meta property=\"og:description\" content=\"Tirez le meilleur parti de vos appareils haute technologie et du quotidien avec l&#039;\u00e9nergie fiable des piles AA Energizer Recharge Power Plus. Faites le plein de piles Energizer pour lampes et montres, ainsi que de piles pour sonnettes, appareils audio et autres appareils \u00e9lectroniques sans fil. Ce pack de piles AA est \u00e9galement un excellent choix si vous avez besoin de piles rechargeables AA longue dur\u00e9e pour appareil photo, avec une seule charge pouvant durer jusqu&#039;\u00e0 349 photos. Toujours pr\u00eates quand vous l&#039;\u00eates, les piles AA Energizer Accu Recharge Power Plus sont enti\u00e8rement charg\u00e9es et peuvent conserver leur autonomie jusqu&#039;\u00e0 12 mois de stockage. Chaque pile peut \u00eatre recharg\u00e9e des centaines de fois, avec une autonomie allant jusqu&#039;\u00e0 5 ans dans des conditions d&#039;utilisation normales. Alimentez en toute simplicit\u00e9 vos piles Energizer AA rechargeables avec n&#039;importe quel chargeur Energizer Recharge. Les piles AA sont con\u00e7ues pour prot\u00e9ger vos appareils critiques contre les fuites dommageables dans des conditions d&#039;utilisation normales. La gamme Energizer Accu Recharge Power Plus comprend \u00e9galement des piles AAA, C, D et 9V. Il est donc facile de trouver une \u00e9nergie fiable dans le format dont vous avez besoin.  Depuis qu&#039;elle a cr\u00e9\u00e9 la premi\u00e8re pile grand public en 1896, Energizer a \u00e9t\u00e9 \u00e0 l&#039;avant-garde de l&#039;innovation dans le secteur et peut se targuer d&#039;\u00eatre \u00e0 l&#039;origine de nombreuses premi\u00e8res, dont le premier testeur de pile au monde. La marque applique \u00e9galement cette vision avant-gardiste aux initiatives environnementales, en d\u00e9veloppant le tout premier syst\u00e8me de piles rechargeables en 1958 et en introduisant la premi\u00e8re pile sans mercure en 1989. Les piles Energizer Recharge ont \u00e9galement \u00e9t\u00e9 les premi\u00e8res piles rechargeables \u00e0 contenir des piles recycl\u00e9es. La soci\u00e9t\u00e9 est en partenariat avec des entreprises qui encouragent, informent et responsabilisent les consommateurs pour qu&#039;ils recyclent les piles non rechargeables, ainsi que les emballages de piles. Faites confiance \u00e0 la puissance des piles AA rechargeables Energizer.\" \/>\n<meta property=\"og:url\" content=\"https:\/\/energizer.com\/eu\/switzerland\/product\/energizer-recharge-power-plus-aa\/\" \/>\n<meta property=\"og:site_name\" content=\"Switzerland\" \/>\n<meta property=\"article:modified_time\" content=\"2025-02-05T06:33:37+00:00\" \/>\n<meta name=\"twitter:card\" content=\"summary_large_image\" \/>\n<script type=\"application\/ld+json\" class=\"yoast-schema-graph\">{\"@context\":\"https:\/\/schema.org\",\"@graph\":[{\"@type\":\"WebPage\",\"@id\":\"https:\/\/energizer.com\/eu\/switzerland\/product\/energizer-recharge-power-plus-aa\/\",\"url\":\"https:\/\/energizer.com\/eu\/switzerland\/product\/energizer-recharge-power-plus-aa\/\",\"name\":\"ENERGIZER\u00ae RECHARGE POWER PLUS \u2013 AA - Switzerland\",\"isPartOf\":{\"@id\":\"https:\/\/energizer.com\/eu\/switzerland\/#website\"},\"datePublished\":\"2024-06-03T05:16:37+00:00\",\"dateModified\":\"2025-02-05T06:33:37+00:00\",\"breadcrumb\":{\"@id\":\"https:\/\/energizer.com\/eu\/switzerland\/product\/energizer-recharge-power-plus-aa\/#breadcrumb\"},\"inLanguage\":\"en-US\",\"potentialAction\":[{\"@type\":\"ReadAction\",\"target\":[\"https:\/\/energizer.com\/eu\/switzerland\/product\/energizer-recharge-power-plus-aa\/\"]}]},{\"@type\":\"BreadcrumbList\",\"@id\":\"https:\/\/energizer.com\/eu\/switzerland\/product\/energizer-recharge-power-plus-aa\/#breadcrumb\",\"itemListElement\":[{\"@type\":\"ListItem\",\"position\":1,\"name\":\"Home\",\"item\":\"https:\/\/energizer.com\/eu\/switzerland\/\"},{\"@type\":\"ListItem\",\"position\":2,\"name\":\"ENERGIZER\u00ae RECHARGE POWER PLUS \u2013 AA\"}]},{\"@type\":\"WebSite\",\"@id\":\"https:\/\/energizer.com\/eu\/switzerland\/#website\",\"url\":\"https:\/\/energizer.com\/eu\/switzerland\/\",\"name\":\"Energizer Switzerland (FR)\",\"description\":\"\",\"publisher\":{\"@id\":\"https:\/\/energizer.com\/eu\/switzerland\/#organization\"},\"potentialAction\":[{\"@type\":\"SearchAction\",\"target\":{\"@type\":\"EntryPoint\",\"urlTemplate\":\"https:\/\/energizer.com\/eu\/switzerland\/?s={search_term_string}\"},\"query-input\":{\"@type\":\"PropertyValueSpecification\",\"valueRequired\":true,\"valueName\":\"search_term_string\"}}],\"inLanguage\":\"en-US\"},{\"@type\":\"Organization\",\"@id\":\"https:\/\/energizer.com\/eu\/switzerland\/#organization\",\"name\":\"Energizer Switzerland (FR)\",\"url\":\"https:\/\/energizer.com\/eu\/switzerland\/\",\"logo\":{\"@type\":\"ImageObject\",\"inLanguage\":\"en-US\",\"@id\":\"https:\/\/energizer.com\/eu\/switzerland\/#\/schema\/logo\/image\/\",\"url\":\"https:\/\/energizer.com\/eu\/switzerland\/wp-content\/uploads\/sites\/58\/2024\/04\/Energizer_brand.png\",\"contentUrl\":\"https:\/\/energizer.com\/eu\/switzerland\/wp-content\/uploads\/sites\/58\/2024\/04\/Energizer_brand.png\",\"width\":267,\"height\":100,\"caption\":\"Energizer Switzerland (FR)\"},\"image\":{\"@id\":\"https:\/\/energizer.com\/eu\/switzerland\/#\/schema\/logo\/image\/\"}}]}<\/script>\n<!-- \/ Yoast SEO plugin. -->","yoast_head_json":{"title":"ENERGIZER\u00ae RECHARGE POWER PLUS \u2013 AA - Switzerland","robots":{"index":"index","follow":"follow","max-snippet":"max-snippet:-1","max-image-preview":"max-image-preview:large","max-video-preview":"max-video-preview:-1"},"canonical":"https:\/\/energizer.com\/eu\/switzerland\/product\/energizer-recharge-power-plus-aa\/","og_locale":"en_US","og_type":"article","og_title":"ENERGIZER\u00ae RECHARGE POWER PLUS \u2013 AA - Switzerland","og_description":"Tirez le meilleur parti de vos appareils haute technologie et du quotidien avec l'\u00e9nergie fiable des piles AA Energizer Recharge Power Plus. Faites le plein de piles Energizer pour lampes et montres, ainsi que de piles pour sonnettes, appareils audio et autres appareils \u00e9lectroniques sans fil. Ce pack de piles AA est \u00e9galement un excellent choix si vous avez besoin de piles rechargeables AA longue dur\u00e9e pour appareil photo, avec une seule charge pouvant durer jusqu'\u00e0 349 photos. Toujours pr\u00eates quand vous l'\u00eates, les piles AA Energizer Accu Recharge Power Plus sont enti\u00e8rement charg\u00e9es et peuvent conserver leur autonomie jusqu'\u00e0 12 mois de stockage. Chaque pile peut \u00eatre recharg\u00e9e des centaines de fois, avec une autonomie allant jusqu'\u00e0 5 ans dans des conditions d'utilisation normales. Alimentez en toute simplicit\u00e9 vos piles Energizer AA rechargeables avec n'importe quel chargeur Energizer Recharge. Les piles AA sont con\u00e7ues pour prot\u00e9ger vos appareils critiques contre les fuites dommageables dans des conditions d'utilisation normales. La gamme Energizer Accu Recharge Power Plus comprend \u00e9galement des piles AAA, C, D et 9V. Il est donc facile de trouver une \u00e9nergie fiable dans le format dont vous avez besoin.  Depuis qu'elle a cr\u00e9\u00e9 la premi\u00e8re pile grand public en 1896, Energizer a \u00e9t\u00e9 \u00e0 l'avant-garde de l'innovation dans le secteur et peut se targuer d'\u00eatre \u00e0 l'origine de nombreuses premi\u00e8res, dont le premier testeur de pile au monde. La marque applique \u00e9galement cette vision avant-gardiste aux initiatives environnementales, en d\u00e9veloppant le tout premier syst\u00e8me de piles rechargeables en 1958 et en introduisant la premi\u00e8re pile sans mercure en 1989. Les piles Energizer Recharge ont \u00e9galement \u00e9t\u00e9 les premi\u00e8res piles rechargeables \u00e0 contenir des piles recycl\u00e9es. La soci\u00e9t\u00e9 est en partenariat avec des entreprises qui encouragent, informent et responsabilisent les consommateurs pour qu'ils recyclent les piles non rechargeables, ainsi que les emballages de piles. Faites confiance \u00e0 la puissance des piles AA rechargeables Energizer.","og_url":"https:\/\/energizer.com\/eu\/switzerland\/product\/energizer-recharge-power-plus-aa\/","og_site_name":"Switzerland","article_modified_time":"2025-02-05T06:33:37+00:00","twitter_card":"summary_large_image","schema":{"@context":"https:\/\/schema.org","@graph":[{"@type":"WebPage","@id":"https:\/\/energizer.com\/eu\/switzerland\/product\/energizer-recharge-power-plus-aa\/","url":"https:\/\/energizer.com\/eu\/switzerland\/product\/energizer-recharge-power-plus-aa\/","name":"ENERGIZER\u00ae RECHARGE POWER PLUS \u2013 AA - Switzerland","isPartOf":{"@id":"https:\/\/energizer.com\/eu\/switzerland\/#website"},"datePublished":"2024-06-03T05:16:37+00:00","dateModified":"2025-02-05T06:33:37+00:00","breadcrumb":{"@id":"https:\/\/energizer.com\/eu\/switzerland\/product\/energizer-recharge-power-plus-aa\/#breadcrumb"},"inLanguage":"en-US","potentialAction":[{"@type":"ReadAction","target":["https:\/\/energizer.com\/eu\/switzerland\/product\/energizer-recharge-power-plus-aa\/"]}]},{"@type":"BreadcrumbList","@id":"https:\/\/energizer.com\/eu\/switzerland\/product\/energizer-recharge-power-plus-aa\/#breadcrumb","itemListElement":[{"@type":"ListItem","position":1,"name":"Home","item":"https:\/\/energizer.com\/eu\/switzerland\/"},{"@type":"ListItem","position":2,"name":"ENERGIZER\u00ae RECHARGE POWER PLUS \u2013 AA"}]},{"@type":"WebSite","@id":"https:\/\/energizer.com\/eu\/switzerland\/#website","url":"https:\/\/energizer.com\/eu\/switzerland\/","name":"Energizer Switzerland (FR)","description":"","publisher":{"@id":"https:\/\/energizer.com\/eu\/switzerland\/#organization"},"potentialAction":[{"@type":"SearchAction","target":{"@type":"EntryPoint","urlTemplate":"https:\/\/energizer.com\/eu\/switzerland\/?s={search_term_string}"},"query-input":{"@type":"PropertyValueSpecification","valueRequired":true,"valueName":"search_term_string"}}],"inLanguage":"en-US"},{"@type":"Organization","@id":"https:\/\/energizer.com\/eu\/switzerland\/#organization","name":"Energizer Switzerland (FR)","url":"https:\/\/energizer.com\/eu\/switzerland\/","logo":{"@type":"ImageObject","inLanguage":"en-US","@id":"https:\/\/energizer.com\/eu\/switzerland\/#\/schema\/logo\/image\/","url":"https:\/\/energizer.com\/eu\/switzerland\/wp-content\/uploads\/sites\/58\/2024\/04\/Energizer_brand.png","contentUrl":"https:\/\/energizer.com\/eu\/switzerland\/wp-content\/uploads\/sites\/58\/2024\/04\/Energizer_brand.png","width":267,"height":100,"caption":"Energizer Switzerland (FR)"},"image":{"@id":"https:\/\/energizer.com\/eu\/switzerland\/#\/schema\/logo\/image\/"}}]}},"_links":{"self":[{"href":"https:\/\/energizer.com\/eu\/switzerland\/wp-json\/wp\/v2\/product\/7333","targetHints":{"allow":["GET"]}}],"collection":[{"href":"https:\/\/energizer.com\/eu\/switzerland\/wp-json\/wp\/v2\/product"}],"about":[{"href":"https:\/\/energizer.com\/eu\/switzerland\/wp-json\/wp\/v2\/types\/product"}],"replies":[{"embeddable":true,"href":"https:\/\/energizer.com\/eu\/switzerland\/wp-json\/wp\/v2\/comments?post=7333"}],"version-history":[{"count":7,"href":"https:\/\/energizer.com\/eu\/switzerland\/wp-json\/wp\/v2\/product\/7333\/revisions"}],"predecessor-version":[{"id":10180,"href":"https:\/\/energizer.com\/eu\/switzerland\/wp-json\/wp\/v2\/product\/7333\/revisions\/10180"}],"wp:attachment":[{"href":"https:\/\/energizer.com\/eu\/switzerland\/wp-json\/wp\/v2\/media?parent=7333"}],"wp:term":[{"taxonomy":"product_brand","embeddable":true,"href":"https:\/\/energizer.com\/eu\/switzerland\/wp-json\/wp\/v2\/product_brand?post=7333"},{"taxonomy":"product_cat","embeddable":true,"href":"https:\/\/energizer.com\/eu\/switzerland\/wp-json\/wp\/v2\/product_cat?post=7333"},{"taxonomy":"product_tag","embeddable":true,"href":"https:\/\/energizer.com\/eu\/switzerland\/wp-json\/wp\/v2\/product_tag?post=7333"}],"curies":[{"name":"wp","href":"https:\/\/api.w.org\/{rel}","templated":true}]}}