{"id":7379,"date":"2024-06-03T05:16:40","date_gmt":"2024-06-03T05:16:40","guid":{"rendered":"https:\/\/23b13e8ab3.nxcli.io\/switzerland\/?post_type=product&#038;p=7379"},"modified":"2024-08-23T08:06:51","modified_gmt":"2024-08-23T08:06:51","slug":"energizer-rubber-impact-torch","status":"publish","type":"product","link":"https:\/\/energizer.com\/eu\/switzerland\/product\/energizer-rubber-impact-torch\/","title":{"rendered":"Energizer Rubber Impact Torch"},"content":{"rendered":"<ul>\n<li>Aliment\u00e9 par deux piles AAA (incluses)<\/li>\n<li>Construction en caoutchouc durable avec poign\u00e9e antid\u00e9rapante<\/li>\n<li>S&#8217;attache \u00e0 une lani\u00e8re ou \u00e0 un mousqueton<\/li>\n<li>Jusqu&#8217;\u00e0 dix fois plus lumineuse en<\/li>\n<li>Par rapport \u00e0 la technologie LED conventionnelle<\/li>\n<li>Support pratique int\u00e9gr\u00e9<\/li>\n<li>60 lumens et une port\u00e9e de 50 m pour une autonomie de 18 heures<\/li>\n<\/ul>\n","protected":false},"excerpt":{"rendered":"<p>La torche compacte Energizer en caoutchouc est dot\u00e9e d&#8217;une technologie LED lumineuse et d&#8217;un design durable et ergonomique. Cette lampe est dot\u00e9e d&#8217;une poign\u00e9e antid\u00e9rapante en caoutchouc textur\u00e9 pour une meilleure ergonomie et une plus grande durabilit\u00e9. Gr\u00e2ce \u00e0 son support int\u00e9gr\u00e9 pratique, la torche peut \u00eatre utilis\u00e9e les mains libres \u00e0 tout moment. Elle peut \u00eatre facilement attach\u00e9e \u00e0 la boucle int\u00e9gr\u00e9e pour une sangle de transport. L&#8217;interrupteur \u00e0 bouton-poussoir est indestructible. La torche compacte Energizer en caoutchouc est la torche de bricolage par excellence, avec un excellent rendement lumineux et une grande fiabilit\u00e9 pour tous les types de projets.<\/p>\n","protected":false},"featured_media":0,"comment_status":"open","ping_status":"closed","template":"","meta":{"_acf_changed":false},"product_brand":[],"product_cat":[97],"product_tag":[],"class_list":{"0":"post-7379","1":"product","2":"type-product","3":"status-publish","5":"product_cat-handheld","6":"pa_uses-everyday","8":"first","9":"instock","10":"shipping-taxable","11":"product-type-simple"},"acf":[],"yoast_head":"<!-- This site is optimized with the Yoast SEO plugin v27.2 - https:\/\/yoast.com\/product\/yoast-seo-wordpress\/ -->\n<title>Energizer Rubber Impact Torch - Switzerland<\/title>\n<meta name=\"robots\" content=\"index, follow, max-snippet:-1, max-image-preview:large, max-video-preview:-1\" \/>\n<link rel=\"canonical\" href=\"https:\/\/energizer.com\/eu\/switzerland\/product\/energizer-rubber-impact-torch\/\" \/>\n<meta property=\"og:locale\" content=\"en_US\" \/>\n<meta property=\"og:type\" content=\"article\" \/>\n<meta property=\"og:title\" content=\"Energizer Rubber Impact Torch - Switzerland\" \/>\n<meta property=\"og:description\" content=\"La torche compacte Energizer en caoutchouc est dot\u00e9e d&#039;une technologie LED lumineuse et d&#039;un design durable et ergonomique. Cette lampe est dot\u00e9e d&#039;une poign\u00e9e antid\u00e9rapante en caoutchouc textur\u00e9 pour une meilleure ergonomie et une plus grande durabilit\u00e9. Gr\u00e2ce \u00e0 son support int\u00e9gr\u00e9 pratique, la torche peut \u00eatre utilis\u00e9e les mains libres \u00e0 tout moment. Elle peut \u00eatre facilement attach\u00e9e \u00e0 la boucle int\u00e9gr\u00e9e pour une sangle de transport. L&#039;interrupteur \u00e0 bouton-poussoir est indestructible. La torche compacte Energizer en caoutchouc est la torche de bricolage par excellence, avec un excellent rendement lumineux et une grande fiabilit\u00e9 pour tous les types de projets.\" \/>\n<meta property=\"og:url\" content=\"https:\/\/energizer.com\/eu\/switzerland\/product\/energizer-rubber-impact-torch\/\" \/>\n<meta property=\"og:site_name\" content=\"Switzerland\" \/>\n<meta property=\"article:modified_time\" content=\"2024-08-23T08:06:51+00:00\" \/>\n<meta name=\"twitter:card\" content=\"summary_large_image\" \/>\n<script type=\"application\/ld+json\" class=\"yoast-schema-graph\">{\"@context\":\"https:\/\/schema.org\",\"@graph\":[{\"@type\":\"WebPage\",\"@id\":\"https:\/\/energizer.com\/eu\/switzerland\/product\/energizer-rubber-impact-torch\/\",\"url\":\"https:\/\/energizer.com\/eu\/switzerland\/product\/energizer-rubber-impact-torch\/\",\"name\":\"Energizer Rubber Impact Torch - Switzerland\",\"isPartOf\":{\"@id\":\"https:\/\/energizer.com\/eu\/switzerland\/#website\"},\"datePublished\":\"2024-06-03T05:16:40+00:00\",\"dateModified\":\"2024-08-23T08:06:51+00:00\",\"breadcrumb\":{\"@id\":\"https:\/\/energizer.com\/eu\/switzerland\/product\/energizer-rubber-impact-torch\/#breadcrumb\"},\"inLanguage\":\"en-US\",\"potentialAction\":[{\"@type\":\"ReadAction\",\"target\":[\"https:\/\/energizer.com\/eu\/switzerland\/product\/energizer-rubber-impact-torch\/\"]}]},{\"@type\":\"BreadcrumbList\",\"@id\":\"https:\/\/energizer.com\/eu\/switzerland\/product\/energizer-rubber-impact-torch\/#breadcrumb\",\"itemListElement\":[{\"@type\":\"ListItem\",\"position\":1,\"name\":\"Home\",\"item\":\"https:\/\/energizer.com\/eu\/switzerland\/\"},{\"@type\":\"ListItem\",\"position\":2,\"name\":\"Energizer Rubber Impact Torch\"}]},{\"@type\":\"WebSite\",\"@id\":\"https:\/\/energizer.com\/eu\/switzerland\/#website\",\"url\":\"https:\/\/energizer.com\/eu\/switzerland\/\",\"name\":\"Energizer Switzerland (FR)\",\"description\":\"\",\"publisher\":{\"@id\":\"https:\/\/energizer.com\/eu\/switzerland\/#organization\"},\"potentialAction\":[{\"@type\":\"SearchAction\",\"target\":{\"@type\":\"EntryPoint\",\"urlTemplate\":\"https:\/\/energizer.com\/eu\/switzerland\/?s={search_term_string}\"},\"query-input\":{\"@type\":\"PropertyValueSpecification\",\"valueRequired\":true,\"valueName\":\"search_term_string\"}}],\"inLanguage\":\"en-US\"},{\"@type\":\"Organization\",\"@id\":\"https:\/\/energizer.com\/eu\/switzerland\/#organization\",\"name\":\"Energizer Switzerland (FR)\",\"url\":\"https:\/\/energizer.com\/eu\/switzerland\/\",\"logo\":{\"@type\":\"ImageObject\",\"inLanguage\":\"en-US\",\"@id\":\"https:\/\/energizer.com\/eu\/switzerland\/#\/schema\/logo\/image\/\",\"url\":\"https:\/\/energizer.com\/eu\/switzerland\/wp-content\/uploads\/sites\/58\/2024\/04\/Energizer_brand.png\",\"contentUrl\":\"https:\/\/energizer.com\/eu\/switzerland\/wp-content\/uploads\/sites\/58\/2024\/04\/Energizer_brand.png\",\"width\":267,\"height\":100,\"caption\":\"Energizer Switzerland (FR)\"},\"image\":{\"@id\":\"https:\/\/energizer.com\/eu\/switzerland\/#\/schema\/logo\/image\/\"}}]}<\/script>\n<!-- \/ Yoast SEO plugin. -->","yoast_head_json":{"title":"Energizer Rubber Impact Torch - Switzerland","robots":{"index":"index","follow":"follow","max-snippet":"max-snippet:-1","max-image-preview":"max-image-preview:large","max-video-preview":"max-video-preview:-1"},"canonical":"https:\/\/energizer.com\/eu\/switzerland\/product\/energizer-rubber-impact-torch\/","og_locale":"en_US","og_type":"article","og_title":"Energizer Rubber Impact Torch - Switzerland","og_description":"La torche compacte Energizer en caoutchouc est dot\u00e9e d'une technologie LED lumineuse et d'un design durable et ergonomique. Cette lampe est dot\u00e9e d'une poign\u00e9e antid\u00e9rapante en caoutchouc textur\u00e9 pour une meilleure ergonomie et une plus grande durabilit\u00e9. Gr\u00e2ce \u00e0 son support int\u00e9gr\u00e9 pratique, la torche peut \u00eatre utilis\u00e9e les mains libres \u00e0 tout moment. Elle peut \u00eatre facilement attach\u00e9e \u00e0 la boucle int\u00e9gr\u00e9e pour une sangle de transport. L'interrupteur \u00e0 bouton-poussoir est indestructible. La torche compacte Energizer en caoutchouc est la torche de bricolage par excellence, avec un excellent rendement lumineux et une grande fiabilit\u00e9 pour tous les types de projets.","og_url":"https:\/\/energizer.com\/eu\/switzerland\/product\/energizer-rubber-impact-torch\/","og_site_name":"Switzerland","article_modified_time":"2024-08-23T08:06:51+00:00","twitter_card":"summary_large_image","schema":{"@context":"https:\/\/schema.org","@graph":[{"@type":"WebPage","@id":"https:\/\/energizer.com\/eu\/switzerland\/product\/energizer-rubber-impact-torch\/","url":"https:\/\/energizer.com\/eu\/switzerland\/product\/energizer-rubber-impact-torch\/","name":"Energizer Rubber Impact Torch - Switzerland","isPartOf":{"@id":"https:\/\/energizer.com\/eu\/switzerland\/#website"},"datePublished":"2024-06-03T05:16:40+00:00","dateModified":"2024-08-23T08:06:51+00:00","breadcrumb":{"@id":"https:\/\/energizer.com\/eu\/switzerland\/product\/energizer-rubber-impact-torch\/#breadcrumb"},"inLanguage":"en-US","potentialAction":[{"@type":"ReadAction","target":["https:\/\/energizer.com\/eu\/switzerland\/product\/energizer-rubber-impact-torch\/"]}]},{"@type":"BreadcrumbList","@id":"https:\/\/energizer.com\/eu\/switzerland\/product\/energizer-rubber-impact-torch\/#breadcrumb","itemListElement":[{"@type":"ListItem","position":1,"name":"Home","item":"https:\/\/energizer.com\/eu\/switzerland\/"},{"@type":"ListItem","position":2,"name":"Energizer Rubber Impact Torch"}]},{"@type":"WebSite","@id":"https:\/\/energizer.com\/eu\/switzerland\/#website","url":"https:\/\/energizer.com\/eu\/switzerland\/","name":"Energizer Switzerland (FR)","description":"","publisher":{"@id":"https:\/\/energizer.com\/eu\/switzerland\/#organization"},"potentialAction":[{"@type":"SearchAction","target":{"@type":"EntryPoint","urlTemplate":"https:\/\/energizer.com\/eu\/switzerland\/?s={search_term_string}"},"query-input":{"@type":"PropertyValueSpecification","valueRequired":true,"valueName":"search_term_string"}}],"inLanguage":"en-US"},{"@type":"Organization","@id":"https:\/\/energizer.com\/eu\/switzerland\/#organization","name":"Energizer Switzerland (FR)","url":"https:\/\/energizer.com\/eu\/switzerland\/","logo":{"@type":"ImageObject","inLanguage":"en-US","@id":"https:\/\/energizer.com\/eu\/switzerland\/#\/schema\/logo\/image\/","url":"https:\/\/energizer.com\/eu\/switzerland\/wp-content\/uploads\/sites\/58\/2024\/04\/Energizer_brand.png","contentUrl":"https:\/\/energizer.com\/eu\/switzerland\/wp-content\/uploads\/sites\/58\/2024\/04\/Energizer_brand.png","width":267,"height":100,"caption":"Energizer Switzerland (FR)"},"image":{"@id":"https:\/\/energizer.com\/eu\/switzerland\/#\/schema\/logo\/image\/"}}]}},"_links":{"self":[{"href":"https:\/\/energizer.com\/eu\/switzerland\/wp-json\/wp\/v2\/product\/7379","targetHints":{"allow":["GET"]}}],"collection":[{"href":"https:\/\/energizer.com\/eu\/switzerland\/wp-json\/wp\/v2\/product"}],"about":[{"href":"https:\/\/energizer.com\/eu\/switzerland\/wp-json\/wp\/v2\/types\/product"}],"replies":[{"embeddable":true,"href":"https:\/\/energizer.com\/eu\/switzerland\/wp-json\/wp\/v2\/comments?post=7379"}],"version-history":[{"count":3,"href":"https:\/\/energizer.com\/eu\/switzerland\/wp-json\/wp\/v2\/product\/7379\/revisions"}],"predecessor-version":[{"id":8188,"href":"https:\/\/energizer.com\/eu\/switzerland\/wp-json\/wp\/v2\/product\/7379\/revisions\/8188"}],"wp:attachment":[{"href":"https:\/\/energizer.com\/eu\/switzerland\/wp-json\/wp\/v2\/media?parent=7379"}],"wp:term":[{"taxonomy":"product_brand","embeddable":true,"href":"https:\/\/energizer.com\/eu\/switzerland\/wp-json\/wp\/v2\/product_brand?post=7379"},{"taxonomy":"product_cat","embeddable":true,"href":"https:\/\/energizer.com\/eu\/switzerland\/wp-json\/wp\/v2\/product_cat?post=7379"},{"taxonomy":"product_tag","embeddable":true,"href":"https:\/\/energizer.com\/eu\/switzerland\/wp-json\/wp\/v2\/product_tag?post=7379"}],"curies":[{"name":"wp","href":"https:\/\/api.w.org\/{rel}","templated":true}]}}