{"id":7506,"date":"2024-06-03T05:16:50","date_gmt":"2024-06-03T05:16:50","guid":{"rendered":"https:\/\/23b13e8ab3.nxcli.io\/switzerland\/?post_type=product&#038;p=7506"},"modified":"2024-08-27T07:07:27","modified_gmt":"2024-08-27T07:07:27","slug":"energizer-camping-vision-led-rechargeable-lantern","status":"publish","type":"product","link":"https:\/\/energizer.com\/eu\/switzerland\/product\/energizer-camping-vision-led-rechargeable-lantern\/","title":{"rendered":"Energizer Camping Vision LED Rechargeable Lantern"},"content":{"rendered":"<ul>\n<li>Lanterne LED Energizer Vision Recharge avec \u00e9clairage \u00e0 360\u00b0 et c\u00e2ble de chargement<\/li>\n<li>Lumi\u00e8re puissante : Cette lanterne LED de 1200 lumens offre une luminosit\u00e9 exceptionnelle et de hautes performances, fournissant un \u00e9clairage \u00e0 360\u00b0<\/li>\n<li>3 modes d&#8217;\u00e9clairage : Cette lampe de camping dispose de 3 modes d&#8217;\u00e9clairage : haut, bas et veilleuse, ainsi que d&#8217;une fonction de gradation pour personnaliser l&#8217;intensit\u00e9 lumineuse<\/li>\n<li>Construction durable : Id\u00e9ale pour une utilisation durable, cette lanterne de camping fiable est r\u00e9sistante \u00e0 l&#8217;eau IPX4 et aux chocs jusqu&#8217;\u00e0 1 m\u00e8tre<\/li>\n<li>Heures d&#8217;autonomie : Cette lanterne rechargeable est dot\u00e9e d&#8217;une longue autonomie, puisqu&#8217;elle peut briller jusqu&#8217;\u00e0 5 heures en mode \u00e9lev\u00e9<\/li>\n<li>Conception intelligente \u00e0 prise facile : Cette lanterne l\u00e9g\u00e8re est dot\u00e9e d&#8217;une poign\u00e9e antid\u00e9rapante confortable qui vous permet de l&#8217;utiliser facilement ou de la transporter dans votre sac \u00e0 dos<\/li>\n<li>Alimentation rechargeable : Utilisez le port USB de cette lanterne de camping pour charger votre t\u00e9l\u00e9phone ou tout autre appareil intelligent<\/li>\n<\/ul>\n","protected":false},"excerpt":{"rendered":"<p>Illuminez votre environnement sans effort avec cette lanterne rechargeable haute performance. La lanterne LED Energizer Vision Recharge offre une luminosit\u00e9 exceptionnelle pendant 5 heures en mode \u00e9lev\u00e9, que vous partiez \u00e0 l&#8217;aventure ou que vous vous pr\u00e9pariez \u00e0 des situations d&#8217;urgence \u00e0 la maison. Id\u00e9ale pour le camping, le bricolage ou les coupures de courant \u00e0 la maison, votre lanterne Energizer est l\u00e0 pour vous aider \u00e0 trouver votre chemin dans l&#8217;obscurit\u00e9. Cette lanterne LED de 1200 lumens fournit un \u00e9clairage \u00e0 360\u00b0 pour \u00e9clairer les espaces les plus sombres. Dot\u00e9e d&#8217;une base stable et d&#8217;un fonctionnement mains libres, c&#8217;est un \u00e9quipement de camping indispensable. Cette grande lanterne vous couvre, que vous souhaitiez \u00e9clairer votre tente, cuisiner ou vous retrouver entre amis apr\u00e8s la tomb\u00e9e de la nuit.<\/p>\n","protected":false},"featured_media":0,"comment_status":"open","ping_status":"closed","template":"","meta":{"_acf_changed":false},"product_brand":[],"product_cat":[44],"product_tag":[],"class_list":{"0":"post-7506","1":"product","2":"type-product","3":"status-publish","5":"product_cat-area","6":"pa_uses-preparedness","8":"first","9":"instock","10":"shipping-taxable","11":"product-type-simple"},"acf":[],"yoast_head":"<!-- This site is optimized with the Yoast SEO plugin v27.2 - https:\/\/yoast.com\/product\/yoast-seo-wordpress\/ -->\n<title>Energizer Camping Vision LED Rechargeable Lantern - Switzerland<\/title>\n<meta name=\"robots\" content=\"index, follow, max-snippet:-1, max-image-preview:large, max-video-preview:-1\" \/>\n<link rel=\"canonical\" href=\"https:\/\/energizer.com\/eu\/switzerland\/product\/energizer-camping-vision-led-rechargeable-lantern\/\" \/>\n<meta property=\"og:locale\" content=\"en_US\" \/>\n<meta property=\"og:type\" content=\"article\" \/>\n<meta property=\"og:title\" content=\"Energizer Camping Vision LED Rechargeable Lantern - Switzerland\" \/>\n<meta property=\"og:description\" content=\"Illuminez votre environnement sans effort avec cette lanterne rechargeable haute performance. La lanterne LED Energizer Vision Recharge offre une luminosit\u00e9 exceptionnelle pendant 5 heures en mode \u00e9lev\u00e9, que vous partiez \u00e0 l&#039;aventure ou que vous vous pr\u00e9pariez \u00e0 des situations d&#039;urgence \u00e0 la maison. Id\u00e9ale pour le camping, le bricolage ou les coupures de courant \u00e0 la maison, votre lanterne Energizer est l\u00e0 pour vous aider \u00e0 trouver votre chemin dans l&#039;obscurit\u00e9. Cette lanterne LED de 1200 lumens fournit un \u00e9clairage \u00e0 360\u00b0 pour \u00e9clairer les espaces les plus sombres. Dot\u00e9e d&#039;une base stable et d&#039;un fonctionnement mains libres, c&#039;est un \u00e9quipement de camping indispensable. Cette grande lanterne vous couvre, que vous souhaitiez \u00e9clairer votre tente, cuisiner ou vous retrouver entre amis apr\u00e8s la tomb\u00e9e de la nuit.\" \/>\n<meta property=\"og:url\" content=\"https:\/\/energizer.com\/eu\/switzerland\/product\/energizer-camping-vision-led-rechargeable-lantern\/\" \/>\n<meta property=\"og:site_name\" content=\"Switzerland\" \/>\n<meta property=\"article:modified_time\" content=\"2024-08-27T07:07:27+00:00\" \/>\n<meta name=\"twitter:card\" content=\"summary_large_image\" \/>\n<script type=\"application\/ld+json\" class=\"yoast-schema-graph\">{\"@context\":\"https:\/\/schema.org\",\"@graph\":[{\"@type\":\"WebPage\",\"@id\":\"https:\/\/energizer.com\/eu\/switzerland\/product\/energizer-camping-vision-led-rechargeable-lantern\/\",\"url\":\"https:\/\/energizer.com\/eu\/switzerland\/product\/energizer-camping-vision-led-rechargeable-lantern\/\",\"name\":\"Energizer Camping Vision LED Rechargeable Lantern - Switzerland\",\"isPartOf\":{\"@id\":\"https:\/\/energizer.com\/eu\/switzerland\/#website\"},\"datePublished\":\"2024-06-03T05:16:50+00:00\",\"dateModified\":\"2024-08-27T07:07:27+00:00\",\"breadcrumb\":{\"@id\":\"https:\/\/energizer.com\/eu\/switzerland\/product\/energizer-camping-vision-led-rechargeable-lantern\/#breadcrumb\"},\"inLanguage\":\"en-US\",\"potentialAction\":[{\"@type\":\"ReadAction\",\"target\":[\"https:\/\/energizer.com\/eu\/switzerland\/product\/energizer-camping-vision-led-rechargeable-lantern\/\"]}]},{\"@type\":\"BreadcrumbList\",\"@id\":\"https:\/\/energizer.com\/eu\/switzerland\/product\/energizer-camping-vision-led-rechargeable-lantern\/#breadcrumb\",\"itemListElement\":[{\"@type\":\"ListItem\",\"position\":1,\"name\":\"Home\",\"item\":\"https:\/\/energizer.com\/eu\/switzerland\/\"},{\"@type\":\"ListItem\",\"position\":2,\"name\":\"Energizer Camping Vision LED Rechargeable Lantern\"}]},{\"@type\":\"WebSite\",\"@id\":\"https:\/\/energizer.com\/eu\/switzerland\/#website\",\"url\":\"https:\/\/energizer.com\/eu\/switzerland\/\",\"name\":\"Energizer Switzerland (FR)\",\"description\":\"\",\"publisher\":{\"@id\":\"https:\/\/energizer.com\/eu\/switzerland\/#organization\"},\"potentialAction\":[{\"@type\":\"SearchAction\",\"target\":{\"@type\":\"EntryPoint\",\"urlTemplate\":\"https:\/\/energizer.com\/eu\/switzerland\/?s={search_term_string}\"},\"query-input\":{\"@type\":\"PropertyValueSpecification\",\"valueRequired\":true,\"valueName\":\"search_term_string\"}}],\"inLanguage\":\"en-US\"},{\"@type\":\"Organization\",\"@id\":\"https:\/\/energizer.com\/eu\/switzerland\/#organization\",\"name\":\"Energizer Switzerland (FR)\",\"url\":\"https:\/\/energizer.com\/eu\/switzerland\/\",\"logo\":{\"@type\":\"ImageObject\",\"inLanguage\":\"en-US\",\"@id\":\"https:\/\/energizer.com\/eu\/switzerland\/#\/schema\/logo\/image\/\",\"url\":\"https:\/\/energizer.com\/eu\/switzerland\/wp-content\/uploads\/sites\/58\/2024\/04\/Energizer_brand.png\",\"contentUrl\":\"https:\/\/energizer.com\/eu\/switzerland\/wp-content\/uploads\/sites\/58\/2024\/04\/Energizer_brand.png\",\"width\":267,\"height\":100,\"caption\":\"Energizer Switzerland (FR)\"},\"image\":{\"@id\":\"https:\/\/energizer.com\/eu\/switzerland\/#\/schema\/logo\/image\/\"}}]}<\/script>\n<!-- \/ Yoast SEO plugin. -->","yoast_head_json":{"title":"Energizer Camping Vision LED Rechargeable Lantern - Switzerland","robots":{"index":"index","follow":"follow","max-snippet":"max-snippet:-1","max-image-preview":"max-image-preview:large","max-video-preview":"max-video-preview:-1"},"canonical":"https:\/\/energizer.com\/eu\/switzerland\/product\/energizer-camping-vision-led-rechargeable-lantern\/","og_locale":"en_US","og_type":"article","og_title":"Energizer Camping Vision LED Rechargeable Lantern - Switzerland","og_description":"Illuminez votre environnement sans effort avec cette lanterne rechargeable haute performance. La lanterne LED Energizer Vision Recharge offre une luminosit\u00e9 exceptionnelle pendant 5 heures en mode \u00e9lev\u00e9, que vous partiez \u00e0 l'aventure ou que vous vous pr\u00e9pariez \u00e0 des situations d'urgence \u00e0 la maison. Id\u00e9ale pour le camping, le bricolage ou les coupures de courant \u00e0 la maison, votre lanterne Energizer est l\u00e0 pour vous aider \u00e0 trouver votre chemin dans l'obscurit\u00e9. Cette lanterne LED de 1200 lumens fournit un \u00e9clairage \u00e0 360\u00b0 pour \u00e9clairer les espaces les plus sombres. Dot\u00e9e d'une base stable et d'un fonctionnement mains libres, c'est un \u00e9quipement de camping indispensable. Cette grande lanterne vous couvre, que vous souhaitiez \u00e9clairer votre tente, cuisiner ou vous retrouver entre amis apr\u00e8s la tomb\u00e9e de la nuit.","og_url":"https:\/\/energizer.com\/eu\/switzerland\/product\/energizer-camping-vision-led-rechargeable-lantern\/","og_site_name":"Switzerland","article_modified_time":"2024-08-27T07:07:27+00:00","twitter_card":"summary_large_image","schema":{"@context":"https:\/\/schema.org","@graph":[{"@type":"WebPage","@id":"https:\/\/energizer.com\/eu\/switzerland\/product\/energizer-camping-vision-led-rechargeable-lantern\/","url":"https:\/\/energizer.com\/eu\/switzerland\/product\/energizer-camping-vision-led-rechargeable-lantern\/","name":"Energizer Camping Vision LED Rechargeable Lantern - Switzerland","isPartOf":{"@id":"https:\/\/energizer.com\/eu\/switzerland\/#website"},"datePublished":"2024-06-03T05:16:50+00:00","dateModified":"2024-08-27T07:07:27+00:00","breadcrumb":{"@id":"https:\/\/energizer.com\/eu\/switzerland\/product\/energizer-camping-vision-led-rechargeable-lantern\/#breadcrumb"},"inLanguage":"en-US","potentialAction":[{"@type":"ReadAction","target":["https:\/\/energizer.com\/eu\/switzerland\/product\/energizer-camping-vision-led-rechargeable-lantern\/"]}]},{"@type":"BreadcrumbList","@id":"https:\/\/energizer.com\/eu\/switzerland\/product\/energizer-camping-vision-led-rechargeable-lantern\/#breadcrumb","itemListElement":[{"@type":"ListItem","position":1,"name":"Home","item":"https:\/\/energizer.com\/eu\/switzerland\/"},{"@type":"ListItem","position":2,"name":"Energizer Camping Vision LED Rechargeable Lantern"}]},{"@type":"WebSite","@id":"https:\/\/energizer.com\/eu\/switzerland\/#website","url":"https:\/\/energizer.com\/eu\/switzerland\/","name":"Energizer Switzerland (FR)","description":"","publisher":{"@id":"https:\/\/energizer.com\/eu\/switzerland\/#organization"},"potentialAction":[{"@type":"SearchAction","target":{"@type":"EntryPoint","urlTemplate":"https:\/\/energizer.com\/eu\/switzerland\/?s={search_term_string}"},"query-input":{"@type":"PropertyValueSpecification","valueRequired":true,"valueName":"search_term_string"}}],"inLanguage":"en-US"},{"@type":"Organization","@id":"https:\/\/energizer.com\/eu\/switzerland\/#organization","name":"Energizer Switzerland (FR)","url":"https:\/\/energizer.com\/eu\/switzerland\/","logo":{"@type":"ImageObject","inLanguage":"en-US","@id":"https:\/\/energizer.com\/eu\/switzerland\/#\/schema\/logo\/image\/","url":"https:\/\/energizer.com\/eu\/switzerland\/wp-content\/uploads\/sites\/58\/2024\/04\/Energizer_brand.png","contentUrl":"https:\/\/energizer.com\/eu\/switzerland\/wp-content\/uploads\/sites\/58\/2024\/04\/Energizer_brand.png","width":267,"height":100,"caption":"Energizer Switzerland (FR)"},"image":{"@id":"https:\/\/energizer.com\/eu\/switzerland\/#\/schema\/logo\/image\/"}}]}},"_links":{"self":[{"href":"https:\/\/energizer.com\/eu\/switzerland\/wp-json\/wp\/v2\/product\/7506","targetHints":{"allow":["GET"]}}],"collection":[{"href":"https:\/\/energizer.com\/eu\/switzerland\/wp-json\/wp\/v2\/product"}],"about":[{"href":"https:\/\/energizer.com\/eu\/switzerland\/wp-json\/wp\/v2\/types\/product"}],"replies":[{"embeddable":true,"href":"https:\/\/energizer.com\/eu\/switzerland\/wp-json\/wp\/v2\/comments?post=7506"}],"version-history":[{"count":4,"href":"https:\/\/energizer.com\/eu\/switzerland\/wp-json\/wp\/v2\/product\/7506\/revisions"}],"predecessor-version":[{"id":9733,"href":"https:\/\/energizer.com\/eu\/switzerland\/wp-json\/wp\/v2\/product\/7506\/revisions\/9733"}],"wp:attachment":[{"href":"https:\/\/energizer.com\/eu\/switzerland\/wp-json\/wp\/v2\/media?parent=7506"}],"wp:term":[{"taxonomy":"product_brand","embeddable":true,"href":"https:\/\/energizer.com\/eu\/switzerland\/wp-json\/wp\/v2\/product_brand?post=7506"},{"taxonomy":"product_cat","embeddable":true,"href":"https:\/\/energizer.com\/eu\/switzerland\/wp-json\/wp\/v2\/product_cat?post=7506"},{"taxonomy":"product_tag","embeddable":true,"href":"https:\/\/energizer.com\/eu\/switzerland\/wp-json\/wp\/v2\/product_tag?post=7506"}],"curies":[{"name":"wp","href":"https:\/\/api.w.org\/{rel}","templated":true}]}}