{"id":7517,"date":"2024-06-03T05:16:50","date_gmt":"2024-06-03T05:16:50","guid":{"rendered":"https:\/\/23b13e8ab3.nxcli.io\/switzerland\/?post_type=product&#038;p=7517"},"modified":"2024-08-27T06:33:18","modified_gmt":"2024-08-27T06:33:18","slug":"energizer-hard-case-pivot-light-2aa","status":"publish","type":"product","link":"https:\/\/energizer.com\/eu\/switzerland\/product\/energizer-hard-case-pivot-light-2aa\/","title":{"rendered":"Energizer Hard Case Pivot Light 2AA"},"content":{"rendered":"<ul>\n<li>La torche LED Flexible Pivot Plus fonctionne avec 2 piles Energizer MAX AA (incluses)<\/li>\n<li>La t\u00eate pivotante \u00e0 175\u00b0 d\u00e9livre jusqu&#8217;\u00e0 300 lumens brillants de lumi\u00e8re uniforme avec une distance de faisceau allant jusqu&#8217;\u00e0 30 m\u00e8tres<\/li>\n<li>Le corps en caoutchouc durable r\u00e9siste \u00e0 toutes les chutes jusqu&#8217;\u00e0 7 m\u00e8tres de haut<\/li>\n<li>La base magn\u00e9tique et la dragonne int\u00e9gr\u00e9e offrent un \u00e9clairage de travail pivotant et mains libres, quel que soit l&#8217;angle<\/li>\n<li>Le bouton extra-large et la poign\u00e9e ergonomique facilitent l&#8217;utilisation de la lampe de travail, m\u00eame avec des gants<\/li>\n<li>Pr\u00eat \u00e0 affronter toutes les conditions m\u00e9t\u00e9orologiques ; r\u00e9sistant aux intemp\u00e9ries selon la norme IPX4<\/li>\n<li>Dure aussi longtemps que n\u00e9cessaire : fonctionne jusqu&#8217;\u00e0 5 heures en mode \u00e9lev\u00e9 et jusqu&#8217;\u00e0 30 heures en mode faible<\/li>\n<\/ul>\n","protected":false},"excerpt":{"rendered":"<p>Enfin une lampe de travail professionnelle qui r\u00e9pond \u00e0 vos exigences. La t\u00eate pivotante de cette torche LED Energizer Hard Case Professional Pivot Plus fournit une luminosit\u00e9 \u00e0 la demande, quand et o\u00f9 vous en avez besoin. Sa t\u00eate pivotante \u00e0 175\u00b0 peut diriger jusqu&#8217;\u00e0 300 lumens brillants de lumi\u00e8re nette et uniforme, \u00e9clairant des objets jusqu&#8217;\u00e0 30 m\u00e8tres de distance. Vous avez les mains libres gr\u00e2ce \u00e0 sa base magn\u00e9tique et \u00e0 sa dragonne int\u00e9gr\u00e9e. Con\u00e7ue avec un moule ext\u00e9rieur en caoutchouc robuste, cette lampe de poche r\u00e9sistante peut \u00eatre mise \u00e0 rude \u00e9preuve. Elle a \u00e9t\u00e9 test\u00e9e pour r\u00e9sister \u00e0 des chutes allant jusqu&#8217;\u00e0 7 m\u00e8tres de haut et \u00e0 toutes les conditions m\u00e9t\u00e9orologiques, gr\u00e2ce \u00e0 son indice de r\u00e9sistance aux intemp\u00e9ries IPX4.<\/p>\n","protected":false},"featured_media":0,"comment_status":"open","ping_status":"closed","template":"","meta":{"_acf_changed":false},"product_brand":[],"product_cat":[97],"product_tag":[],"class_list":{"0":"post-7517","1":"product","2":"type-product","3":"status-publish","5":"product_cat-handheld","6":"pa_uses-work","8":"first","9":"instock","10":"shipping-taxable","11":"product-type-simple"},"acf":[],"yoast_head":"<!-- This site is optimized with the Yoast SEO plugin v27.2 - https:\/\/yoast.com\/product\/yoast-seo-wordpress\/ -->\n<title>Energizer Hard Case Pivot Light 2AA - Switzerland<\/title>\n<meta name=\"robots\" content=\"index, follow, max-snippet:-1, max-image-preview:large, max-video-preview:-1\" \/>\n<link rel=\"canonical\" href=\"https:\/\/energizer.com\/eu\/switzerland\/product\/energizer-hard-case-pivot-light-2aa\/\" \/>\n<meta property=\"og:locale\" content=\"en_US\" \/>\n<meta property=\"og:type\" content=\"article\" \/>\n<meta property=\"og:title\" content=\"Energizer Hard Case Pivot Light 2AA - Switzerland\" \/>\n<meta property=\"og:description\" content=\"Enfin une lampe de travail professionnelle qui r\u00e9pond \u00e0 vos exigences. La t\u00eate pivotante de cette torche LED Energizer Hard Case Professional Pivot Plus fournit une luminosit\u00e9 \u00e0 la demande, quand et o\u00f9 vous en avez besoin. Sa t\u00eate pivotante \u00e0 175\u00b0 peut diriger jusqu&#039;\u00e0 300 lumens brillants de lumi\u00e8re nette et uniforme, \u00e9clairant des objets jusqu&#039;\u00e0 30 m\u00e8tres de distance. Vous avez les mains libres gr\u00e2ce \u00e0 sa base magn\u00e9tique et \u00e0 sa dragonne int\u00e9gr\u00e9e. Con\u00e7ue avec un moule ext\u00e9rieur en caoutchouc robuste, cette lampe de poche r\u00e9sistante peut \u00eatre mise \u00e0 rude \u00e9preuve. Elle a \u00e9t\u00e9 test\u00e9e pour r\u00e9sister \u00e0 des chutes allant jusqu&#039;\u00e0 7 m\u00e8tres de haut et \u00e0 toutes les conditions m\u00e9t\u00e9orologiques, gr\u00e2ce \u00e0 son indice de r\u00e9sistance aux intemp\u00e9ries IPX4.\" \/>\n<meta property=\"og:url\" content=\"https:\/\/energizer.com\/eu\/switzerland\/product\/energizer-hard-case-pivot-light-2aa\/\" \/>\n<meta property=\"og:site_name\" content=\"Switzerland\" \/>\n<meta property=\"article:modified_time\" content=\"2024-08-27T06:33:18+00:00\" \/>\n<meta name=\"twitter:card\" content=\"summary_large_image\" \/>\n<script type=\"application\/ld+json\" class=\"yoast-schema-graph\">{\"@context\":\"https:\/\/schema.org\",\"@graph\":[{\"@type\":\"WebPage\",\"@id\":\"https:\/\/energizer.com\/eu\/switzerland\/product\/energizer-hard-case-pivot-light-2aa\/\",\"url\":\"https:\/\/energizer.com\/eu\/switzerland\/product\/energizer-hard-case-pivot-light-2aa\/\",\"name\":\"Energizer Hard Case Pivot Light 2AA - Switzerland\",\"isPartOf\":{\"@id\":\"https:\/\/energizer.com\/eu\/switzerland\/#website\"},\"datePublished\":\"2024-06-03T05:16:50+00:00\",\"dateModified\":\"2024-08-27T06:33:18+00:00\",\"breadcrumb\":{\"@id\":\"https:\/\/energizer.com\/eu\/switzerland\/product\/energizer-hard-case-pivot-light-2aa\/#breadcrumb\"},\"inLanguage\":\"en-US\",\"potentialAction\":[{\"@type\":\"ReadAction\",\"target\":[\"https:\/\/energizer.com\/eu\/switzerland\/product\/energizer-hard-case-pivot-light-2aa\/\"]}]},{\"@type\":\"BreadcrumbList\",\"@id\":\"https:\/\/energizer.com\/eu\/switzerland\/product\/energizer-hard-case-pivot-light-2aa\/#breadcrumb\",\"itemListElement\":[{\"@type\":\"ListItem\",\"position\":1,\"name\":\"Home\",\"item\":\"https:\/\/energizer.com\/eu\/switzerland\/\"},{\"@type\":\"ListItem\",\"position\":2,\"name\":\"Energizer Hard Case Pivot Light 2AA\"}]},{\"@type\":\"WebSite\",\"@id\":\"https:\/\/energizer.com\/eu\/switzerland\/#website\",\"url\":\"https:\/\/energizer.com\/eu\/switzerland\/\",\"name\":\"Energizer Switzerland (FR)\",\"description\":\"\",\"publisher\":{\"@id\":\"https:\/\/energizer.com\/eu\/switzerland\/#organization\"},\"potentialAction\":[{\"@type\":\"SearchAction\",\"target\":{\"@type\":\"EntryPoint\",\"urlTemplate\":\"https:\/\/energizer.com\/eu\/switzerland\/?s={search_term_string}\"},\"query-input\":{\"@type\":\"PropertyValueSpecification\",\"valueRequired\":true,\"valueName\":\"search_term_string\"}}],\"inLanguage\":\"en-US\"},{\"@type\":\"Organization\",\"@id\":\"https:\/\/energizer.com\/eu\/switzerland\/#organization\",\"name\":\"Energizer Switzerland (FR)\",\"url\":\"https:\/\/energizer.com\/eu\/switzerland\/\",\"logo\":{\"@type\":\"ImageObject\",\"inLanguage\":\"en-US\",\"@id\":\"https:\/\/energizer.com\/eu\/switzerland\/#\/schema\/logo\/image\/\",\"url\":\"https:\/\/energizer.com\/eu\/switzerland\/wp-content\/uploads\/sites\/58\/2024\/04\/Energizer_brand.png\",\"contentUrl\":\"https:\/\/energizer.com\/eu\/switzerland\/wp-content\/uploads\/sites\/58\/2024\/04\/Energizer_brand.png\",\"width\":267,\"height\":100,\"caption\":\"Energizer Switzerland (FR)\"},\"image\":{\"@id\":\"https:\/\/energizer.com\/eu\/switzerland\/#\/schema\/logo\/image\/\"}}]}<\/script>\n<!-- \/ Yoast SEO plugin. -->","yoast_head_json":{"title":"Energizer Hard Case Pivot Light 2AA - Switzerland","robots":{"index":"index","follow":"follow","max-snippet":"max-snippet:-1","max-image-preview":"max-image-preview:large","max-video-preview":"max-video-preview:-1"},"canonical":"https:\/\/energizer.com\/eu\/switzerland\/product\/energizer-hard-case-pivot-light-2aa\/","og_locale":"en_US","og_type":"article","og_title":"Energizer Hard Case Pivot Light 2AA - Switzerland","og_description":"Enfin une lampe de travail professionnelle qui r\u00e9pond \u00e0 vos exigences. La t\u00eate pivotante de cette torche LED Energizer Hard Case Professional Pivot Plus fournit une luminosit\u00e9 \u00e0 la demande, quand et o\u00f9 vous en avez besoin. Sa t\u00eate pivotante \u00e0 175\u00b0 peut diriger jusqu'\u00e0 300 lumens brillants de lumi\u00e8re nette et uniforme, \u00e9clairant des objets jusqu'\u00e0 30 m\u00e8tres de distance. Vous avez les mains libres gr\u00e2ce \u00e0 sa base magn\u00e9tique et \u00e0 sa dragonne int\u00e9gr\u00e9e. Con\u00e7ue avec un moule ext\u00e9rieur en caoutchouc robuste, cette lampe de poche r\u00e9sistante peut \u00eatre mise \u00e0 rude \u00e9preuve. Elle a \u00e9t\u00e9 test\u00e9e pour r\u00e9sister \u00e0 des chutes allant jusqu'\u00e0 7 m\u00e8tres de haut et \u00e0 toutes les conditions m\u00e9t\u00e9orologiques, gr\u00e2ce \u00e0 son indice de r\u00e9sistance aux intemp\u00e9ries IPX4.","og_url":"https:\/\/energizer.com\/eu\/switzerland\/product\/energizer-hard-case-pivot-light-2aa\/","og_site_name":"Switzerland","article_modified_time":"2024-08-27T06:33:18+00:00","twitter_card":"summary_large_image","schema":{"@context":"https:\/\/schema.org","@graph":[{"@type":"WebPage","@id":"https:\/\/energizer.com\/eu\/switzerland\/product\/energizer-hard-case-pivot-light-2aa\/","url":"https:\/\/energizer.com\/eu\/switzerland\/product\/energizer-hard-case-pivot-light-2aa\/","name":"Energizer Hard Case Pivot Light 2AA - Switzerland","isPartOf":{"@id":"https:\/\/energizer.com\/eu\/switzerland\/#website"},"datePublished":"2024-06-03T05:16:50+00:00","dateModified":"2024-08-27T06:33:18+00:00","breadcrumb":{"@id":"https:\/\/energizer.com\/eu\/switzerland\/product\/energizer-hard-case-pivot-light-2aa\/#breadcrumb"},"inLanguage":"en-US","potentialAction":[{"@type":"ReadAction","target":["https:\/\/energizer.com\/eu\/switzerland\/product\/energizer-hard-case-pivot-light-2aa\/"]}]},{"@type":"BreadcrumbList","@id":"https:\/\/energizer.com\/eu\/switzerland\/product\/energizer-hard-case-pivot-light-2aa\/#breadcrumb","itemListElement":[{"@type":"ListItem","position":1,"name":"Home","item":"https:\/\/energizer.com\/eu\/switzerland\/"},{"@type":"ListItem","position":2,"name":"Energizer Hard Case Pivot Light 2AA"}]},{"@type":"WebSite","@id":"https:\/\/energizer.com\/eu\/switzerland\/#website","url":"https:\/\/energizer.com\/eu\/switzerland\/","name":"Energizer Switzerland (FR)","description":"","publisher":{"@id":"https:\/\/energizer.com\/eu\/switzerland\/#organization"},"potentialAction":[{"@type":"SearchAction","target":{"@type":"EntryPoint","urlTemplate":"https:\/\/energizer.com\/eu\/switzerland\/?s={search_term_string}"},"query-input":{"@type":"PropertyValueSpecification","valueRequired":true,"valueName":"search_term_string"}}],"inLanguage":"en-US"},{"@type":"Organization","@id":"https:\/\/energizer.com\/eu\/switzerland\/#organization","name":"Energizer Switzerland (FR)","url":"https:\/\/energizer.com\/eu\/switzerland\/","logo":{"@type":"ImageObject","inLanguage":"en-US","@id":"https:\/\/energizer.com\/eu\/switzerland\/#\/schema\/logo\/image\/","url":"https:\/\/energizer.com\/eu\/switzerland\/wp-content\/uploads\/sites\/58\/2024\/04\/Energizer_brand.png","contentUrl":"https:\/\/energizer.com\/eu\/switzerland\/wp-content\/uploads\/sites\/58\/2024\/04\/Energizer_brand.png","width":267,"height":100,"caption":"Energizer Switzerland (FR)"},"image":{"@id":"https:\/\/energizer.com\/eu\/switzerland\/#\/schema\/logo\/image\/"}}]}},"_links":{"self":[{"href":"https:\/\/energizer.com\/eu\/switzerland\/wp-json\/wp\/v2\/product\/7517","targetHints":{"allow":["GET"]}}],"collection":[{"href":"https:\/\/energizer.com\/eu\/switzerland\/wp-json\/wp\/v2\/product"}],"about":[{"href":"https:\/\/energizer.com\/eu\/switzerland\/wp-json\/wp\/v2\/types\/product"}],"replies":[{"embeddable":true,"href":"https:\/\/energizer.com\/eu\/switzerland\/wp-json\/wp\/v2\/comments?post=7517"}],"version-history":[{"count":4,"href":"https:\/\/energizer.com\/eu\/switzerland\/wp-json\/wp\/v2\/product\/7517\/revisions"}],"predecessor-version":[{"id":9674,"href":"https:\/\/energizer.com\/eu\/switzerland\/wp-json\/wp\/v2\/product\/7517\/revisions\/9674"}],"wp:attachment":[{"href":"https:\/\/energizer.com\/eu\/switzerland\/wp-json\/wp\/v2\/media?parent=7517"}],"wp:term":[{"taxonomy":"product_brand","embeddable":true,"href":"https:\/\/energizer.com\/eu\/switzerland\/wp-json\/wp\/v2\/product_brand?post=7517"},{"taxonomy":"product_cat","embeddable":true,"href":"https:\/\/energizer.com\/eu\/switzerland\/wp-json\/wp\/v2\/product_cat?post=7517"},{"taxonomy":"product_tag","embeddable":true,"href":"https:\/\/energizer.com\/eu\/switzerland\/wp-json\/wp\/v2\/product_tag?post=7517"}],"curies":[{"name":"wp","href":"https:\/\/api.w.org\/{rel}","templated":true}]}}